Last updated on 2014-10-10 15:49:20.
Flavor | Version | Tinstall | Tcheck | Ttotal | Status | Flags |
---|---|---|---|---|---|---|
r-devel-linux-x86_64-debian-clang | 0.4.2 | 2.65 | 44.48 | 47.13 | NOTE | |
r-devel-linux-x86_64-debian-gcc | 0.4.2 | 2.58 | 44.58 | 47.16 | NOTE | |
r-devel-linux-x86_64-fedora-clang | 0.4.2 | 102.02 | NOTE | |||
r-devel-linux-x86_64-fedora-gcc | 0.4.2 | 93.73 | NOTE | |||
r-devel-osx-x86_64-clang | 0.4.2 | 81.55 | NOTE | |||
r-devel-windows-ix86+x86_64 | 0.4.2 | 10.00 | 67.00 | 77.00 | NOTE | |
r-patched-linux-x86_64 | 0.4.2 | 2.72 | 45.95 | 48.67 | NOTE | |
r-patched-solaris-sparc | 0.4.2 | 541.70 | NOTE | |||
r-patched-solaris-x86 | 0.4.2 | 123.50 | NOTE | |||
r-release-linux-ix86 | 0.4.2 | 3.36 | 57.16 | 60.52 | NOTE | |
r-release-linux-x86_64 | 0.4.2 | 2.73 | 46.42 | 49.15 | NOTE | |
r-release-osx-x86_64-mavericks | 0.4.2 | NOTE | ||||
r-release-osx-x86_64-snowleopard | 0.4.2 | NOTE | ||||
r-release-windows-ix86+x86_64 | 0.4.2 | 10.00 | 77.00 | 87.00 | NOTE | |
r-oldrel-windows-ix86+x86_64 | 0.4.2 | 11.00 | 75.00 | 86.00 | NOTE |
Version: 0.4.2
Check: foreign function calls
Result: NOTE
Foreign function call to a different package:
.Call("coxfit6", ..., PACKAGE = "survival")
See the chapter ‘System and foreign language interfaces’ of the
‘Writing R Extensions’ manual.
Flavors: r-devel-linux-x86_64-debian-clang, r-devel-linux-x86_64-debian-gcc, r-devel-linux-x86_64-fedora-clang, r-devel-linux-x86_64-fedora-gcc, r-devel-osx-x86_64-clang, r-devel-windows-ix86+x86_64, r-patched-linux-x86_64, r-patched-solaris-sparc, r-patched-solaris-x86, r-release-linux-ix86, r-release-linux-x86_64, r-release-osx-x86_64-mavericks, r-release-osx-x86_64-snowleopard, r-release-windows-ix86+x86_64, r-oldrel-windows-ix86+x86_64
Version: 0.4.2
Check: R code for possible problems
Result: NOTE
.getTne: no visible binding for global variable ‘ns’
Flavors: r-devel-linux-x86_64-debian-clang, r-devel-linux-x86_64-debian-gcc, r-devel-linux-x86_64-fedora-clang, r-devel-linux-x86_64-fedora-gcc, r-devel-osx-x86_64-clang, r-devel-windows-ix86+x86_64