CRAN Package Check Results for Package tbdiag

Last updated on 2014-10-10 15:49:21.

Flavor Version Tinstall Tcheck Ttotal Status Flags
r-devel-linux-x86_64-debian-clang 0.1 0.67 10.36 11.02 NOTE
r-devel-linux-x86_64-debian-gcc 0.1 0.64 9.96 10.60 NOTE
r-devel-linux-x86_64-fedora-clang 0.1 21.25 NOTE
r-devel-linux-x86_64-fedora-gcc 0.1 18.98 NOTE
r-devel-osx-x86_64-clang 0.1 24.07 NOTE
r-devel-windows-ix86+x86_64 0.1 3.00 19.00 22.00 OK
r-patched-linux-x86_64 0.1 0.67 10.82 11.48 NOTE
r-patched-solaris-sparc 0.1 118.80 NOTE
r-patched-solaris-x86 0.1 33.90 NOTE
r-release-linux-ix86 0.1 0.92 16.10 17.02 NOTE
r-release-linux-x86_64 0.1 0.66 9.76 10.42 NOTE
r-release-osx-x86_64-mavericks 0.1 NOTE
r-release-windows-ix86+x86_64 0.1 2.00 16.00 18.00 OK
r-oldrel-windows-ix86+x86_64 0.1 3.00 16.00 19.00 OK

Check Details

Version: 0.1
Check: DESCRIPTION meta-information
Result: NOTE
    License components which are templates and need '+ file LICENSE':
     MIT
Flavors: r-devel-linux-x86_64-debian-clang, r-devel-linux-x86_64-debian-gcc, r-devel-linux-x86_64-fedora-clang, r-devel-linux-x86_64-fedora-gcc, r-devel-osx-x86_64-clang, r-patched-linux-x86_64, r-patched-solaris-sparc, r-patched-solaris-x86, r-release-linux-ix86, r-release-linux-x86_64, r-release-osx-x86_64-mavericks