Last updated on 2014-10-10 15:49:21.
Flavor | Version | Tinstall | Tcheck | Ttotal | Status | Flags |
---|---|---|---|---|---|---|
r-devel-linux-x86_64-debian-clang | 0.9.1 | 1.73 | 17.69 | 19.42 | OK | |
r-devel-linux-x86_64-debian-gcc | 0.9.1 | 1.79 | 17.42 | 19.22 | OK | |
r-devel-linux-x86_64-fedora-clang | 0.9.1 | 40.39 | OK | |||
r-devel-linux-x86_64-fedora-gcc | 0.9.1 | 37.19 | OK | |||
r-devel-osx-x86_64-clang | 0.9.1 | 36.55 | OK | |||
r-devel-windows-ix86+x86_64 | 0.9.1 | 6.00 | 33.00 | 39.00 | OK | |
r-patched-linux-x86_64 | 0.9.1 | 1.70 | 18.07 | 19.77 | OK | |
r-patched-solaris-sparc | 0.9.1 | 204.10 | OK | |||
r-patched-solaris-x86 | 0.9.1 | 56.70 | OK | |||
r-release-linux-ix86 | 0.9.1 | 2.30 | 25.18 | 27.47 | OK | |
r-release-linux-x86_64 | 0.9.1 | 1.72 | 18.78 | 20.50 | OK | |
r-release-osx-x86_64-mavericks | 0.9.1 | OK | ||||
r-release-osx-x86_64-snowleopard | 0.9.1 | OK | ||||
r-release-windows-ix86+x86_64 | 0.9.1 | 6.00 | 33.00 | 39.00 | OK | |
r-oldrel-windows-ix86+x86_64 | 0.9 | 7.00 | 24.00 | 31.00 | ERROR |
Version: 0.9
Check: running examples for arch 'i386'
Result: ERROR
Running examples in 'testthat-Ex.R' failed
The error most likely occurred in:
> ### Name: with_mock
> ### Title: Mock functions in a package.
> ### Aliases: with_mock
>
> ### ** Examples
>
> with_mock(
+ all.equal = function(x, y, ...) TRUE,
+ expect_equal(2 * 3, 4),
+ .env = "base"
+ )
Error: 2 * 3 not equal to 4
Mean relative difference: 0.5
Execution halted
Flavor: r-oldrel-windows-ix86+x86_64
Version: 0.9
Check: running examples for arch 'x64'
Result: ERROR
Running examples in 'testthat-Ex.R' failed
The error most likely occurred in:
> ### Name: with_mock
> ### Title: Mock functions in a package.
> ### Aliases: with_mock
>
> ### ** Examples
>
> with_mock(
+ all.equal = function(x, y, ...) TRUE,
+ expect_equal(2 * 3, 4),
+ .env = "base"
+ )
Error: 2 * 3 not equal to 4
Mean relative difference: 0.5
Execution halted
Flavor: r-oldrel-windows-ix86+x86_64