Last updated on 2014-10-10 15:49:22.
Flavor | Version | Tinstall | Tcheck | Ttotal | Status | Flags |
---|---|---|---|---|---|---|
r-devel-linux-x86_64-debian-clang | 0.1-5 | 1.20 | 9.32 | 10.52 | OK | |
r-devel-linux-x86_64-debian-gcc | 0.1-5 | 1.46 | 8.79 | 10.25 | OK | |
r-devel-linux-x86_64-fedora-clang | 0.1-5 | 20.03 | OK | |||
r-devel-linux-x86_64-fedora-gcc | 0.1-5 | 18.28 | OK | |||
r-devel-osx-x86_64-clang | 0.1-5 | 22.87 | OK | |||
r-devel-windows-ix86+x86_64 | 0.1-5 | 11.00 | 20.00 | 31.00 | OK | |
r-patched-linux-x86_64 | 0.1-5 | 1.44 | 8.74 | 10.18 | OK | |
r-patched-solaris-sparc | 0.1-5 | 111.70 | OK | |||
r-patched-solaris-x86 | 0.1-5 | 30.00 | OK | |||
r-release-linux-ix86 | 0.1-5 | 1.96 | 14.12 | 16.08 | OK | |
r-release-linux-x86_64 | 0.1-5 | 1.44 | 8.69 | 10.14 | OK | |
r-release-osx-x86_64-mavericks | 0.1-5 | ERROR | ||||
r-release-windows-ix86+x86_64 | 0.1-5 | 15.00 | 26.00 | 41.00 | OK | |
r-oldrel-windows-ix86+x86_64 | 0.1-5 | 14.00 | 23.00 | 37.00 | OK |
Version: 0.1-5
Check: whether package can be installed
Result: ERROR
Installation failed.
Flavor: r-release-osx-x86_64-mavericks