CRAN Package Check Results for Package tightClust

Last updated on 2014-10-10 15:49:22.

Flavor Version Tinstall Tcheck Ttotal Status Flags
r-devel-linux-x86_64-debian-clang 1.0 0.62 17.44 18.06 NOTE
r-devel-linux-x86_64-debian-gcc 1.0 0.66 16.90 17.56 NOTE
r-devel-linux-x86_64-fedora-clang 1.0 37.60 NOTE
r-devel-linux-x86_64-fedora-gcc 1.0 35.01 NOTE
r-devel-osx-x86_64-clang 1.0 37.50 OK
r-devel-windows-ix86+x86_64 1.0 3.00 32.00 35.00 OK
r-patched-linux-x86_64 1.0 0.62 17.47 18.09 NOTE
r-patched-solaris-sparc 1.0 229.40 OK
r-patched-solaris-x86 1.0 54.00 OK
r-release-linux-ix86 1.0 0.88 27.21 28.09 OK
r-release-linux-x86_64 1.0 0.63 17.44 18.07 NOTE
r-release-osx-x86_64-mavericks 1.0 OK
r-release-windows-ix86+x86_64 1.0 3.00 39.00 42.00 OK
r-oldrel-windows-ix86+x86_64 1.0 2.00 30.00 32.00 OK

Check Details

Version: 1.0
Check: Rd line widths
Result: NOTE
    Rd file 'tight.clust.Rd':
     \usage lines wider than 90 characters:
     tight.clust(x, target, k.min, alpha = 0.1, beta = 0.6, top.can = 7, seq.num = 2, resamp.num = 10, samp.p = 0.7, nstart = 1, remain.p = ... [TRUNCATED]
    
    These lines will be truncated in the PDF manual.
Flavors: r-devel-linux-x86_64-debian-clang, r-devel-linux-x86_64-debian-gcc, r-devel-linux-x86_64-fedora-clang, r-devel-linux-x86_64-fedora-gcc, r-patched-linux-x86_64, r-release-linux-x86_64