Last updated on 2014-10-10 15:49:22.
Flavor | Version | Tinstall | Tcheck | Ttotal | Status | Flags |
---|---|---|---|---|---|---|
r-devel-linux-x86_64-debian-clang | 0.9 | 1.33 | 19.96 | 21.30 | NOTE | |
r-devel-linux-x86_64-debian-gcc | 0.9 | 1.38 | 19.75 | 21.13 | NOTE | |
r-devel-linux-x86_64-fedora-clang | 0.9 | 43.64 | NOTE | |||
r-devel-linux-x86_64-fedora-gcc | 0.9 | 40.78 | NOTE | |||
r-devel-osx-x86_64-clang | 0.9 | 39.49 | NOTE | |||
r-devel-windows-ix86+x86_64 | 0.9 | 7.00 | 34.00 | 41.00 | NOTE | |
r-patched-linux-x86_64 | 0.9 | 1.42 | 19.78 | 21.20 | NOTE | |
r-patched-solaris-sparc | 0.9 | 257.20 | NOTE | |||
r-patched-solaris-x86 | 0.9 | 61.10 | NOTE | |||
r-release-linux-ix86 | 0.9 | 1.86 | 27.38 | 29.24 | NOTE | |
r-release-linux-x86_64 | 0.9 | 1.47 | 20.52 | 21.99 | NOTE | |
r-release-osx-x86_64-mavericks | 0.9 | NOTE | ||||
r-release-osx-x86_64-snowleopard | 0.9 | OK | ||||
r-release-windows-ix86+x86_64 | 0.9 | 6.00 | 37.00 | 43.00 | NOTE | |
r-oldrel-windows-ix86+x86_64 | 0.9 | 7.00 | 35.00 | 42.00 | NOTE |
Version: 0.9
Check: dependencies in R code
Result: NOTE
Package in Depends field not imported from: ‘ggplot2’
These packages need to be imported from (in the NAMESPACE file)
for when this namespace is loaded but not attached.
See the information on DESCRIPTION files in the chapter ‘Creating R
packages’ of the ‘Writing R Extensions’ manual.
Flavors: r-devel-linux-x86_64-debian-clang, r-devel-linux-x86_64-debian-gcc, r-devel-linux-x86_64-fedora-clang, r-devel-linux-x86_64-fedora-gcc, r-devel-osx-x86_64-clang, r-devel-windows-ix86+x86_64, r-patched-linux-x86_64, r-patched-solaris-sparc, r-patched-solaris-x86, r-release-linux-ix86, r-release-linux-x86_64, r-release-osx-x86_64-mavericks, r-release-windows-ix86+x86_64, r-oldrel-windows-ix86+x86_64
Version: 0.9
Check: R code for possible problems
Result: NOTE
timeline: no visible global function definition for ‘ggplot’
timeline: no visible global function definition for ‘geom_segment’
timeline: no visible global function definition for ‘aes_string’
timeline: no visible global function definition for ‘geom_rect’
timeline: no visible global function definition for ‘geom_text’
timeline: no visible global function definition for ‘theme’
timeline: no visible global function definition for ‘element_blank’
timeline: no visible global function definition for ‘xlab’
timeline: no visible global function definition for ‘ylab’
timeline: no visible global function definition for ‘xlim’
timeline: no visible global function definition for
‘scale_y_continuous’
timeline: no visible global function definition for ‘geom_point’
timeline: no visible global function definition for ‘scale_color_grey’
timeline: no visible global function definition for ‘geom_hline’
Flavors: r-devel-linux-x86_64-debian-clang, r-devel-linux-x86_64-debian-gcc, r-devel-linux-x86_64-fedora-clang, r-devel-linux-x86_64-fedora-gcc, r-devel-osx-x86_64-clang, r-devel-windows-ix86+x86_64