Last updated on 2014-10-10 15:49:22.
Flavor | Version | Tinstall | Tcheck | Ttotal | Status | Flags |
---|---|---|---|---|---|---|
r-devel-linux-x86_64-debian-clang | 1.1-0 | 1.50 | 22.19 | 23.69 | NOTE | |
r-devel-linux-x86_64-debian-gcc | 1.1-0 | 1.42 | 21.83 | 23.26 | NOTE | |
r-devel-linux-x86_64-fedora-clang | 1.1-0 | 48.25 | NOTE | |||
r-devel-linux-x86_64-fedora-gcc | 1.1-0 | 45.56 | NOTE | |||
r-devel-osx-x86_64-clang | 1.1-0 | 44.96 | OK | |||
r-devel-windows-ix86+x86_64 | 1.1-0 | 5.00 | 31.00 | 36.00 | OK | |
r-patched-linux-x86_64 | 1.1-0 | 1.63 | 22.28 | 23.91 | NOTE | |
r-patched-solaris-sparc | 1.1-0 | 330.80 | OK | |||
r-patched-solaris-x86 | 1.1-0 | 78.00 | OK | |||
r-release-linux-ix86 | 1.1-0 | 1.90 | 30.62 | 32.52 | OK | |
r-release-linux-x86_64 | 1.1-0 | 1.59 | 22.81 | 24.40 | NOTE | |
r-release-osx-x86_64-mavericks | 1.1-0 | OK | ||||
r-release-windows-ix86+x86_64 | 1.1-0 | 7.00 | 46.00 | 53.00 | OK | |
r-oldrel-windows-ix86+x86_64 | 1.1-0 | 5.00 | 34.00 | 39.00 | OK |
Version: 1.1-0
Check: top-level files
Result: NOTE
Non-standard file/directory found at top level:
‘src-java’
Flavors: r-devel-linux-x86_64-debian-clang, r-devel-linux-x86_64-debian-gcc, r-devel-linux-x86_64-fedora-clang, r-devel-linux-x86_64-fedora-gcc, r-patched-linux-x86_64, r-release-linux-x86_64