CRAN Package Check Results for Package wikibooks

Last updated on 2014-10-10 15:49:23.

Flavor Version Tinstall Tcheck Ttotal Status Flags
r-devel-linux-x86_64-debian-clang 0.2 0.67 16.85 17.52 NOTE
r-devel-linux-x86_64-debian-gcc 0.2 0.66 16.61 17.27 NOTE
r-devel-linux-x86_64-fedora-clang 0.2 35.00 NOTE
r-devel-linux-x86_64-fedora-gcc 0.2 32.99 NOTE
r-devel-osx-x86_64-clang 0.2 36.41 NOTE
r-devel-windows-ix86+x86_64 0.2 2.00 27.00 29.00 NOTE
r-patched-linux-x86_64 0.2 0.72 17.48 18.19 NOTE
r-patched-solaris-sparc 0.2 227.40 NOTE
r-patched-solaris-x86 0.2 49.90 NOTE
r-release-linux-ix86 0.2 0.94 34.06 35.00 NOTE
r-release-linux-x86_64 0.2 0.64 18.19 18.84 NOTE
r-release-osx-x86_64-mavericks 0.2 NOTE
r-release-windows-ix86+x86_64 0.2 3.00 37.00 40.00 NOTE
r-oldrel-windows-ix86+x86_64 0.2 3.00 26.00 29.00 NOTE

Check Details

Version: 0.2
Check: R code for possible problems
Result: NOTE
    Bundesliga.Mannschaft: no visible binding for global variable
     ‘Bundesliga’
    Bundesliga.Tabelle: no visible binding for global variable ‘Bundesliga’
    Bundesliga.XML: no visible binding for global variable ‘Bundesliga’
    
    Found the following calls to data() loading into the global environment:
    File ‘wikibooks/R/Bundesliga.Mannschaft.R’:
     data(Bundesliga)
    File ‘wikibooks/R/Bundesliga.Tabelle.R’:
     data(Bundesliga)
    File ‘wikibooks/R/Bundesliga.XML.R’:
     data(Bundesliga)
    See section ‘Good practice’ in ‘?data’.
Flavors: r-devel-linux-x86_64-debian-clang, r-devel-linux-x86_64-debian-gcc, r-devel-linux-x86_64-fedora-clang, r-devel-osx-x86_64-clang, r-patched-linux-x86_64, r-release-linux-ix86, r-release-linux-x86_64

Version: 0.2
Check: R code for possible problems
Result: NOTE
    Bundesliga.Mannschaft: no visible binding for global variable
     ‘Bundesliga’
    Bundesliga.Tabelle: no visible binding for global variable ‘Bundesliga’
    Bundesliga.XML: no visible binding for global variable ‘Bundesliga’
Flavors: r-devel-linux-x86_64-fedora-gcc, r-devel-windows-ix86+x86_64, r-patched-solaris-sparc, r-patched-solaris-x86, r-release-osx-x86_64-mavericks, r-release-windows-ix86+x86_64, r-oldrel-windows-ix86+x86_64