Last updated on 2014-10-10 15:49:23.
Flavor | Version | Tinstall | Tcheck | Ttotal | Status | Flags |
---|---|---|---|---|---|---|
r-devel-linux-x86_64-debian-clang | 2.0-0 | 2.34 | 41.18 | 43.51 | OK | |
r-devel-linux-x86_64-debian-gcc | 2.0-0 | 2.30 | 39.92 | 42.22 | OK | |
r-devel-linux-x86_64-fedora-clang | 2.0-0 | 85.99 | OK | |||
r-devel-linux-x86_64-fedora-gcc | 2.0-0 | 81.90 | OK | |||
r-devel-osx-x86_64-clang | 2.0-0 | 78.86 | OK | |||
r-devel-windows-ix86+x86_64 | 2.0-0 | 8.00 | 57.00 | 65.00 | OK | |
r-patched-linux-x86_64 | 2.0-0 | 2.45 | 41.52 | 43.96 | OK | |
r-patched-solaris-sparc | 2.0-0 | 529.10 | OK | |||
r-patched-solaris-x86 | 2.0-0 | 108.30 | OK | |||
r-release-linux-ix86 | 2.0-0 | 3.14 | 51.46 | 54.59 | OK | |
r-release-linux-x86_64 | 2.0-0 | 2.51 | 42.16 | 44.67 | OK | |
r-release-osx-x86_64-mavericks | 2.0-0 | OK | ||||
r-release-osx-x86_64-snowleopard | 2.0-0 | ERROR | ||||
r-release-windows-ix86+x86_64 | 2.0-0 | 7.00 | 62.00 | 69.00 | OK | |
r-oldrel-windows-ix86+x86_64 | 2.0-0 | 7.00 | 61.00 | 68.00 | OK |
Version: 2.0-0
Check: whether package can be installed
Result: ERROR
Installation failed.
Flavor: r-release-osx-x86_64-snowleopard