Last updated on 2014-11-24 23:46:59.
Flavor | Version | Tinstall | Tcheck | Ttotal | Status | Flags |
---|---|---|---|---|---|---|
r-devel-linux-x86_64-debian-clang | 0.1-0 | 2.52 | 41.97 | 44.49 | OK | |
r-devel-linux-x86_64-debian-gcc | 0.1-0 | 2.38 | 37.94 | 40.32 | OK | |
r-devel-linux-x86_64-fedora-clang | 0.1-0 | 83.44 | OK | |||
r-devel-linux-x86_64-fedora-gcc | 0.1-0 | 76.32 | OK | |||
r-devel-osx-x86_64-clang | 0.1-0 | 72.53 | OK | |||
r-devel-windows-ix86+x86_64 | 0.1-0 | 10.00 | 56.00 | 66.00 | OK | |
r-patched-linux-x86_64 | 0.1-0 | 2.32 | 39.11 | 41.42 | OK | |
r-patched-solaris-sparc | 0.1-0 | 401.60 | OK | |||
r-patched-solaris-x86 | 0.1-0 | 108.80 | OK | |||
r-release-linux-ix86 | 0.1-0 | 2.91 | 45.50 | 48.41 | OK | |
r-release-linux-x86_64 | 0.1-0 | 2.32 | 38.64 | 40.96 | OK | |
r-release-osx-x86_64-mavericks | 0.1-0 | ERROR | ||||
r-release-osx-x86_64-snowleopard | 0.1-0 | OK | ||||
r-release-windows-ix86+x86_64 | 0.1-0 | 10.00 | 64.00 | 74.00 | OK | |
r-oldrel-windows-ix86+x86_64 | 0.1-0 | 10.00 | 63.00 | 73.00 | OK |
Version: 0.1-0
Check: package dependencies
Result: ERROR
Package required but not available: ‘aws’
See the information on DESCRIPTION files in the chapter ‘Creating R
packages’ of the ‘Writing R Extensions’ manual.
Flavor: r-release-osx-x86_64-mavericks