CRAN Package Check Results for Package BoomSpikeSlab

Last updated on 2014-11-24 23:46:59.

Flavor Version Tinstall Tcheck Ttotal Status Flags
r-devel-linux-x86_64-debian-clang 0.4.1 5.35 18.88 24.23 NOTE
r-devel-linux-x86_64-debian-gcc 0.4.1 6.52 19.54 26.05 NOTE
r-devel-linux-x86_64-fedora-clang 0.4.1 55.78 NOTE
r-devel-linux-x86_64-fedora-gcc 0.4.1 51.75 NOTE
r-devel-osx-x86_64-clang 0.4.1 47.83 OK
r-devel-windows-ix86+x86_64 0.4.1 22.00 70.00 92.00 NOTE
r-patched-linux-x86_64 0.4.1 6.68 19.22 25.90 NOTE
r-release-linux-ix86 0.4.1 10.76 27.57 38.33 NOTE
r-release-linux-x86_64 0.4.1 6.59 18.94 25.53 NOTE
r-release-osx-x86_64-mavericks 0.4.1 NOTE
r-release-osx-x86_64-snowleopard 0.4.1 NOTE
r-release-windows-ix86+x86_64 0.4.1 25.00 75.00 100.00 NOTE
r-oldrel-windows-ix86+x86_64 0.4.1 24.00 84.00 108.00 NOTE

Check Details

Version: 0.4.1
Check: installed package size
Result: NOTE
     installed size is 18.8Mb
     sub-directories of 1Mb or more:
     libs 18.6Mb
Flavors: r-devel-linux-x86_64-debian-clang, r-devel-linux-x86_64-debian-gcc, r-devel-linux-x86_64-fedora-clang, r-devel-linux-x86_64-fedora-gcc, r-devel-windows-ix86+x86_64, r-patched-linux-x86_64, r-release-linux-ix86, r-release-linux-x86_64, r-release-osx-x86_64-mavericks, r-release-osx-x86_64-snowleopard, r-release-windows-ix86+x86_64, r-oldrel-windows-ix86+x86_64