Last updated on 2014-11-24 23:46:59.
Flavor | Version | Tinstall | Tcheck | Ttotal | Status | Flags |
---|---|---|---|---|---|---|
r-devel-linux-x86_64-debian-clang | 0.11 | 0.95 | 15.80 | 16.75 | OK | |
r-devel-linux-x86_64-debian-gcc | 0.11 | 0.89 | 15.75 | 16.64 | OK | |
r-devel-linux-x86_64-fedora-clang | 0.11 | 39.90 | OK | |||
r-devel-linux-x86_64-fedora-gcc | 0.11 | 34.49 | OK | |||
r-devel-osx-x86_64-clang | 0.11 | 38.57 | OK | |||
r-devel-windows-ix86+x86_64 | 0.11 | 6.00 | 31.00 | 37.00 | OK | |
r-patched-linux-x86_64 | 0.11 | 0.95 | 16.34 | 17.29 | OK | |
r-patched-solaris-sparc | 0.11 | 225.20 | OK | |||
r-patched-solaris-x86 | 0.11 | 47.90 | OK | |||
r-release-linux-ix86 | 0.11 | 1.30 | 23.86 | 25.16 | OK | |
r-release-linux-x86_64 | 0.11 | 0.95 | 16.32 | 17.27 | OK | |
r-release-osx-x86_64-mavericks | 0.11 | NOTE | ||||
r-release-osx-x86_64-snowleopard | 0.11 | NOTE | ||||
r-release-windows-ix86+x86_64 | 0.11 | 6.00 | 32.00 | 38.00 | OK | |
r-oldrel-windows-ix86+x86_64 | 0.11 | 5.00 | 31.00 | 36.00 | OK |
Version: 0.11
Check: re-building of vignette outputs
Result: NOTE
Error in re-building vignettes:
...
Error: processing vignette 'BrailleRManual.rmd' failed with diagnostics:
pandoc version 1.12.3 or higher is required and was not found.
Execution halted
Flavors: r-release-osx-x86_64-mavericks, r-release-osx-x86_64-snowleopard