Last updated on 2014-11-24 23:47:01.
Flavor | Version | Tinstall | Tcheck | Ttotal | Status | Flags |
---|---|---|---|---|---|---|
r-devel-linux-x86_64-debian-clang | 1.0.3 | 48.43 | 49.23 | 97.66 | OK | |
r-devel-linux-x86_64-debian-gcc | 1.0.3 | 53.04 | 47.65 | 100.69 | OK | |
r-devel-linux-x86_64-fedora-clang | 1.0.3 | 223.78 | OK | |||
r-devel-linux-x86_64-fedora-gcc | 1.0.3 | 196.90 | NOTE | |||
r-devel-osx-x86_64-clang | 1.0.3 | 158.12 | OK | |||
r-devel-windows-ix86+x86_64 | 1.0.3 | 141.00 | 113.00 | 254.00 | OK | |
r-patched-linux-x86_64 | 1.0.3 | 56.35 | 47.40 | 103.75 | OK | |
r-patched-solaris-sparc | 1.0.3 | 1201.80 | NOTE | |||
r-patched-solaris-x86 | 1.0.3 | 314.10 | NOTE | |||
r-release-linux-ix86 | 1.0.3 | 65.78 | 56.13 | 121.91 | OK | |
r-release-linux-x86_64 | 1.0.3 | 54.85 | 49.42 | 104.27 | OK | |
r-release-osx-x86_64-mavericks | 1.0.3 | OK | ||||
r-release-osx-x86_64-snowleopard | 1.0.3 | OK | ||||
r-release-windows-ix86+x86_64 | 1.0.3 | 174.00 | 120.00 | 294.00 | OK | |
r-oldrel-windows-ix86+x86_64 | 1.0.3 | 156.00 | 118.00 | 274.00 | OK |
Version: 1.0.3
Check: installed package size
Result: NOTE
installed size is 5.5Mb
sub-directories of 1Mb or more:
libs 4.2Mb
Flavors: r-devel-linux-x86_64-fedora-gcc, r-patched-solaris-sparc, r-patched-solaris-x86