CRAN Package Check Results for Package DetMCD

Last updated on 2014-11-24 23:47:01.

Flavor Version Tinstall Tcheck Ttotal Status Flags
r-devel-linux-x86_64-debian-clang 0.0.1 12.46 16.86 29.32 NOTE
r-devel-linux-x86_64-debian-gcc 0.0.1 14.18 16.80 30.98 NOTE
r-devel-linux-x86_64-fedora-clang 0.0.1 61.32 NOTE
r-devel-linux-x86_64-fedora-gcc 0.0.1 57.45 NOTE
r-devel-osx-x86_64-clang 0.0.1 53.45 OK
r-devel-windows-ix86+x86_64 0.0.1 35.00 50.00 85.00 OK
r-patched-linux-x86_64 0.0.1 14.27 17.30 31.57 NOTE
r-patched-solaris-sparc 0.0.1 309.20 NOTE
r-patched-solaris-x86 0.0.1 87.80 NOTE
r-release-linux-ix86 0.0.1 14.90 22.40 37.29 NOTE
r-release-linux-x86_64 0.0.1 14.15 17.37 31.52 NOTE
r-release-osx-x86_64-mavericks 0.0.1 NOTE
r-release-osx-x86_64-snowleopard 0.0.1 NOTE
r-release-windows-ix86+x86_64 0.0.1 38.00 49.00 87.00 OK
r-oldrel-windows-ix86+x86_64 0.0.1 34.00 49.00 83.00 OK

Check Details

Version: 0.0.1
Check: installed package size
Result: NOTE
     installed size is 13.0Mb
     sub-directories of 1Mb or more:
     libs 12.8Mb
Flavors: r-devel-linux-x86_64-debian-clang, r-devel-linux-x86_64-debian-gcc, r-devel-linux-x86_64-fedora-clang, r-devel-linux-x86_64-fedora-gcc, r-patched-linux-x86_64, r-patched-solaris-sparc, r-patched-solaris-x86, r-release-linux-ix86, r-release-linux-x86_64, r-release-osx-x86_64-mavericks, r-release-osx-x86_64-snowleopard