CRAN Package Check Results for Package ElemStatLearn

Last updated on 2014-11-24 23:47:03.

Flavor Version Tinstall Tcheck Ttotal Status Flags
r-devel-linux-x86_64-debian-clang 2012.04-0 24.99 133.12 158.11 WARN
r-devel-linux-x86_64-debian-gcc 2012.04-0 25.28 128.80 154.08 WARN
r-devel-linux-x86_64-fedora-clang 2012.04-0 303.94 WARN
r-devel-linux-x86_64-fedora-gcc 2012.04-0 295.50 WARN
r-devel-osx-x86_64-clang 2012.04-0 238.96 WARN
r-devel-windows-ix86+x86_64 2012.04-0 42.00 169.00 211.00 WARN
r-patched-linux-x86_64 2012.04-0 25.03 132.98 158.01 WARN
r-patched-solaris-sparc 2012.04-0 1426.20 WARN
r-patched-solaris-x86 2012.04-0 297.70 WARN
r-release-linux-ix86 2012.04-0 31.64 150.44 182.09 WARN
r-release-linux-x86_64 2012.04-0 25.11 139.68 164.79 WARN
r-release-osx-x86_64-mavericks 2012.04-0 NOTE
r-release-windows-ix86+x86_64 2012.04-0 44.00 185.00 229.00 WARN
r-oldrel-windows-ix86+x86_64 2012.04-0 46.00 137.00 183.00 NOTE

Check Details

Version: 2012.04-0
Check: installed package size
Result: NOTE
     installed size is 11.7Mb
     sub-directories of 1Mb or more:
     data 11.5Mb
Flavors: r-devel-linux-x86_64-debian-clang, r-devel-linux-x86_64-debian-gcc, r-devel-linux-x86_64-fedora-clang, r-devel-linux-x86_64-fedora-gcc, r-devel-osx-x86_64-clang, r-devel-windows-ix86+x86_64, r-patched-linux-x86_64, r-patched-solaris-sparc, r-patched-solaris-x86, r-release-linux-ix86, r-release-linux-x86_64, r-release-osx-x86_64-mavericks, r-release-windows-ix86+x86_64, r-oldrel-windows-ix86+x86_64

Version: 2012.04-0
Check: for code/documentation mismatches
Result: WARN
    Data codoc mismatches from documentation object 'marketing':
    Variables in data frame 'marketing'
     Code: Age Dual_Income Edu Ethnic Home_Type Household Householdu18
     Income Language Lived Marital Occupation Sex Status
     Docs: Age Dual\_Income Edu Ethnic Home\_Type Household Householdu18
     Income Language Lived Marital Occupation Sex Status
Flavors: r-devel-linux-x86_64-debian-clang, r-devel-linux-x86_64-debian-gcc, r-devel-linux-x86_64-fedora-clang, r-devel-linux-x86_64-fedora-gcc, r-devel-osx-x86_64-clang, r-devel-windows-ix86+x86_64, r-patched-linux-x86_64, r-patched-solaris-sparc, r-patched-solaris-x86, r-release-linux-ix86, r-release-linux-x86_64, r-release-windows-ix86+x86_64