Last updated on 2014-11-24 23:47:04.
Flavor | Version | Tinstall | Tcheck | Ttotal | Status | Flags |
---|---|---|---|---|---|---|
r-devel-linux-x86_64-debian-clang | 2.2-2 | 3.64 | 67.30 | 70.94 | NOTE | |
r-devel-linux-x86_64-debian-gcc | 2.2-2 | 3.35 | 65.76 | 69.11 | NOTE | |
r-devel-linux-x86_64-fedora-clang | 2.2-2 | 148.46 | NOTE | |||
r-devel-linux-x86_64-fedora-gcc | 2.2-2 | 132.20 | NOTE | |||
r-devel-osx-x86_64-clang | 2.2-2 | 116.83 | NOTE | |||
r-devel-windows-ix86+x86_64 | 2.2-2 | 12.00 | 98.00 | 110.00 | NOTE | |
r-patched-linux-x86_64 | 2.2-2 | 3.53 | 67.48 | 71.02 | NOTE | |
r-patched-solaris-sparc | 2.2-2 | 742.10 | NOTE | |||
r-patched-solaris-x86 | 2.2-2 | 155.10 | NOTE | |||
r-release-linux-ix86 | 2.2-2 | 4.57 | 77.66 | 82.23 | NOTE | |
r-release-linux-x86_64 | 2.2-2 | 3.40 | 68.96 | 72.36 | NOTE | |
r-release-osx-x86_64-mavericks | 2.2-2 | NOTE | ||||
r-release-osx-x86_64-snowleopard | 2.2-2 | OK | ||||
r-release-windows-ix86+x86_64 | 2.2-2 | 13.00 | 110.00 | 123.00 | NOTE | |
r-oldrel-windows-ix86+x86_64 | 2.2-2 | 10.00 | 109.00 | 119.00 | OK |
Version: 2.2-2
Check: R code for possible problems
Result: NOTE
GLOBE.ORTH: no visible binding for global variable ‘coastmap’
Flavors: r-devel-linux-x86_64-debian-clang, r-devel-linux-x86_64-debian-gcc, r-devel-linux-x86_64-fedora-clang, r-devel-linux-x86_64-fedora-gcc, r-devel-osx-x86_64-clang, r-devel-windows-ix86+x86_64, r-patched-linux-x86_64, r-patched-solaris-sparc, r-patched-solaris-x86, r-release-linux-ix86, r-release-linux-x86_64, r-release-windows-ix86+x86_64
Version: 2.2-2
Check: package dependencies
Result: NOTE
Package suggested but not available for checking: ‘RFOC’
Flavor: r-release-osx-x86_64-mavericks