CRAN Package Check Results for Package GEVStableGarch

Last updated on 2014-11-24 23:47:05.

Flavor Version Tinstall Tcheck Ttotal Status Flags
r-devel-linux-x86_64-debian-clang 1.0 2.96 41.01 43.98 NOTE
r-devel-linux-x86_64-debian-gcc 1.0 2.82 42.10 44.91 NOTE
r-devel-linux-x86_64-fedora-clang 1.0 105.09 NOTE
r-devel-linux-x86_64-fedora-gcc 1.0 92.59 NOTE
r-devel-osx-x86_64-clang 1.0 85.67 NOTE
r-devel-windows-ix86+x86_64 1.0 9.00 60.00 69.00 NOTE
r-patched-linux-x86_64 1.0 3.02 43.44 46.46 NOTE
r-patched-solaris-sparc 1.0 543.50 NOTE
r-patched-solaris-x86 1.0 118.40 NOTE
r-release-linux-ix86 1.0 3.76 50.79 54.55 NOTE
r-release-linux-x86_64 1.0 3.02 42.61 45.64 NOTE
r-release-osx-x86_64-mavericks 1.0 NOTE
r-release-osx-x86_64-snowleopard 1.0 NOTE
r-release-windows-ix86+x86_64 1.0 10.00 66.00 76.00 NOTE
r-oldrel-windows-ix86+x86_64 1.0 10.00 68.00 78.00 NOTE

Check Details

Version: 1.0
Check: package dependencies
Result: NOTE
    Package which this enhances but not available for checking: ‘stable’
Flavors: r-devel-linux-x86_64-debian-clang, r-devel-linux-x86_64-debian-gcc, r-devel-linux-x86_64-fedora-clang, r-devel-linux-x86_64-fedora-gcc, r-devel-osx-x86_64-clang, r-devel-windows-ix86+x86_64, r-patched-linux-x86_64, r-patched-solaris-sparc, r-patched-solaris-x86, r-release-linux-ix86, r-release-linux-x86_64, r-release-osx-x86_64-mavericks, r-release-osx-x86_64-snowleopard, r-release-windows-ix86+x86_64, r-oldrel-windows-ix86+x86_64

Version: 1.0
Check: R code for possible problems
Result: NOTE
    .onAttach: no visible binding for '<<-' assignment to ‘GSgarch.dstable’
    GSgarch.Dist: no visible global function definition for
     ‘GSgarch.dstable’
Flavors: r-devel-linux-x86_64-debian-clang, r-devel-linux-x86_64-debian-gcc, r-devel-linux-x86_64-fedora-clang, r-devel-linux-x86_64-fedora-gcc, r-devel-osx-x86_64-clang, r-devel-windows-ix86+x86_64, r-patched-linux-x86_64, r-patched-solaris-sparc, r-patched-solaris-x86, r-release-linux-ix86, r-release-linux-x86_64, r-release-windows-ix86+x86_64