Last updated on 2014-11-24 23:47:05.
Flavor | Version | Tinstall | Tcheck | Ttotal | Status | Flags |
---|---|---|---|---|---|---|
r-devel-linux-x86_64-debian-clang | 0.6.7 | 2.13 | 38.16 | 40.28 | NOTE | |
r-devel-linux-x86_64-debian-gcc | 0.6.7 | 2.18 | 37.16 | 39.34 | NOTE | |
r-devel-linux-x86_64-fedora-clang | 0.6.7 | 92.66 | NOTE | |||
r-devel-linux-x86_64-fedora-gcc | 0.6.7 | 81.29 | NOTE | |||
r-devel-osx-x86_64-clang | 0.6.7 | 76.48 | NOTE | |||
r-devel-windows-ix86+x86_64 | 0.6.7 | 9.00 | 62.00 | 71.00 | NOTE | |
r-patched-linux-x86_64 | 0.6.7 | 2.38 | 39.67 | 42.05 | NOTE | |
r-patched-solaris-sparc | 0.6.7 | 466.80 | NOTE | |||
r-patched-solaris-x86 | 0.6.7 | 104.20 | NOTE | |||
r-release-linux-ix86 | 0.6.7 | 2.76 | 47.34 | 50.10 | NOTE | |
r-release-linux-x86_64 | 0.6.7 | 2.57 | 39.92 | 42.49 | NOTE | |
r-release-osx-x86_64-mavericks | 0.6.7 | OK | ||||
r-release-osx-x86_64-snowleopard | 0.6.7 | OK | ||||
r-release-windows-ix86+x86_64 | 0.6.7 | 9.00 | 66.00 | 75.00 | NOTE | |
r-oldrel-windows-ix86+x86_64 | 0.6.7 | 8.00 | 65.00 | 73.00 | OK |
Version: 0.6.7
Check: R code for possible problems
Result: NOTE
getDescriptionStatsBy: no visible global function definition for
‘label<-’
Flavors: r-devel-linux-x86_64-debian-clang, r-devel-linux-x86_64-debian-gcc, r-devel-linux-x86_64-fedora-clang, r-devel-linux-x86_64-fedora-gcc, r-devel-osx-x86_64-clang, r-devel-windows-ix86+x86_64, r-patched-linux-x86_64, r-patched-solaris-sparc, r-patched-solaris-x86, r-release-linux-ix86, r-release-linux-x86_64, r-release-windows-ix86+x86_64