Last updated on 2014-11-24 23:47:07.
Flavor | Version | Tinstall | Tcheck | Ttotal | Status | Flags |
---|---|---|---|---|---|---|
r-devel-linux-x86_64-debian-clang | 0.0-1 | 0.67 | 89.46 | 90.14 | NOTE | |
r-devel-linux-x86_64-debian-gcc | 0.0-1 | 0.64 | 100.96 | 101.60 | NOTE | |
r-devel-linux-x86_64-fedora-clang | 0.0-1 | 183.83 | NOTE | |||
r-devel-linux-x86_64-fedora-gcc | 0.0-1 | 175.91 | NOTE | |||
r-devel-osx-x86_64-clang | 0.0-1 | 148.06 | NOTE | |||
r-devel-windows-ix86+x86_64 | 0.0-1 | 2.00 | 138.00 | 140.00 | NOTE | |
r-patched-linux-x86_64 | 0.0-1 | 0.62 | 92.20 | 92.82 | NOTE | |
r-patched-solaris-sparc | 0.0-1 | 1377.80 | NOTE | |||
r-patched-solaris-x86 | 0.0-1 | 243.20 | NOTE | |||
r-release-linux-ix86 | 0.0-1 | 0.96 | 135.08 | 136.04 | NOTE | |
r-release-linux-x86_64 | 0.0-1 | 0.62 | 91.73 | 92.35 | NOTE | |
r-release-osx-x86_64-mavericks | 0.0-1 | OK | ||||
r-release-osx-x86_64-snowleopard | 0.0-1 | WARN | ||||
r-release-windows-ix86+x86_64 | 0.0-1 | 2.00 | 139.00 | 141.00 | NOTE | |
r-oldrel-windows-ix86+x86_64 | 0.0-1 | 2.00 | 134.00 | 136.00 | OK |
Version: 0.0-1
Check: R code for possible problems
Result: NOTE
VARselect: no visible global function definition for ‘enet’
VARselect: no visible global function definition for ‘lm.ridge’
VARselect: no visible global function definition for ‘randomForest’
VARselect: no visible global function definition for ‘plsr’
VARselect: no visible global function definition for ‘combinations’
simulData: no visible global function definition for ‘rmvnorm’
tuneLasso: no visible global function definition for ‘enet’
tuneLasso: no visible global function definition for ‘cv.enet’
Flavors: r-devel-linux-x86_64-debian-clang, r-devel-linux-x86_64-debian-gcc, r-devel-linux-x86_64-fedora-clang, r-devel-linux-x86_64-fedora-gcc, r-devel-osx-x86_64-clang, r-devel-windows-ix86+x86_64, r-patched-linux-x86_64, r-patched-solaris-sparc, r-patched-solaris-x86, r-release-linux-ix86, r-release-linux-x86_64, r-release-windows-ix86+x86_64
Version: 0.0-1
Check: examples
Result: WARN
checking a package with encoding 'latin1' in an ASCII locale
OK
Flavor: r-release-osx-x86_64-snowleopard