Last updated on 2014-11-24 23:47:07.
Flavor | Version | Tinstall | Tcheck | Ttotal | Status | Flags |
---|---|---|---|---|---|---|
r-devel-linux-x86_64-debian-clang | 2.5 | 4.75 | 59.30 | 64.05 | NOTE | |
r-devel-linux-x86_64-debian-gcc | 2.5 | 4.38 | 56.05 | 60.43 | NOTE | |
r-devel-linux-x86_64-fedora-clang | 2.5 | 150.27 | NOTE | |||
r-devel-linux-x86_64-fedora-gcc | 2.5 | 139.74 | NOTE | |||
r-devel-osx-x86_64-clang | 2.5 | 124.33 | NOTE | |||
r-devel-windows-ix86+x86_64 | 2.5 | 14.00 | 79.00 | 93.00 | NOTE | |
r-patched-linux-x86_64 | 2.5 | 4.88 | 59.12 | 64.00 | NOTE | |
r-patched-solaris-sparc | 2.5 | 797.70 | NOTE | |||
r-patched-solaris-x86 | 2.5 | 182.80 | NOTE | |||
r-release-linux-ix86 | 2.5 | 5.73 | 69.51 | 75.24 | NOTE | |
r-release-linux-x86_64 | 2.5 | 4.78 | 59.48 | 64.26 | NOTE | |
r-release-osx-x86_64-mavericks | 2.5 | OK | ||||
r-release-osx-x86_64-snowleopard | 2.5 | OK | ||||
r-release-windows-ix86+x86_64 | 2.5 | 12.00 | 87.00 | 99.00 | NOTE | |
r-oldrel-windows-ix86+x86_64 | 2.5 | 10.00 | 83.00 | 93.00 | OK |
Version: 2.5
Check: R code for possible problems
Result: NOTE
mcposthoc.fnc: no visible global function definition for ‘mclapply’
plotDensity3d.fnc: no visible global function definition for ‘persp3d’
plotLMER3d.fnc: no visible global function definition for ‘image.plot’
plotLMER3d.fnc: no visible global function definition for ‘par3d’
plotLMER3d.fnc: no visible global function definition for ‘persp3d’
plotLMER3d.fnc: no visible global function definition for ‘plot3d’
plotLMER3d.fnc: no visible global function definition for ‘spin3d’
plotRaw3d.fnc: no visible global function definition for ‘image.plot’
plotRaw3d.fnc: no visible global function definition for ‘persp3d’
Flavors: r-devel-linux-x86_64-debian-clang, r-devel-linux-x86_64-debian-gcc, r-devel-linux-x86_64-fedora-clang, r-devel-linux-x86_64-fedora-gcc, r-devel-osx-x86_64-clang, r-devel-windows-ix86+x86_64, r-patched-linux-x86_64, r-patched-solaris-sparc, r-patched-solaris-x86, r-release-linux-ix86, r-release-linux-x86_64, r-release-windows-ix86+x86_64