CRAN Package Check Results for Package MOJOV

Last updated on 2014-11-24 23:47:09.

Flavor Version Tinstall Tcheck Ttotal Status Flags
r-devel-linux-x86_64-debian-clang 1.0.1 1.34 20.48 21.82 NOTE
r-devel-linux-x86_64-debian-gcc 1.0.1 1.32 19.94 21.26 NOTE
r-devel-linux-x86_64-fedora-clang 1.0.1 51.02 NOTE
r-devel-linux-x86_64-fedora-gcc 1.0.1 44.04 NOTE
r-devel-osx-x86_64-clang 1.0.1 43.98 NOTE
r-devel-windows-ix86+x86_64 1.0.1 5.00 33.00 38.00 NOTE
r-patched-linux-x86_64 1.0.1 1.48 20.56 22.03 NOTE
r-patched-solaris-sparc 1.0.1 268.20 NOTE
r-patched-solaris-x86 1.0.1 62.90 NOTE
r-release-linux-ix86 1.0.1 1.84 26.38 28.22 NOTE
r-release-linux-x86_64 1.0.1 1.40 20.34 21.75 NOTE
r-release-osx-x86_64-mavericks 1.0.1 NOTE
r-release-osx-x86_64-snowleopard 1.0.1 NOTE
r-release-windows-ix86+x86_64 1.0.1 5.00 35.00 40.00 NOTE
r-oldrel-windows-ix86+x86_64 1.0.1 4.00 34.00 38.00 NOTE

Check Details

Version: 1.0.1
Check: dependencies in R code
Result: NOTE
    Package in Depends field not imported from: ‘methods’
     These packages need to be imported from (in the NAMESPACE file)
     for when this namespace is loaded but not attached.
    See the information on DESCRIPTION files in the chapter ‘Creating R
    packages’ of the ‘Writing R Extensions’ manual.
Flavors: r-devel-linux-x86_64-debian-clang, r-devel-linux-x86_64-debian-gcc, r-devel-linux-x86_64-fedora-clang, r-devel-linux-x86_64-fedora-gcc, r-devel-osx-x86_64-clang, r-devel-windows-ix86+x86_64, r-patched-linux-x86_64, r-patched-solaris-sparc, r-patched-solaris-x86, r-release-linux-ix86, r-release-linux-x86_64, r-release-osx-x86_64-mavericks, r-release-windows-ix86+x86_64, r-oldrel-windows-ix86+x86_64

Version: 1.0.1
Check: dependencies in R code
Result: NOTE
    Package in Depends field not imported from: 'methods'
     These packages need to be imported from for the case when
     this namespace is loaded but not attached.
    See the information on DESCRIPTION files in the chapter 'Creating R
    packages' of the 'Writing R Extensions' manual.
Flavor: r-release-osx-x86_64-snowleopard