Last updated on 2014-11-24 23:47:09.
Flavor | Version | Tinstall | Tcheck | Ttotal | Status | Flags |
---|---|---|---|---|---|---|
r-devel-linux-x86_64-debian-clang | 1.10.5 | 1.04 | 55.02 | 56.06 | NOTE | |
r-devel-linux-x86_64-debian-gcc | 1.10.5 | 1.14 | 55.52 | 56.66 | NOTE | |
r-devel-linux-x86_64-fedora-clang | 1.10.5 | 117.77 | NOTE | |||
r-devel-linux-x86_64-fedora-gcc | 1.10.5 | 110.35 | NOTE | |||
r-devel-osx-x86_64-clang | 1.10.5 | 93.43 | NOTE | |||
r-devel-windows-ix86+x86_64 | 1.10.5 | 3.00 | 75.00 | 78.00 | NOTE | |
r-patched-linux-x86_64 | 1.10.5 | 1.21 | 58.70 | 59.91 | NOTE | |
r-patched-solaris-sparc | 1.10.5 | 760.70 | NOTE | |||
r-patched-solaris-x86 | 1.10.5 | 150.50 | NOTE | |||
r-release-linux-ix86 | 1.10.5 | 1.68 | 74.00 | 75.67 | NOTE | |
r-release-linux-x86_64 | 1.10.5 | 1.17 | 58.36 | 59.53 | NOTE | |
r-release-osx-x86_64-mavericks | 1.10.5 | OK | ||||
r-release-osx-x86_64-snowleopard | 1.10.5 | OK | ||||
r-release-windows-ix86+x86_64 | 1.10.5 | 4.00 | 88.00 | 92.00 | NOTE | |
r-oldrel-windows-ix86+x86_64 | 1.10.5 | 3.00 | 89.00 | 92.00 | OK |
Version: 1.10.5
Check: R code for possible problems
Result: NOTE
coefTable.lme: no visible global function definition for ‘fixef’
coefTable.mer: no visible global function definition for ‘fixef’
coeffs.merMod: no visible global function definition for ‘fixef’
predict.merMod: no visible global function definition for ‘fixef’
r.squaredGLMM.lme : <anonymous>: no visible global function definition
for ‘pdMatrix’
r.squaredGLMM.mer: no visible global function definition for ‘findbars’
r.squaredGLMM.mer: no visible global function definition for ‘VarCorr’
r.squaredGLMM.mer: no visible global function definition for ‘fixef’
r.squaredGLMM.merMod: no visible global function definition for
‘findbars’
r.squaredGLMM.merMod: no visible global function definition for
‘VarCorr’
r.squaredGLMM.merMod: no visible global function definition for ‘fixef’
Flavors: r-devel-linux-x86_64-debian-clang, r-devel-linux-x86_64-debian-gcc, r-devel-linux-x86_64-fedora-clang, r-devel-linux-x86_64-fedora-gcc, r-devel-osx-x86_64-clang, r-devel-windows-ix86+x86_64, r-patched-linux-x86_64, r-patched-solaris-sparc, r-patched-solaris-x86, r-release-linux-ix86, r-release-linux-x86_64, r-release-windows-ix86+x86_64