Last updated on 2014-11-24 23:47:11.
Flavor | Version | Tinstall | Tcheck | Ttotal | Status | Flags |
---|---|---|---|---|---|---|
r-devel-linux-x86_64-debian-clang | 0.999 | 5.14 | 56.80 | 61.95 | NOTE | |
r-devel-linux-x86_64-debian-gcc | 0.999 | 5.05 | 52.44 | 57.49 | NOTE | |
r-devel-linux-x86_64-fedora-clang | 0.999 | 152.63 | NOTE | |||
r-devel-linux-x86_64-fedora-gcc | 0.999 | 131.91 | NOTE | |||
r-devel-osx-x86_64-clang | 0.999 | 117.98 | NOTE | |||
r-devel-windows-ix86+x86_64 | 0.999 | 14.00 | 79.00 | 93.00 | NOTE | |
r-patched-linux-x86_64 | 0.999 | 5.24 | 56.27 | 61.51 | NOTE | |
r-patched-solaris-sparc | 0.999 | 742.50 | NOTE | |||
r-patched-solaris-x86 | 0.999 | 181.00 | NOTE | |||
r-release-linux-ix86 | 0.999 | 6.32 | 64.49 | 70.81 | NOTE | |
r-release-linux-x86_64 | 0.999 | 5.27 | 55.94 | 61.20 | NOTE | |
r-release-osx-x86_64-mavericks | 0.999 | NOTE | ||||
r-release-osx-x86_64-snowleopard | 0.999 | ERROR | ||||
r-release-windows-ix86+x86_64 | 0.999 | 15.00 | 84.00 | 99.00 | NOTE | |
r-oldrel-windows-ix86+x86_64 | 0.999 | 13.00 | 79.00 | 92.00 | NOTE |
Version: 0.999
Check: dependencies in R code
Result: NOTE
Packages in Depends field not imported from:
‘MASS’ ‘Matrix’ ‘lme4’
These packages need to be imported from (in the NAMESPACE file)
for when this namespace is loaded but not attached.
See the information on DESCRIPTION files in the chapter ‘Creating R
packages’ of the ‘Writing R Extensions’ manual.
Flavors: r-devel-linux-x86_64-debian-clang, r-devel-linux-x86_64-debian-gcc, r-devel-linux-x86_64-fedora-clang, r-devel-linux-x86_64-fedora-gcc, r-devel-osx-x86_64-clang, r-devel-windows-ix86+x86_64, r-patched-linux-x86_64, r-patched-solaris-sparc, r-patched-solaris-x86, r-release-linux-ix86, r-release-linux-x86_64, r-release-osx-x86_64-mavericks, r-release-windows-ix86+x86_64, r-oldrel-windows-ix86+x86_64
Version: 0.999
Check: R code for possible problems
Result: NOTE
groupDisp: no visible global function definition for ‘lmer’
groupDisp : <anonymous>: no visible global function definition for
‘lmer’
groupDisp : <anonymous>: no visible global function definition for
‘fixef’
groupDisp : <anonymous>: no visible global function definition for
‘VarCorr’
obsDisp: no visible global function definition for ‘lmer’
obsDisp : <anonymous>: no visible global function definition for ‘lmer’
obsDisp : <anonymous>: no visible global function definition for
‘fixef’
obsDisp : <anonymous>: no visible global function definition for
‘VarCorr’
recalculateLogLik: no visible global function definition for ‘VarCorr’
recalculateLogLik: no visible global function definition for ‘getME’
recalculateLogLik: no visible global function definition for ‘Matrix’
recalculateLogLik: no visible global function definition for ‘Diagonal’
Flavors: r-devel-linux-x86_64-debian-clang, r-devel-linux-x86_64-debian-gcc, r-devel-linux-x86_64-fedora-clang, r-devel-linux-x86_64-fedora-gcc, r-devel-osx-x86_64-clang, r-devel-windows-ix86+x86_64, r-patched-linux-x86_64, r-patched-solaris-sparc, r-patched-solaris-x86, r-release-linux-ix86, r-release-linux-x86_64, r-release-windows-ix86+x86_64
Version: 0.999
Check: whether package can be installed
Result: ERROR
Installation failed.
Flavor: r-release-osx-x86_64-snowleopard