Last updated on 2014-11-24 23:47:11.
Flavor | Version | Tinstall | Tcheck | Ttotal | Status | Flags |
---|---|---|---|---|---|---|
r-devel-linux-x86_64-debian-clang | 3.0.30 | 23.92 | 35.88 | 59.81 | NOTE | |
r-devel-linux-x86_64-debian-gcc | 3.0.30 | 31.36 | 33.61 | 64.98 | NOTE | |
r-devel-linux-x86_64-fedora-clang | 3.0.30 | 135.78 | NOTE | |||
r-devel-linux-x86_64-fedora-gcc | 3.0.30 | 122.93 | NOTE | |||
r-devel-osx-x86_64-clang | 3.0.30 | 96.34 | OK | |||
r-devel-windows-ix86+x86_64 | 3.0.30 | 79.00 | 81.00 | 160.00 | OK | |
r-patched-linux-x86_64 | 3.0.30 | 31.08 | 33.44 | 64.52 | NOTE | |
r-patched-solaris-sparc | 3.0.30 | 817.60 | NOTE | |||
r-patched-solaris-x86 | 3.0.30 | 170.60 | NOTE | |||
r-release-linux-ix86 | 3.0.30 | 39.11 | 42.00 | 81.11 | NOTE | |
r-release-linux-x86_64 | 3.0.30 | 31.20 | 34.13 | 65.33 | NOTE | |
r-release-osx-x86_64-mavericks | 3.0.30 | NOTE | ||||
r-release-osx-x86_64-snowleopard | 3.0.30 | NOTE | ||||
r-release-windows-ix86+x86_64 | 3.0.30 | 80.00 | 82.00 | 162.00 | OK | |
r-oldrel-windows-ix86+x86_64 | 3.0.30 | 74.00 | 85.00 | 159.00 | OK |
Version: 3.0.30
Check: installed package size
Result: NOTE
installed size is 12.4Mb
sub-directories of 1Mb or more:
libs 12.2Mb
Flavors: r-devel-linux-x86_64-debian-clang, r-devel-linux-x86_64-debian-gcc, r-devel-linux-x86_64-fedora-clang, r-devel-linux-x86_64-fedora-gcc, r-patched-linux-x86_64, r-patched-solaris-sparc, r-patched-solaris-x86, r-release-linux-ix86, r-release-linux-x86_64, r-release-osx-x86_64-mavericks, r-release-osx-x86_64-snowleopard