Last updated on 2014-11-24 23:47:10.
Flavor | Version | Tinstall | Tcheck | Ttotal | Status | Flags |
---|---|---|---|---|---|---|
r-devel-linux-x86_64-debian-clang | 1.0.1 | 2.43 | 40.29 | 42.72 | NOTE | |
r-devel-linux-x86_64-debian-gcc | 1.0.1 | 2.35 | 38.51 | 40.86 | NOTE | |
r-devel-linux-x86_64-fedora-clang | 1.0.1 | 90.85 | NOTE | |||
r-devel-linux-x86_64-fedora-gcc | 1.0.1 | 81.81 | NOTE | |||
r-devel-osx-x86_64-clang | 1.0.1 | 81.52 | NOTE | |||
r-devel-windows-ix86+x86_64 | 1.0.1 | 10.00 | 65.00 | 75.00 | NOTE | |
r-patched-linux-x86_64 | 1.0.1 | 2.38 | 40.97 | 43.35 | NOTE | |
r-patched-solaris-sparc | 1.0.1 | 505.10 | NOTE | |||
r-patched-solaris-x86 | 1.0.1 | 108.10 | NOTE | |||
r-release-linux-ix86 | 1.0.1 | 3.19 | 47.44 | 50.63 | NOTE | |
r-release-linux-x86_64 | 1.0.1 | 2.44 | 40.36 | 42.80 | NOTE | |
r-release-osx-x86_64-mavericks | 1.0.1 | NOTE | ||||
r-release-osx-x86_64-snowleopard | 1.0.1 | NOTE | ||||
r-release-windows-ix86+x86_64 | 1.0.1 | 11.00 | 69.00 | 80.00 | NOTE | |
r-oldrel-windows-ix86+x86_64 | 1.0.1 | 9.00 | 65.00 | 74.00 | NOTE |
Version: 1.0.1
Check: dependencies in R code
Result: NOTE
'library' or 'require' calls to packages already attached by Depends:
‘MASS’ ‘gld’ ‘mvtnorm’
Please remove these calls from your code.
See the information on DESCRIPTION files in the chapter ‘Creating R
packages’ of the ‘Writing R Extensions’ manual.
Flavors: r-devel-linux-x86_64-debian-clang, r-devel-linux-x86_64-debian-gcc, r-devel-linux-x86_64-fedora-clang, r-devel-linux-x86_64-fedora-gcc, r-devel-osx-x86_64-clang, r-devel-windows-ix86+x86_64, r-patched-linux-x86_64, r-patched-solaris-sparc, r-patched-solaris-x86, r-release-linux-ix86, r-release-linux-x86_64, r-release-osx-x86_64-mavericks, r-release-osx-x86_64-snowleopard, r-release-windows-ix86+x86_64, r-oldrel-windows-ix86+x86_64
Version: 1.0.1
Check: Rd line widths
Result: NOTE
Rd file 'mcculloch.var.test.Rd':
\usage lines wider than 90 characters:
alternative = c("two.sided", "less", "greater"),method= c("spearman","pearson", "kendall"),
Rd file 'plot.Rd':
\usage lines wider than 90 characters:
plot(x, groups=NULL,subjects=NULL, facet=TRUE,type=c("correlation","BA","McNeil","profile"),...)
These lines will be truncated in the PDF manual.
Flavors: r-devel-linux-x86_64-debian-clang, r-devel-linux-x86_64-debian-gcc, r-devel-linux-x86_64-fedora-clang, r-devel-linux-x86_64-fedora-gcc, r-patched-linux-x86_64, r-release-linux-x86_64