CRAN Package Check Results for Package RSAGA

Last updated on 2014-11-24 23:47:14.

Flavor Version Tinstall Tcheck Ttotal Status Flags
r-devel-linux-x86_64-debian-clang 0.93-6 3.60 41.74 45.34 NOTE
r-devel-linux-x86_64-debian-gcc 0.93-6 3.24 39.32 42.56 NOTE
r-devel-linux-x86_64-fedora-clang 0.93-6 98.58 NOTE
r-devel-linux-x86_64-fedora-gcc 0.93-6 90.76 NOTE
r-devel-osx-x86_64-clang 0.93-6 86.00 NOTE
r-devel-windows-ix86+x86_64 0.93-6 11.00 58.00 69.00 NOTE
r-patched-linux-x86_64 0.93-6 3.72 41.07 44.79 NOTE
r-patched-solaris-sparc 0.93-6 535.20 NOTE
r-patched-solaris-x86 0.93-6 119.60 NOTE
r-release-linux-ix86 0.93-6 4.54 49.55 54.09 NOTE
r-release-linux-x86_64 0.93-6 3.59 41.60 45.19 NOTE
r-release-osx-x86_64-mavericks 0.93-6 ERROR
r-release-osx-x86_64-snowleopard 0.93-6 ERROR
r-release-windows-ix86+x86_64 0.93-6 12.00 61.00 73.00 NOTE
r-oldrel-windows-ix86+x86_64 0.93-6 11.00 70.00 81.00 NOTE

Check Details

Version: 0.93-6
Check: dependencies in R code
Result: NOTE
    'library' or 'require' calls to packages already attached by Depends:
     ‘gstat’ ‘plyr’ ‘shapefiles’
     Please remove these calls from your code.
    Packages in Depends field not imported from:
     ‘gstat’ ‘plyr’ ‘shapefiles’
     These packages need to be imported from (in the NAMESPACE file)
     for when this namespace is loaded but not attached.
    See the information on DESCRIPTION files in the chapter ‘Creating R
    packages’ of the ‘Writing R Extensions’ manual.
Flavors: r-devel-linux-x86_64-debian-clang, r-devel-linux-x86_64-debian-gcc, r-devel-linux-x86_64-fedora-clang, r-devel-linux-x86_64-fedora-gcc, r-devel-osx-x86_64-clang, r-devel-windows-ix86+x86_64, r-patched-linux-x86_64, r-patched-solaris-sparc, r-patched-solaris-x86, r-release-linux-ix86, r-release-linux-x86_64, r-release-windows-ix86+x86_64, r-oldrel-windows-ix86+x86_64

Version: 0.93-6
Check: R code for possible problems
Result: NOTE
    pick.from.ascii.grid: no visible global function definition for ‘ddply’
    pick.from.ascii.grid: no visible global function definition for ‘.’
    pick.from.ascii.grid: no visible global function definition for ‘dlply’
    pick.from.points: no visible global function definition for ‘vgm’
    pick.from.points: no visible global function definition for ‘krige’
    pick.from.shapefile: no visible global function definition for
     ‘read.shapefile’
    pick.from.shapefile: no visible global function definition for ‘add.xy’
    rsaga.get.modules: no visible global function definition for ‘llply’
Flavors: r-devel-linux-x86_64-debian-clang, r-devel-linux-x86_64-debian-gcc, r-devel-linux-x86_64-fedora-clang, r-devel-linux-x86_64-fedora-gcc, r-devel-osx-x86_64-clang, r-devel-windows-ix86+x86_64, r-patched-linux-x86_64, r-patched-solaris-sparc, r-patched-solaris-x86, r-release-linux-ix86, r-release-linux-x86_64, r-release-windows-ix86+x86_64

Version: 0.93-6
Check: package dependencies
Result: ERROR
    Package required but not available: ‘gstat’
    
    See the information on DESCRIPTION files in the chapter ‘Creating R
    packages’ of the ‘Writing R Extensions’ manual.
Flavor: r-release-osx-x86_64-mavericks

Version: 0.93-6
Check: whether package can be installed
Result: ERROR
    Installation failed.
Flavor: r-release-osx-x86_64-snowleopard