Last updated on 2014-11-24 23:47:14.
Flavor | Version | Tinstall | Tcheck | Ttotal | Status | Flags |
---|---|---|---|---|---|---|
r-devel-linux-x86_64-debian-clang | 1.2 | 2.45 | 29.13 | 31.58 | OK | |
r-devel-linux-x86_64-debian-gcc | 1.2 | 2.10 | 28.40 | 30.50 | OK | |
r-devel-linux-x86_64-fedora-clang | 1.2 | 65.48 | OK | |||
r-devel-linux-x86_64-fedora-gcc | 1.2 | 62.46 | OK | |||
r-devel-osx-x86_64-clang | 1.2 | 61.55 | OK | |||
r-devel-windows-ix86+x86_64 | 1.2 | 7.00 | 45.00 | 52.00 | OK | |
r-patched-linux-x86_64 | 1.2 | 2.24 | 30.25 | 32.49 | OK | |
r-release-linux-ix86 | 1.2 | 2.85 | 37.67 | 40.52 | OK | |
r-release-linux-x86_64 | 1.2 | 2.31 | 30.44 | 32.75 | OK | |
r-release-osx-x86_64-mavericks | 1.2 | ERROR | ||||
r-release-osx-x86_64-snowleopard | 1.2 | OK | ||||
r-release-windows-ix86+x86_64 | 1.2 | 8.00 | 47.00 | 55.00 | OK | |
r-oldrel-windows-ix86+x86_64 | 1.2 | 8.00 | 48.00 | 56.00 | OK |
Version: 1.2
Check: package dependencies
Result: ERROR
Package required but not available: ‘EBImage’
See the information on DESCRIPTION files in the chapter ‘Creating R
packages’ of the ‘Writing R Extensions’ manual.
Flavor: r-release-osx-x86_64-mavericks