Last updated on 2014-11-24 23:47:14.
Flavor | Version | Tinstall | Tcheck | Ttotal | Status | Flags |
---|---|---|---|---|---|---|
r-devel-linux-x86_64-debian-clang | 2.2 | 1.10 | 38.63 | 39.72 | NOTE | |
r-devel-linux-x86_64-debian-gcc | 2.2 | 1.15 | 42.06 | 43.21 | NOTE | |
r-devel-linux-x86_64-fedora-clang | 2.2 | 79.02 | NOTE | |||
r-devel-linux-x86_64-fedora-gcc | 2.2 | 76.10 | NOTE | |||
r-devel-osx-x86_64-clang | 2.2 | 44.04 | NOTE | |||
r-devel-windows-ix86+x86_64 | 2.2 | 4.00 | 35.00 | 39.00 | NOTE | |
r-patched-linux-x86_64 | 2.2 | 1.15 | 38.74 | 39.89 | NOTE | |
r-patched-solaris-sparc | 2.2 | 252.50 | NOTE | |||
r-patched-solaris-x86 | 2.2 | 61.50 | NOTE | |||
r-release-linux-ix86 | 2.2 | 1.54 | 52.67 | 54.22 | NOTE | |
r-release-linux-x86_64 | 2.2 | 1.24 | 39.16 | 40.40 | NOTE | |
r-release-osx-x86_64-mavericks | 2.2 | OK | ||||
r-release-osx-x86_64-snowleopard | 2.2 | OK | ||||
r-release-windows-ix86+x86_64 | 2.2 | 4.00 | 34.00 | 38.00 | NOTE | |
r-oldrel-windows-ix86+x86_64 | 2.2 | 4.00 | 35.00 | 39.00 | OK |
Version: 2.2
Check: R code for possible problems
Result: NOTE
cell.density.default: no visible binding for global variable
‘universalConstants’
conect.pdb: no visible binding for global variable ‘elements’
masses.default: no visible binding for global variable ‘elements’
toSymbols.character: no visible binding for global variable ‘elements’
toSymbols.integer: no visible binding for global variable ‘elements’
visualize.coords: no visible binding for global variable ‘elements’
Flavors: r-devel-linux-x86_64-debian-clang, r-devel-linux-x86_64-debian-gcc, r-devel-linux-x86_64-fedora-clang, r-devel-linux-x86_64-fedora-gcc, r-devel-osx-x86_64-clang, r-devel-windows-ix86+x86_64, r-patched-linux-x86_64, r-patched-solaris-sparc, r-patched-solaris-x86, r-release-linux-ix86, r-release-linux-x86_64, r-release-windows-ix86+x86_64