Last updated on 2014-11-24 23:47:15.
Flavor | Version | Tinstall | Tcheck | Ttotal | Status | Flags |
---|---|---|---|---|---|---|
r-devel-linux-x86_64-debian-clang | 0.9 | 121.08 | 19.43 | 140.51 | NOTE | |
r-devel-linux-x86_64-debian-gcc | 0.9 | 151.08 | 19.42 | 170.50 | NOTE | |
r-devel-linux-x86_64-fedora-clang | 0.9 | 304.99 | NOTE | |||
r-devel-linux-x86_64-fedora-gcc | 0.9 | 298.99 | NOTE | |||
r-devel-osx-x86_64-clang | 0.9 | 141.27 | OK | |||
r-devel-windows-ix86+x86_64 | 0.9 | 360.00 | 48.00 | 408.00 | OK | |
r-patched-linux-x86_64 | 0.9 | 151.32 | 19.76 | 171.08 | NOTE | |
r-patched-solaris-sparc | 0.9 | 1811.40 | NOTE | |||
r-patched-solaris-x86 | 0.9 | 405.00 | NOTE | |||
r-release-linux-ix86 | 0.9 | 180.77 | 26.12 | 206.90 | NOTE | |
r-release-linux-x86_64 | 0.9 | 149.07 | 19.93 | 169.00 | NOTE | |
r-release-osx-x86_64-mavericks | 0.9 | NOTE | ||||
r-release-osx-x86_64-snowleopard | 0.9 | NOTE | ||||
r-release-windows-ix86+x86_64 | 0.9 | 368.00 | 47.00 | 415.00 | OK | |
r-oldrel-windows-ix86+x86_64 | 0.9 | 334.00 | 53.00 | 387.00 | OK |
Version: 0.9
Check: installed package size
Result: NOTE
installed size is 22.0Mb
sub-directories of 1Mb or more:
libs 21.4Mb
Flavors: r-devel-linux-x86_64-debian-clang, r-devel-linux-x86_64-debian-gcc, r-devel-linux-x86_64-fedora-clang, r-devel-linux-x86_64-fedora-gcc, r-patched-linux-x86_64, r-patched-solaris-sparc, r-patched-solaris-x86, r-release-linux-ix86, r-release-linux-x86_64, r-release-osx-x86_64-mavericks, r-release-osx-x86_64-snowleopard
Version: 0.9
Check: compiled code
Result: NOTE
File ‘/Volumes/XT3/Builds/R-dev-web/QA/Simon/packages/snowleopard-x86_64/results/3.1/Rvcg.Rcheck/Rvcg/libs/Rvcg.so’:
Found ‘__ZSt4cout’, possibly from ‘std::cout’ (C++)
Objects: ‘Rborder.o’, ‘Rclost.o’, ‘Rcurvature.o’, ‘Rkdtree.o’
Compiled code should not call entry points which might terminate R nor
write to stdout/stderr instead of to the console.
See ‘Writing portable packages’ in the ‘Writing R Extensions’ manual.
Flavor: r-release-osx-x86_64-snowleopard