Last updated on 2014-11-24 23:47:17.
Flavor | Version | Tinstall | Tcheck | Ttotal | Status | Flags |
---|---|---|---|---|---|---|
r-devel-linux-x86_64-debian-clang | 1.2 | 31.45 | 63.58 | 95.04 | OK | |
r-devel-linux-x86_64-debian-gcc | 1.2 | 38.60 | 61.54 | 100.14 | OK | |
r-devel-linux-x86_64-fedora-clang | 1.2 | 124.56 | OK | |||
r-devel-linux-x86_64-fedora-gcc | 1.2 | 120.98 | NOTE | |||
r-devel-osx-x86_64-clang | 1.2 | 113.97 | OK | |||
r-devel-windows-ix86+x86_64 | 1.2 | 86.00 | 111.00 | 197.00 | OK | |
r-patched-linux-x86_64 | 1.1 | 37.63 | 58.36 | 95.98 | OK | |
r-patched-solaris-sparc | 1.2 | 1140.40 | NOTE | |||
r-patched-solaris-x86 | 1.2 | 219.30 | OK | |||
r-release-linux-ix86 | 1.1 | 44.70 | 71.64 | 116.34 | OK | |
r-release-linux-x86_64 | 1.2 | 38.49 | 65.58 | 104.06 | OK | |
r-release-osx-x86_64-mavericks | 1.2 | OK | ||||
r-release-osx-x86_64-snowleopard | 1.2 | OK | ||||
r-release-windows-ix86+x86_64 | 1.2 | 84.00 | 127.00 | 211.00 | OK | |
r-oldrel-windows-ix86+x86_64 | 1.2 | 88.00 | 142.00 | 230.00 | OK |
Version: 1.2
Check: installed package size
Result: NOTE
installed size is 5.2Mb
sub-directories of 1Mb or more:
libs 3.8Mb
Flavors: r-devel-linux-x86_64-fedora-gcc, r-patched-solaris-sparc