Last updated on 2014-11-24 23:46:58.
Flavor | Version | Tinstall | Tcheck | Ttotal | Status | Flags |
---|---|---|---|---|---|---|
r-devel-linux-x86_64-debian-clang | 1.0 | 2.23 | 41.59 | 43.82 | NOTE | |
r-devel-linux-x86_64-debian-gcc | 1.0 | 2.26 | 39.92 | 42.18 | NOTE | |
r-devel-linux-x86_64-fedora-clang | 1.0 | 97.82 | NOTE | |||
r-devel-linux-x86_64-fedora-gcc | 1.0 | 92.65 | NOTE | |||
r-devel-osx-x86_64-clang | 1.0 | 86.27 | NOTE | |||
r-devel-windows-ix86+x86_64 | 1.0 | 13.00 | 69.00 | 82.00 | NOTE | |
r-patched-linux-x86_64 | 1.0 | 2.40 | 42.75 | 45.14 | NOTE | |
r-patched-solaris-sparc | 1.0 | 508.60 | NOTE | |||
r-patched-solaris-x86 | 1.0 | 125.00 | NOTE | |||
r-release-linux-ix86 | 1.0 | 2.93 | 51.72 | 54.65 | NOTE | |
r-release-linux-x86_64 | 1.0 | 3.39 | 43.20 | 46.59 | NOTE | |
r-release-osx-x86_64-mavericks | 1.0 | OK | ||||
r-release-osx-x86_64-snowleopard | 1.0 | OK | ||||
r-release-windows-ix86+x86_64 | 1.0 | 14.00 | 73.00 | 87.00 | NOTE | |
r-oldrel-windows-ix86+x86_64 | 1.0 | 11.00 | 79.00 | 90.00 | OK |
Version: 1.0
Check: R code for possible problems
Result: NOTE
checkDNAbcd: no visible global function definition for ‘haplotype’
Flavors: r-devel-linux-x86_64-debian-clang, r-devel-linux-x86_64-debian-gcc, r-devel-linux-x86_64-fedora-clang, r-devel-linux-x86_64-fedora-gcc, r-devel-osx-x86_64-clang, r-devel-windows-ix86+x86_64, r-patched-linux-x86_64, r-patched-solaris-sparc, r-patched-solaris-x86, r-release-linux-ix86, r-release-linux-x86_64, r-release-windows-ix86+x86_64