Last updated on 2014-11-24 23:46:58.
Flavor | Version | Tinstall | Tcheck | Ttotal | Status | Flags |
---|---|---|---|---|---|---|
r-devel-linux-x86_64-debian-clang | 3.1-4 | 7.56 | 76.88 | 84.44 | WARN | |
r-devel-linux-x86_64-debian-gcc | 3.1-4 | 9.18 | 75.30 | 84.48 | WARN | |
r-devel-linux-x86_64-fedora-clang | 3.1-4 | 168.19 | WARN | |||
r-devel-linux-x86_64-fedora-gcc | 3.1-4 | 160.51 | WARN | |||
r-devel-osx-x86_64-clang | 3.1-4 | 149.03 | WARN | |||
r-devel-windows-ix86+x86_64 | 3.1-4 | 50.00 | 129.00 | 179.00 | WARN | |
r-patched-linux-x86_64 | 3.1-4 | 9.38 | 79.57 | 88.94 | WARN | |
r-patched-solaris-sparc | 3.1-4 | 1002.60 | WARN | |||
r-patched-solaris-x86 | 3.1-4 | 194.10 | WARN | |||
r-release-linux-ix86 | 3.1-4 | 11.42 | 91.80 | 103.22 | WARN | |
r-release-linux-x86_64 | 3.1-4 | 10.15 | 80.14 | 90.29 | WARN | |
r-release-osx-x86_64-mavericks | 3.1-4 | OK | ||||
r-release-osx-x86_64-snowleopard | 3.1-4 | OK | ||||
r-release-windows-ix86+x86_64 | 3.1-4 | 50.00 | 141.00 | 191.00 | WARN | |
r-oldrel-windows-ix86+x86_64 | 3.1-4 | 43.00 | 145.00 | 188.00 | OK |
Version: 3.1-4
Check: dependencies in R code
Result: WARN
'library' or 'require' call not declared from: ‘parallel’
See the information on DESCRIPTION files in the chapter ‘Creating R
packages’ of the ‘Writing R Extensions’ manual.
Flavors: r-devel-linux-x86_64-debian-clang, r-devel-linux-x86_64-debian-gcc, r-devel-linux-x86_64-fedora-clang, r-devel-linux-x86_64-fedora-gcc, r-devel-osx-x86_64-clang, r-devel-windows-ix86+x86_64, r-patched-linux-x86_64, r-patched-solaris-sparc, r-patched-solaris-x86, r-release-linux-ix86, r-release-linux-x86_64, r-release-windows-ix86+x86_64