CRAN Package Check Results for Package archivist

Last updated on 2014-11-24 23:46:58.

Flavor Version Tinstall Tcheck Ttotal Status Flags
r-devel-linux-x86_64-debian-clang 1.1 2.88 31.49 34.38 OK
r-devel-linux-x86_64-debian-gcc 1.1 2.55 30.64 33.18 OK
r-devel-linux-x86_64-fedora-clang 1.1 75.06 OK
r-devel-linux-x86_64-fedora-gcc 1.1 70.45 OK
r-devel-osx-x86_64-clang 1.1 67.69 OK
r-devel-windows-ix86+x86_64 1.1 8.00 50.00 58.00 OK
r-patched-linux-x86_64 1.1 2.70 32.01 34.72 OK
r-patched-solaris-sparc 1.1 392.10 OK
r-patched-solaris-x86 1.1 89.60 OK
r-release-linux-ix86 1.1 3.37 40.75 44.12 OK
r-release-linux-x86_64 1.1 2.74 33.13 35.88 OK
r-release-osx-x86_64-mavericks 1.1 OK
r-release-osx-x86_64-snowleopard 1.1 OK
r-release-windows-ix86+x86_64 1.1 10.00 52.00 62.00 OK
r-oldrel-windows-ix86+x86_64 1.1 10.00 56.00 66.00 WARN

Check Details

Version: 1.1
Check: PDF version of manual
Result: WARN
    LaTeX errors when creating PDF version.
    This typically indicates Rd problems.
    LaTeX errors found:
    ! Illegal parameter number in definition of \Hy@tempa.
    <to be read again>
     -
    l.1400 Cases}
     . The list of supported artifacts and their tags is
    ! Illegal parameter number in definition of \Hy@tempa.
    <to be read again>
     -
    l.1400 Cases}
     . The list of supported artifacts and their tags is
    ! Illegal parameter number in definition of \Hy@tempa.
    <to be read again>
     -
    l.1400 Cases}
     . The list of supported artifacts and their tags is
Flavor: r-oldrel-windows-ix86+x86_64