CRAN Package Check Results for Package ascrda

Last updated on 2014-11-24 23:46:58.

Flavor Version Tinstall Tcheck Ttotal Status Flags
r-devel-linux-x86_64-debian-clang 1.15 2.16 33.91 36.07 NOTE
r-devel-linux-x86_64-debian-gcc 1.15 1.94 34.02 35.96 NOTE
r-devel-linux-x86_64-fedora-clang 1.15 75.34 NOTE
r-devel-linux-x86_64-fedora-gcc 1.15 71.43 NOTE
r-devel-osx-x86_64-clang 1.15 67.66 NOTE
r-devel-windows-ix86+x86_64 1.15 7.00 52.00 59.00 NOTE
r-patched-linux-x86_64 1.15 2.14 41.28 43.42 NOTE
r-patched-solaris-sparc 1.15 503.40 NOTE
r-patched-solaris-x86 1.15 100.20 NOTE
r-release-linux-ix86 1.15 3.07 48.54 51.61 NOTE
r-release-linux-x86_64 1.15 2.20 35.00 37.20 NOTE
r-release-osx-x86_64-mavericks 1.15 NOTE
r-release-osx-x86_64-snowleopard 1.15 NOTE
r-release-windows-ix86+x86_64 1.15 7.00 52.00 59.00 NOTE
r-oldrel-windows-ix86+x86_64 1.15 8.00 58.00 66.00 NOTE

Check Details

Version: 1.15
Check: package dependencies
Result: NOTE
    Depends: includes the non-default packages:
     ‘class’ ‘nnet’ ‘rda’ ‘MASS’ ‘sfsmisc’ ‘e1071’ ‘pamr’
    Adding so many packages to the search path is excessive and importing
    selectively is preferable.
Flavors: r-devel-linux-x86_64-debian-clang, r-devel-linux-x86_64-debian-gcc, r-devel-linux-x86_64-fedora-clang, r-devel-linux-x86_64-fedora-gcc, r-devel-osx-x86_64-clang, r-devel-windows-ix86+x86_64, r-patched-linux-x86_64, r-patched-solaris-sparc, r-patched-solaris-x86, r-release-linux-ix86, r-release-linux-x86_64, r-release-osx-x86_64-mavericks, r-release-osx-x86_64-snowleopard, r-release-windows-ix86+x86_64

Version: 1.15
Check: R code for possible problems
Result: NOTE
    FitPAM: no visible global function definition for ‘pamr.decorrelate’
    FitPAM: no visible binding for '<<-' assignment to ‘mydata’
    FitPAM: no visible binding for global variable ‘mydata’
    FitSvm: no visible global function definition for ‘tune.svm’
Flavors: r-devel-linux-x86_64-debian-clang, r-devel-linux-x86_64-debian-gcc, r-devel-linux-x86_64-fedora-clang, r-devel-linux-x86_64-fedora-gcc, r-devel-osx-x86_64-clang, r-devel-windows-ix86+x86_64, r-patched-linux-x86_64, r-patched-solaris-sparc, r-patched-solaris-x86, r-release-linux-ix86, r-release-linux-x86_64, r-release-windows-ix86+x86_64

Version: 1.15
Check: Rd line widths
Result: NOTE
    Rd file 'synma.Rd':
     \usage lines wider than 90 characters:
     synma(n = c(100, 100), nt = c(500, 500), rho = c(0.9, 0.9), B = c(20, 20), m = c(100, 100), fE = 0.02, E = 0.5, Si = 1)
    
    These lines will be truncated in the PDF manual.
Flavors: r-devel-linux-x86_64-debian-clang, r-devel-linux-x86_64-debian-gcc, r-devel-linux-x86_64-fedora-clang, r-devel-linux-x86_64-fedora-gcc, r-patched-linux-x86_64, r-release-linux-x86_64

Version: 1.15
Check: R code for possible problems
Result: NOTE
    FitPAM: no visible binding for '<<-' assignment to ‘mydata’
    FitPAM: no visible binding for global variable ‘mydata’
Flavors: r-release-osx-x86_64-mavericks, r-release-osx-x86_64-snowleopard, r-oldrel-windows-ix86+x86_64