Last updated on 2014-11-24 23:46:58.
Flavor | Version | Tinstall | Tcheck | Ttotal | Status | Flags |
---|---|---|---|---|---|---|
r-devel-linux-x86_64-debian-clang | 0.4-9 | 1.07 | 15.12 | 16.18 | NOTE | |
r-devel-linux-x86_64-debian-gcc | 0.4-9 | 0.93 | 14.90 | 15.83 | NOTE | |
r-devel-linux-x86_64-fedora-clang | 0.4-9 | 33.26 | NOTE | |||
r-devel-linux-x86_64-fedora-gcc | 0.4-9 | 32.94 | NOTE | |||
r-devel-osx-x86_64-clang | 0.4-9 | 35.48 | NOTE | |||
r-devel-windows-ix86+x86_64 | 0.4-9 | 4.00 | 24.00 | 28.00 | NOTE | |
r-patched-linux-x86_64 | 0.4-9 | 0.98 | 15.05 | 16.04 | NOTE | |
r-patched-solaris-sparc | 0.4-9 | 179.60 | NOTE | |||
r-patched-solaris-x86 | 0.4-9 | 47.50 | NOTE | |||
r-release-linux-ix86 | 0.4-9 | 1.33 | 21.73 | 23.06 | NOTE | |
r-release-linux-x86_64 | 0.4-9 | 0.98 | 15.06 | 16.04 | NOTE | |
r-release-osx-x86_64-mavericks | 0.4-9 | NOTE | ||||
r-release-osx-x86_64-snowleopard | 0.4-9 | OK | ||||
r-release-windows-ix86+x86_64 | 0.4-9 | 4.00 | 27.00 | 31.00 | NOTE | |
r-oldrel-windows-ix86+x86_64 | 0.4-9 | 3.00 | 29.00 | 32.00 | NOTE |
Version: 0.4-9
Check: dependencies in R code
Result: NOTE
Packages in Depends field not imported from:
‘RJSONIO’ ‘hexbin’ ‘plotrix’
These packages need to be imported from (in the NAMESPACE file)
for when this namespace is loaded but not attached.
See the information on DESCRIPTION files in the chapter ‘Creating R
packages’ of the ‘Writing R Extensions’ manual.
Flavors: r-devel-linux-x86_64-debian-clang, r-devel-linux-x86_64-debian-gcc, r-devel-linux-x86_64-fedora-clang, r-devel-linux-x86_64-fedora-gcc, r-devel-osx-x86_64-clang, r-devel-windows-ix86+x86_64, r-patched-linux-x86_64, r-patched-solaris-sparc, r-patched-solaris-x86, r-release-linux-ix86, r-release-linux-x86_64, r-release-osx-x86_64-mavericks, r-release-windows-ix86+x86_64, r-oldrel-windows-ix86+x86_64
Version: 0.4-9
Check: R code for possible problems
Result: NOTE
audioHist: no visible global function definition for ‘rescale’
audioHist: no visible global function definition for ‘toJSON’
audioScatter: no visible global function definition for ‘hexbinplot’
audioScatter: no visible global function definition for ‘toJSON’
audioSplom: no visible global function definition for ‘hexplom’
audioSplom: no visible binding for global variable ‘BTY’
audioSplom: no visible binding for global variable ‘panel.hexboxplot’
audioSplom : <anonymous>: no visible global function definition for
‘toJSON’
matricize: no visible global function definition for ‘hexbin’
panel.audiolyzR: no visible global function definition for
‘panel.hexbinplot’
Flavors: r-devel-linux-x86_64-debian-clang, r-devel-linux-x86_64-debian-gcc, r-devel-linux-x86_64-fedora-clang, r-devel-linux-x86_64-fedora-gcc, r-devel-osx-x86_64-clang, r-devel-windows-ix86+x86_64, r-patched-linux-x86_64, r-patched-solaris-sparc, r-patched-solaris-x86, r-release-linux-ix86, r-release-linux-x86_64, r-release-windows-ix86+x86_64