Last updated on 2014-11-24 23:46:59.
Flavor | Version | Tinstall | Tcheck | Ttotal | Status | Flags |
---|---|---|---|---|---|---|
r-devel-linux-x86_64-debian-clang | 1.1 | 4.78 | 321.00 | 325.78 | NOTE | |
r-devel-linux-x86_64-debian-gcc | 1.1 | 5.19 | 321.18 | 326.37 | NOTE | |
r-devel-linux-x86_64-fedora-clang | 1.1 | 411.73 | NOTE | |||
r-devel-linux-x86_64-fedora-gcc | 1.1 | 456.00 | NOTE | |||
r-devel-osx-x86_64-clang | 1.1 | 732.18 | NOTE | |||
r-patched-linux-x86_64 | 1.1 | 5.40 | 333.60 | 339.00 | NOTE | |
r-patched-solaris-sparc | 1.1 | 677.70 | NOTE | --no-vignettes | ||
r-patched-solaris-x86 | 1.1 | 1595.30 | NOTE | |||
r-release-linux-ix86 | 1.1 | 5.77 | 560.46 | 566.23 | NOTE | |
r-release-linux-x86_64 | 1.1 | 5.17 | 337.11 | 342.28 | NOTE | |
r-release-osx-x86_64-mavericks | 1.1 | ERROR | ||||
r-release-osx-x86_64-snowleopard | 1.1 | OK |
Version: 1.1
Check: R code for possible problems
Result: NOTE
MCMCglmm.APPT.list,APPT.list-formula-character-numeric-numeric-list-logical-logical:
no visible global function definition for ‘%dopar%’
MCMCglmm.APPT.list,APPT.list-formula-character-numeric-numeric-list-logical-logical:
no visible global function definition for ‘foreach’
bootMCMCglmm.APPT.list,APPT.list-formula-numeric-character-character-numeric-numeric-list-logical-logical:
no visible global function definition for ‘%dopar%’
bootMCMCglmm.APPT.list,APPT.list-formula-numeric-character-character-numeric-numeric-list-logical-logical:
no visible global function definition for ‘foreach’
Flavors: r-devel-linux-x86_64-debian-clang, r-devel-linux-x86_64-debian-gcc, r-devel-linux-x86_64-fedora-clang, r-devel-linux-x86_64-fedora-gcc, r-devel-osx-x86_64-clang, r-patched-linux-x86_64, r-patched-solaris-x86, r-release-linux-ix86, r-release-linux-x86_64
Version: 1.1
Flags: --no-vignettes
Check: R code for possible problems
Result: NOTE
MCMCglmm.APPT.list,APPT.list-formula-character-numeric-numeric-list-logical-logical:
no visible global function definition for ‘%dopar%’
MCMCglmm.APPT.list,APPT.list-formula-character-numeric-numeric-list-logical-logical:
no visible global function definition for ‘foreach’
bootMCMCglmm.APPT.list,APPT.list-formula-numeric-character-character-numeric-numeric-list-logical-logical:
no visible global function definition for ‘%dopar%’
bootMCMCglmm.APPT.list,APPT.list-formula-numeric-character-character-numeric-numeric-list-logical-logical:
no visible global function definition for ‘foreach’
Flavor: r-patched-solaris-sparc
Version: 1.1
Check: package dependencies
Result: ERROR
Package required but not available: ‘doMPI’
See the information on DESCRIPTION files in the chapter ‘Creating R
packages’ of the ‘Writing R Extensions’ manual.
Flavor: r-release-osx-x86_64-mavericks