CRAN Package Check Results for Package bdscale

Last updated on 2014-11-24 23:46:59.

Flavor Version Tinstall Tcheck Ttotal Status Flags
r-devel-linux-x86_64-debian-clang 1.2 1.64 26.98 28.62 OK
r-devel-linux-x86_64-debian-gcc 1.2 1.57 26.26 27.83 OK
r-devel-linux-x86_64-fedora-clang 1.2 54.66 OK
r-devel-linux-x86_64-fedora-gcc 1.2 52.59 OK
r-devel-osx-x86_64-clang 1.2 56.91 OK
r-devel-windows-ix86+x86_64 1.2 5.00 46.00 51.00 OK
r-patched-linux-x86_64 1.2 1.66 27.86 29.52 OK
r-patched-solaris-sparc 1.2 287.60 OK
r-patched-solaris-x86 1.2 71.00 OK
r-release-linux-ix86 1.2 2.09 77.92 80.00 OK
r-release-linux-x86_64 1.2 1.66 27.80 29.46 OK
r-release-osx-x86_64-mavericks 1.2 OK
r-release-osx-x86_64-snowleopard 1.2 OK
r-release-windows-ix86+x86_64 1.2 7.00 46.00 53.00 OK
r-oldrel-windows-ix86+x86_64 1.2 7.00 38.00 45.00 ERROR

Check Details

Version: 1.2
Check: running R code from vignettes
Result: ERROR
    Errors in running code in vignettes:
    when running code in 'bdscale.Rmd'
     ...
    + theme(axis.title.x = element_blank(), axis.title.y = element_blank())
    
    > plot + ggtitle("calendar dates")
    
    > plot + scale_x_bd(business.dates = nyse, labels = date_format("%b '%y")) +
    + ggtitle("business dates, month breaks")
    
     When sourcing 'bdscale.R':
    Error: do not know how to convert 'intersect(all.dates, breaks)' to class "Date"
    Execution halted
Flavor: r-oldrel-windows-ix86+x86_64