CRAN Package Check Results for Package bear

Last updated on 2014-11-24 23:46:59.

Flavor Version Tinstall Tcheck Ttotal Status Flags
r-devel-linux-x86_64-debian-clang 2.6.3 6.00 91.13 97.13 NOTE
r-devel-linux-x86_64-debian-gcc 2.6.3 5.58 88.51 94.08 NOTE
r-devel-linux-x86_64-fedora-clang 2.6.3 186.00 NOTE
r-devel-linux-x86_64-fedora-gcc 2.6.3 175.26 NOTE
r-devel-osx-x86_64-clang 2.6.3 182.11 NOTE
r-devel-windows-ix86+x86_64 2.6.3 19.00 120.00 139.00 NOTE
r-patched-linux-x86_64 2.6.3 5.48 93.69 99.17 NOTE
r-patched-solaris-sparc 2.6.3 1051.10 NOTE
r-patched-solaris-x86 2.6.3 208.20 NOTE
r-release-linux-ix86 2.6.3 7.06 109.02 116.08 NOTE
r-release-linux-x86_64 2.6.3 5.83 94.48 100.31 NOTE
r-release-osx-x86_64-mavericks 2.6.3 OK
r-release-osx-x86_64-snowleopard 2.6.3 OK
r-release-windows-ix86+x86_64 2.6.3 18.00 143.00 161.00 NOTE
r-oldrel-windows-ix86+x86_64 2.6.3 19.00 138.00 157.00 OK

Check Details

Version: 2.6.3
Check: R code for possible problems
Result: NOTE
    normDataWithin: no visible global function definition for ‘ddply’
    summarySE: no visible global function definition for ‘ddply’
Flavors: r-devel-linux-x86_64-debian-clang, r-devel-linux-x86_64-debian-gcc, r-devel-linux-x86_64-fedora-clang, r-devel-linux-x86_64-fedora-gcc, r-devel-osx-x86_64-clang, r-devel-windows-ix86+x86_64, r-patched-linux-x86_64, r-patched-solaris-sparc, r-patched-solaris-x86, r-release-linux-ix86, r-release-linux-x86_64, r-release-windows-ix86+x86_64