Last updated on 2014-11-24 23:47:00.
Flavor | Version | Tinstall | Tcheck | Ttotal | Status | Flags |
---|---|---|---|---|---|---|
r-devel-linux-x86_64-debian-clang | 1.0 | 1.43 | 21.72 | 23.15 | NOTE | |
r-devel-linux-x86_64-debian-gcc | 1.0 | 1.38 | 21.88 | 23.26 | NOTE | |
r-devel-linux-x86_64-fedora-clang | 1.0 | 49.57 | NOTE | |||
r-devel-linux-x86_64-fedora-gcc | 1.0 | 47.63 | NOTE | |||
r-devel-osx-x86_64-clang | 1.0 | 47.36 | NOTE | |||
r-devel-windows-ix86+x86_64 | 1.0 | 8.00 | 34.00 | 42.00 | NOTE | |
r-patched-linux-x86_64 | 1.0 | 1.55 | 21.78 | 23.34 | NOTE | |
r-patched-solaris-sparc | 1.0 | 256.70 | NOTE | |||
r-patched-solaris-x86 | 1.0 | 64.10 | NOTE | |||
r-release-linux-ix86 | 1.0 | 1.97 | 28.15 | 30.12 | NOTE | |
r-release-linux-x86_64 | 1.0 | 1.55 | 22.10 | 23.65 | NOTE | |
r-release-osx-x86_64-mavericks | 1.0 | OK | ||||
r-release-osx-x86_64-snowleopard | 1.0 | OK | ||||
r-release-windows-ix86+x86_64 | 1.0 | 8.00 | 39.00 | 47.00 | NOTE | |
r-oldrel-windows-ix86+x86_64 | 1.0 | 7.00 | 38.00 | 45.00 | NOTE |
Version: 1.0
Check: R code for possible problems
Result: NOTE
CE: no visible global function definition for ‘makeCluster’
CE: no visible global function definition for ‘clusterExport’
CE: no visible global function definition for ‘registerDoSNOW’
CE: no visible global function definition for ‘stopCluster’
CE: no visible global function definition for ‘registerDoMC’
Flavors: r-devel-linux-x86_64-debian-clang, r-devel-linux-x86_64-debian-gcc, r-devel-linux-x86_64-fedora-clang, r-devel-linux-x86_64-fedora-gcc, r-devel-osx-x86_64-clang, r-devel-windows-ix86+x86_64, r-patched-linux-x86_64, r-patched-solaris-sparc, r-patched-solaris-x86, r-release-linux-ix86, r-release-linux-x86_64, r-release-windows-ix86+x86_64
Version: 1.0
Check: package dependencies
Result: NOTE
Package suggested but not available for checking: 'doMC'
Flavors: r-devel-windows-ix86+x86_64, r-release-windows-ix86+x86_64, r-oldrel-windows-ix86+x86_64
Version: 1.0
Check: R code for possible problems
Result: NOTE
CE: no visible global function definition for 'registerDoMC'
Flavor: r-oldrel-windows-ix86+x86_64