Last updated on 2014-11-24 23:47:00.
Flavor | Version | Tinstall | Tcheck | Ttotal | Status | Flags |
---|---|---|---|---|---|---|
r-devel-linux-x86_64-debian-clang | 1.3 | 0.75 | 15.03 | 15.78 | NOTE | |
r-devel-linux-x86_64-debian-gcc | 1.3 | 0.76 | 14.61 | 15.38 | NOTE | |
r-devel-linux-x86_64-fedora-clang | 1.3 | 32.07 | NOTE | |||
r-devel-linux-x86_64-fedora-gcc | 1.3 | 30.15 | NOTE | |||
r-devel-osx-x86_64-clang | 1.3 | 33.04 | NOTE | |||
r-devel-windows-ix86+x86_64 | 1.3 | 4.00 | 30.00 | 34.00 | NOTE | |
r-patched-linux-x86_64 | 1.3 | 0.97 | 15.93 | 16.90 | NOTE | |
r-patched-solaris-sparc | 1.3 | 180.20 | NOTE | |||
r-patched-solaris-x86 | 1.3 | 41.80 | NOTE | |||
r-release-linux-ix86 | 1.3 | 1.21 | 21.12 | 22.33 | NOTE | |
r-release-linux-x86_64 | 1.3 | 0.82 | 15.14 | 15.96 | NOTE | |
r-release-osx-x86_64-mavericks | 1.3 | NOTE | ||||
r-release-osx-x86_64-snowleopard | 1.3 | OK | ||||
r-release-windows-ix86+x86_64 | 1.3 | 4.00 | 28.00 | 32.00 | NOTE | |
r-oldrel-windows-ix86+x86_64 | 1.3 | 5.00 | 32.00 | 37.00 | NOTE |
Version: 1.3
Check: dependencies in R code
Result: NOTE
Packages in Depends field not imported from:
‘gplots’ ‘minpack.lm’
These packages need to be imported from (in the NAMESPACE file)
for when this namespace is loaded but not attached.
See the information on DESCRIPTION files in the chapter ‘Creating R
packages’ of the ‘Writing R Extensions’ manual.
Flavors: r-devel-linux-x86_64-debian-clang, r-devel-linux-x86_64-debian-gcc, r-devel-linux-x86_64-fedora-clang, r-devel-linux-x86_64-fedora-gcc, r-devel-osx-x86_64-clang, r-devel-windows-ix86+x86_64, r-patched-linux-x86_64, r-patched-solaris-sparc, r-patched-solaris-x86, r-release-linux-ix86, r-release-linux-x86_64, r-release-osx-x86_64-mavericks, r-release-windows-ix86+x86_64, r-oldrel-windows-ix86+x86_64
Version: 1.3
Check: R code for possible problems
Result: NOTE
fitVolDist: no visible global function definition for ‘nls.lm’
fitVolDist: no visible global function definition for ‘nls.lm.control’
Flavors: r-devel-linux-x86_64-debian-clang, r-devel-linux-x86_64-debian-gcc, r-devel-linux-x86_64-fedora-clang, r-devel-linux-x86_64-fedora-gcc, r-devel-osx-x86_64-clang, r-devel-windows-ix86+x86_64, r-patched-linux-x86_64, r-patched-solaris-sparc, r-patched-solaris-x86, r-release-linux-ix86, r-release-linux-x86_64, r-release-windows-ix86+x86_64