CRAN Package Check Results for Package cncaGUI

Last updated on 2014-11-24 23:47:00.

Flavor Version Tinstall Tcheck Ttotal Status Flags
r-devel-linux-x86_64-debian-clang 0.0-2 0.92 17.55 18.47 NOTE
r-devel-linux-x86_64-debian-gcc 0.0-2 1.00 17.51 18.51 NOTE
r-devel-linux-x86_64-fedora-clang 0.0-2 36.49 NOTE
r-devel-linux-x86_64-fedora-gcc 0.0-2 33.92 NOTE
r-devel-osx-x86_64-clang 0.0-2 44.98 NOTE
r-devel-windows-ix86+x86_64 0.0-2 10.00 39.00 49.00 NOTE
r-patched-linux-x86_64 0.0-2 1.12 17.85 18.96 NOTE
r-patched-solaris-sparc 0.0-2 209.30 NOTE
r-patched-solaris-x86 0.0-2 58.90 NOTE
r-release-linux-ix86 0.0-2 1.42 26.05 27.46 NOTE
r-release-linux-x86_64 0.0-2 0.95 18.03 18.98 NOTE
r-release-osx-x86_64-mavericks 0.0-2 NOTE
r-release-windows-ix86+x86_64 0.0-2 9.00 43.00 52.00 NOTE
r-oldrel-windows-ix86+x86_64 0.0-2 11.00 43.00 54.00 NOTE

Check Details

Version: 0.0-2
Check: top-level files
Result: NOTE
    Non-standard file/directory found at top level:
     ‘cncaGUI-Ex.R’
Flavors: r-devel-linux-x86_64-debian-clang, r-devel-linux-x86_64-debian-gcc, r-devel-linux-x86_64-fedora-clang, r-devel-linux-x86_64-fedora-gcc, r-patched-linux-x86_64, r-release-linux-x86_64

Version: 0.0-2
Check: dependencies in R code
Result: NOTE
    'library' or 'require' calls to packages already attached by Depends:
     ‘rgl’ ‘tcltk’ ‘tcltk2’ ‘tkrplot’
     Please remove these calls from your code.
    See the information on DESCRIPTION files in the chapter ‘Creating R
    packages’ of the ‘Writing R Extensions’ manual.
Flavors: r-devel-linux-x86_64-debian-clang, r-devel-linux-x86_64-debian-gcc, r-devel-linux-x86_64-fedora-clang, r-devel-linux-x86_64-fedora-gcc, r-devel-osx-x86_64-clang, r-devel-windows-ix86+x86_64, r-patched-linux-x86_64, r-patched-solaris-sparc, r-patched-solaris-x86, r-release-linux-ix86, r-release-linux-x86_64, r-release-osx-x86_64-mavericks, r-release-windows-ix86+x86_64, r-oldrel-windows-ix86+x86_64

Version: 0.0-2
Check: R code for possible problems
Result: NOTE
    Found an obsolete/platform-specific call in the following function:
     ‘cnca’
    Found the platform-specific devices:
     ‘win.metafile’ ‘win.print’
    dev.new() is the preferred way to open a new device, in the unlikely
    event one is needed.
    cnca: no visible binding for '<<-' assignment to ‘nejes’
    cnca: no visible binding for '<<-' assignment to ‘dim1’
    cnca: no visible binding for '<<-' assignment to ‘dim2’
    cnca: no visible binding for '<<-' assignment to ‘dim3’
    cnca : OnOKinf : OnOKnames: no visible binding for '<<-' assignment to
     ‘Namesit’
    cnca : OnOKinf : OnOKnames: no visible binding for '<<-' assignment to
     ‘Namespe’
    cnca : OnOKinf : OnOKnames: no visible binding for '<<-' assignment to
     ‘Namevar’
    cnca : OnOKinf : OnOKnames: no visible binding for '<<-' assignment to
     ‘dimespec’
    cnca : OnOKinf : OnOKnames: no visible binding for '<<-' assignment to
     ‘dimvambien’
    cnca : OnOKinf : OnOKnames: no visible binding for '<<-' assignment to
     ‘especies’
    cnca : OnOKinf : OnOKnames: no visible binding for global variable
     ‘dimespec’
    cnca : OnOKinf : OnOKnames: no visible binding for '<<-' assignment to
     ‘vambientales’
    cnca : OnOKinf : OnOKnames: no visible binding for global variable
     ‘dimvambien’
    cnca : OnOKinf : OnOKnames: no visible binding for '<<-' assignment to
     ‘sumatotal’
    cnca : OnOKinf : OnOKnames: no visible binding for global variable
     ‘especies’
    cnca : OnOKinf : OnOKnames: no visible binding for '<<-' assignment to
     ‘Fe’
    cnca : OnOKinf : OnOKnames: no visible binding for global variable
     ‘sumatotal’
    cnca : OnOKinf : OnOKnames: no visible binding for '<<-' assignment to
     ‘fn’
    cnca : OnOKinf : OnOKnames: no visible binding for '<<-' assignment to
     ‘Idq’
    cnca : OnOKinf : OnOKnames: no visible binding for global variable ‘Fe’
    cnca : OnOKinf : OnOKnames: no visible binding for global variable
     ‘Idq’
    cnca : OnOKinf : OnOKnames: no visible binding for '<<-' assignment to
     ‘Idn’
    cnca : OnOKinf : OnOKnames: no visible binding for '<<-' assignment to
     ‘fq’
    cnca : OnOKinf : OnOKnames: no visible binding for global variable
     ‘Idn’
    cnca : OnOKinf : OnOKnames: no visible binding for '<<-' assignment to
     ‘Dn’
    cnca : OnOKinf : OnOKnames: no visible binding for global variable ‘fn’
    cnca : OnOKinf : OnOKnames: no visible binding for '<<-' assignment to
     ‘textlugares’
    cnca : OnOKinf : OnOKnames: no visible binding for '<<-' assignment to
     ‘textespecies’
    cnca : OnOKinf : OnOKnames: no visible binding for '<<-' assignment to
     ‘textvariables’
    cnca : OnOKinf : OnOKnames: no visible binding for '<<-' assignment to
     ‘collugares’
    cnca : OnOKinf : OnOKnames: no visible binding for '<<-' assignment to
     ‘colespecies’
    cnca : OnOKinf : OnOKnames: no visible binding for '<<-' assignment to
     ‘colvariables’
    cnca : OnOKinf : OnOKnames: no visible binding for '<<-' assignment to
     ‘simlugares’
    cnca : OnOKinf : OnOKnames: no visible binding for '<<-' assignment to
     ‘simespecies’
    cnca : OnOKinf : OnOKnames: no visible binding for '<<-' assignment to
     ‘simvariables’
    cnca : OnOKinf : OnOKnames: no visible binding for '<<-' assignment to
     ‘cexlugares’
    cnca : OnOKinf : OnOKnames: no visible binding for '<<-' assignment to
     ‘cexespecies’
    cnca : OnOKinf : OnOKnames: no visible binding for '<<-' assignment to
     ‘cexvariables’
    cnca : OnOKinf : OnOKnames : OnOKtrans: no visible binding for '<<-'
     assignment to ‘tChoice’
    cnca : OnOKinf : OnOKnames : OnOKtrans: no visible binding for global
     variable ‘tChoice’
    cnca : OnOKinf : OnOKnames : OnOKtrans: no visible binding for '<<-'
     assignment to ‘media’
    cnca : OnOKinf : OnOKnames : OnOKtrans: no visible binding for global
     variable ‘vambientales’
    cnca : OnOKinf : OnOKnames : OnOKtrans: no visible binding for '<<-'
     assignment to ‘vambientalesst’
    cnca : OnOKinf : OnOKnames : OnOKtrans: no visible binding for global
     variable ‘vambientalesst’
    cnca : OnOKinf : OnOKnames : OnOKtrans: no visible binding for global
     variable ‘media’
    cnca : OnOKinf : OnOKnames : OnOKtrans: no visible binding for global
     variable ‘Dn’
    cnca : OnOKinf : OnOKnames : OnOKtrans: no visible binding for '<<-'
     assignment to ‘vambientalescentr’
    cnca : OnOKinf : OnOKnames : OnOKtrans: no visible binding for global
     variable ‘vambientalescentr’
    cnca : OnOKinf : OnOKnames : OnOKtrans: no visible binding for '<<-'
     assignment to ‘vambientalescentrcuad’
    cnca : OnOKinf : OnOKnames : OnOKtrans: no visible binding for '<<-'
     assignment to ‘varvaria’
    cnca : OnOKinf : OnOKnames : OnOKtrans: no visible binding for global
     variable ‘vambientalescentrcuad’
    cnca : OnOKinf : OnOKnames : OnOKtrans: no visible binding for global
     variable ‘varvaria’
    cnca : OnOKinf : OnOKnames : OnOKtrans: no visible binding for '<<-'
     assignment to ‘mediav’
    cnca : OnOKinf : OnOKnames : OnOKtrans: no visible binding for global
     variable ‘mediav’
    cnca : OnOKinf : OnOKnames : OnOKtrans: no visible binding for '<<-'
     assignment to ‘desvvar’
    cnca : OnOKinf : OnOKnames : OnOKtrans: no visible binding for global
     variable ‘desvvar’
    cnca : OnOKinf : OnOKnames: no visible binding for global variable
     ‘Namespe’
    cnca : OnOKinf : OnOKnames: no visible binding for global variable
     ‘textespecies’
    cnca : OnOKinf : OnOKnames : OnOKe: no visible binding for '<<-'
     assignment to ‘Choicee’
    cnca : OnOKinf : OnOKnames : OnOKe: no visible binding for global
     variable ‘textespecies’
    cnca : OnOKinf : OnOKnames : OnOKe: no visible binding for global
     variable ‘colespecies’
    cnca : OnOKinf : OnOKnames : OnOKe: no visible binding for global
     variable ‘cexespecies’
    cnca : OnOKinf : OnOKnames: no visible binding for '<<-' assignment to
     ‘colore’
    cnca : OnOKinf : OnOKnames: no visible binding for global variable
     ‘colespecies’
    cnca : OnOKinf : OnOKnames: no visible binding for global variable
     ‘colore’
    cnca : OnOKinf : OnOKnames : ChangeColore: no visible binding for '<<-'
     assignment to ‘colore’
    cnca : OnOKinf : OnOKnames : ChangeColore: no visible binding for
     global variable ‘colespecies’
    cnca : OnOKinf : OnOKnames : ChangeColore: no visible binding for
     global variable ‘colore’
    cnca : OnOKinf : OnOKnames : ChangeColore: no visible binding for '<<-'
     assignment to ‘colespecies’
    cnca : OnOKinf : OnOKnames : OnOKle: no visible binding for '<<-'
     assignment to ‘textespecies’
    cnca : OnOKinf : OnOKnames : OnOKle: no visible binding for global
     variable ‘textespecies’
    cnca : OnOKinf : OnOKnames : OnOKle: no visible binding for global
     variable ‘dimespec’
    cnca : OnOKinf : OnOKnames: no visible binding for global variable
     ‘cexespecies’
    cnca : OnOKinf : OnOKnames : OnOKce: no visible binding for '<<-'
     assignment to ‘cexespecies’
    cnca : OnOKinf : OnOKnames : OnOKce: no visible binding for global
     variable ‘cexespecies’
    cnca : OnOKinf : OnOKnames : chang.syme: no visible binding for '<<-'
     assignment to ‘simChoicee’
    cnca : OnOKinf : OnOKnames : chang.syme: no visible binding for '<<-'
     assignment to ‘simespecies’
    cnca : OnOKinf : OnOKnames : chang.syme: no visible binding for global
     variable ‘simespecies’
    cnca : OnOKinf : OnOKnames : chang.syme: no visible binding for global
     variable ‘simChoicee’
    cnca : OnOKinf : OnOKnames: no visible binding for global variable
     ‘Namevar’
    cnca : OnOKinf : OnOKnames: no visible binding for global variable
     ‘textvariables’
    cnca : OnOKinf : OnOKnames : OnOKv: no visible binding for '<<-'
     assignment to ‘Choicev’
    cnca : OnOKinf : OnOKnames : OnOKv: no visible binding for global
     variable ‘textvariables’
    cnca : OnOKinf : OnOKnames : OnOKv: no visible binding for global
     variable ‘colvariables’
    cnca : OnOKinf : OnOKnames : OnOKv: no visible binding for global
     variable ‘cexvariables’
    cnca : OnOKinf : OnOKnames : Graphics: no visible binding for '<<-'
     assignment to ‘invD’
    cnca : OnOKinf : OnOKnames : Graphics: no visible binding for global
     variable ‘Dn’
    cnca : OnOKinf : OnOKnames : Graphics: no visible binding for '<<-'
     assignment to ‘Dq’
    cnca : OnOKinf : OnOKnames : Graphics: no visible binding for global
     variable ‘fq’
    cnca : OnOKinf : OnOKnames : Graphics: no visible binding for '<<-'
     assignment to ‘invDq’
    cnca : OnOKinf : OnOKnames : Graphics: no visible binding for global
     variable ‘Dq’
    cnca : OnOKinf : OnOKnames : Graphics: no visible binding for '<<-'
     assignment to ‘P’
    cnca : OnOKinf : OnOKnames : Graphics: no visible binding for global
     variable ‘invD’
    cnca : OnOKinf : OnOKnames : Graphics: no visible binding for global
     variable ‘Fe’
    cnca : OnOKinf : OnOKnames : Graphics: no visible binding for '<<-'
     assignment to ‘Pb’
    cnca : OnOKinf : OnOKnames : Graphics: no visible binding for global
     variable ‘P’
    cnca : OnOKinf : OnOKnames : Graphics: no visible binding for global
     variable ‘Idn’
    cnca : OnOKinf : OnOKnames : Graphics: no visible binding for '<<-'
     assignment to ‘covar’
    cnca : OnOKinf : OnOKnames : Graphics: no visible binding for global
     variable ‘vambientalesst’
    cnca : OnOKinf : OnOKnames : Graphics: no visible binding for '<<-'
     assignment to ‘descovar’
    cnca : OnOKinf : OnOKnames : Graphics: no visible binding for global
     variable ‘covar’
    cnca : OnOKinf : OnOKnames : Graphics: no visible binding for '<<-'
     assignment to ‘Pi’
    cnca : OnOKinf : OnOKnames : Graphics: no visible binding for global
     variable ‘descovar’
    cnca : OnOKinf : OnOKnames : Graphics: no visible binding for '<<-'
     assignment to ‘Pbest’
    cnca : OnOKinf : OnOKnames : Graphics: no visible binding for global
     variable ‘Pi’
    cnca : OnOKinf : OnOKnames : Graphics: no visible binding for global
     variable ‘Pb’
    cnca : OnOKinf : OnOKnames : Graphics : plotbar: no visible binding for
     '<<-' assignment to ‘Fb’
    cnca : OnOKinf : OnOKnames : Graphics : plotbar: no visible binding for
     global variable ‘Fe’
    cnca : OnOKinf : OnOKnames : Graphics : plotbar: no visible binding for
     global variable ‘fn’
    cnca : OnOKinf : OnOKnames : Graphics : plotbar: no visible binding for
     global variable ‘fq’
    cnca : OnOKinf : OnOKnames : Graphics : plotbar: no visible binding for
     '<<-' assignment to ‘L’
    cnca : OnOKinf : OnOKnames : Graphics : plotbar: no visible binding for
     global variable ‘Fb’
    cnca : OnOKinf : OnOKnames : Graphics : plotbar: no visible binding for
     global variable ‘vambientalesst’
    cnca : OnOKinf : OnOKnames : Graphics : plotbar: no visible binding for
     '<<-' assignment to ‘Lp’
    cnca : OnOKinf : OnOKnames : Graphics : plotbar: no visible binding for
     global variable ‘descovar’
    cnca : OnOKinf : OnOKnames : Graphics : plotbar: no visible binding for
     global variable ‘L’
    cnca : OnOKinf : OnOKnames : Graphics : plotbar: no visible binding for
     '<<-' assignment to ‘descom’
    cnca : OnOKinf : OnOKnames : Graphics : plotbar: no visible binding for
     global variable ‘Lp’
    cnca : OnOKinf : OnOKnames : Graphics : plotbar: no visible binding for
     global variable ‘nejes’
    cnca : OnOKinf : OnOKnames : Graphics : plotbar: no visible binding for
     '<<-' assignment to ‘suma2valprop’
    cnca : OnOKinf : OnOKnames : Graphics : plotbar: no visible binding for
     global variable ‘descom’
    cnca : OnOKinf : OnOKnames : Graphics : plotbar: no visible binding for
     '<<-' assignment to ‘sumaRvalprop’
    cnca : OnOKinf : OnOKnames : Graphics : plotbar: no visible binding for
     '<<-' assignment to ‘inerciatot’
    cnca : OnOKinf : OnOKnames : Graphics : plotbar: no visible binding for
     global variable ‘sumaRvalprop’
    cnca : OnOKinf : OnOKnames : Graphics : plotbar: no visible binding for
     global variable ‘inerciatot’
    cnca : OnOKinf : OnOKnames : Graphics: no visible binding for global
     variable ‘descom’
    cnca : OnOKinf : OnOKnames : Graphics: no visible binding for global
     variable ‘inerciatot’
    cnca : OnOKinf : OnOKnames : Graphics : Onaxis: no visible binding for
     '<<-' assignment to ‘nejes’
    cnca : OnOKinf : OnOKnames : Graphics : Onaxis: no visible binding for
     global variable ‘nejes’
    cnca : OnOKinf : OnOKnames : Graphics : Onaxis: no visible binding for
     global variable ‘descom’
    cnca : OnOKinf : OnOKnames : Graphics : Onaxis: no visible binding for
     '<<-' assignment to ‘descpbest’
    cnca : OnOKinf : OnOKnames : Graphics : Onaxis: no visible binding for
     global variable ‘Pbest’
    cnca : OnOKinf : OnOKnames : Graphics : Onaxis: no visible binding for
     '<<-' assignment to ‘R’
    cnca : OnOKinf : OnOKnames : Graphics : Onaxis: no visible binding for
     global variable ‘descpbest’
    cnca : OnOKinf : OnOKnames : Graphics : Onaxis: no visible binding for
     '<<-' assignment to ‘desclp’
    cnca : OnOKinf : OnOKnames : Graphics : Onaxis: no visible binding for
     global variable ‘Lp’
    cnca : OnOKinf : OnOKnames : Graphics : Onaxis: no visible binding for
     '<<-' assignment to ‘V’
    cnca : OnOKinf : OnOKnames : Graphics : Onaxis: no visible binding for
     global variable ‘desclp’
    cnca : OnOKinf : OnOKnames : Graphics : Onaxis: no visible binding for
     '<<-' assignment to ‘Tn’
    cnca : OnOKinf : OnOKnames : Graphics : Onaxis: no visible binding for
     '<<-' assignment to ‘A’
    cnca : OnOKinf : OnOKnames : Graphics : Onaxis: no visible binding for
     '<<-' assignment to ‘colugares’
    cnca : OnOKinf : OnOKnames : Graphics : Onaxis: no visible binding for
     global variable ‘R’
    cnca : OnOKinf : OnOKnames : Graphics : Onaxis: no visible binding for
     global variable ‘V’
    cnca : OnOKinf : OnOKnames : Graphics : Onaxis: no visible binding for
     '<<-' assignment to ‘coespecies’
    cnca : OnOKinf : OnOKnames : Graphics : Onaxis: no visible binding for
     global variable ‘Tn’
    cnca : OnOKinf : OnOKnames : Graphics : Onaxis: no visible binding for
     '<<-' assignment to ‘covambien’
    cnca : OnOKinf : OnOKnames : Graphics : Onaxis: no visible binding for
     global variable ‘descovar’
    cnca : OnOKinf : OnOKnames : Graphics : Onaxis: no visible binding for
     global variable ‘A’
    cnca : OnOKinf : OnOKnames : Graphics : Onaxis: no visible binding for
     '<<-' assignment to ‘ejes’
    cnca : OnOKinf : OnOKnames : Graphics : Onaxis: no visible binding for
     global variable ‘ejes’
    cnca : OnOKinf : OnOKnames : Graphics : Onaxis: no visible binding for
     '<<-' assignment to ‘colugarescuad’
    cnca : OnOKinf : OnOKnames : Graphics : Onaxis: no visible binding for
     '<<-' assignment to ‘fixi’
    cnca : OnOKinf : OnOKnames : Graphics : Onaxis: no visible binding for
     global variable ‘colugarescuad’
    cnca : OnOKinf : OnOKnames : Graphics : Onaxis: no visible binding for
     '<<-' assignment to ‘Calphai’
    cnca : OnOKinf : OnOKnames : Graphics : Onaxis: no visible binding for
     global variable ‘fixi’
    cnca : OnOKinf : OnOKnames : Graphics : Onaxis: no visible binding for
     '<<-' assignment to ‘coespeciescuad’
    cnca : OnOKinf : OnOKnames : Graphics : Onaxis: no visible binding for
     '<<-' assignment to ‘Calphak’
    cnca : OnOKinf : OnOKnames : Graphics : Onaxis: no visible binding for
     global variable ‘coespeciescuad’
    cnca : OnOKinf : OnOKnames : Graphics : Onaxis: no visible binding for
     global variable ‘fn’
    cnca : OnOKinf : OnOKnames : Graphics : Onaxis: no visible binding for
     global variable ‘Calphai’
    cnca : OnOKinf : OnOKnames : Graphics : Onaxis: no visible binding for
     global variable ‘Calphak’
    cnca : OnOKinf : OnOKnames : Graphics : Onaxis: no visible binding for
     global variable ‘textlugares’
    cnca : OnOKinf : OnOKnames : Graphics : Onaxis: no visible binding for
     global variable ‘textespecies’
    cnca : OnOKinf : OnOKnames : Graphics : Onaxis: no visible binding for
     '<<-' assignment to ‘variabilidadps’
    cnca : OnOKinf : OnOKnames : Graphics : Onaxis: no visible binding for
     '<<-' assignment to ‘calidadpst’
    cnca : OnOKinf : OnOKnames : Graphics : Onaxis: no visible binding for
     global variable ‘variabilidadps’
    cnca : OnOKinf : OnOKnames : Graphics : Onaxis: no visible binding for
     '<<-' assignment to ‘calidadps’
    cnca : OnOKinf : OnOKnames : Graphics : Onaxis: no visible binding for
     global variable ‘calidadpst’
    cnca : OnOKinf : OnOKnames : Graphics : Onaxis: no visible binding for
     global variable ‘calidadps’
    cnca : OnOKinf : OnOKnames : Graphics : Onaxis: no visible binding for
     '<<-' assignment to ‘variabilidados’
    cnca : OnOKinf : OnOKnames : Graphics : Onaxis: no visible binding for
     '<<-' assignment to ‘calidadost’
    cnca : OnOKinf : OnOKnames : Graphics : Onaxis: no visible binding for
     global variable ‘variabilidados’
    cnca : OnOKinf : OnOKnames : Graphics : Onaxis: no visible binding for
     '<<-' assignment to ‘calidados’
    cnca : OnOKinf : OnOKnames : Graphics : Onaxis: no visible binding for
     global variable ‘calidadost’
    cnca : OnOKinf : OnOKnames : Graphics : Onaxis: no visible binding for
     global variable ‘calidados’
    cnca : OnOKinf : OnOKnames : Graphics : Onaxis: no visible binding for
     '<<-' assignment to ‘invfn’
    cnca : OnOKinf : OnOKnames : Graphics : Onaxis: no visible binding for
     '<<-' assignment to ‘fifk’
    cnca : OnOKinf : OnOKnames : Graphics : Onaxis: no visible binding for
     global variable ‘fq’
    cnca : OnOKinf : OnOKnames : Graphics : Onaxis: no visible binding for
     '<<-' assignment to ‘resta’
    cnca : OnOKinf : OnOKnames : Graphics : Onaxis: no visible binding for
     global variable ‘Fe’
    cnca : OnOKinf : OnOKnames : Graphics : Onaxis: no visible binding for
     global variable ‘fifk’
    cnca : OnOKinf : OnOKnames : Graphics : Onaxis: no visible binding for
     '<<-' assignment to ‘restacuad’
    cnca : OnOKinf : OnOKnames : Graphics : Onaxis: no visible binding for
     global variable ‘resta’
    cnca : OnOKinf : OnOKnames : Graphics : Onaxis: no visible binding for
     '<<-' assignment to ‘especiesos’
    cnca : OnOKinf : OnOKnames : Graphics : Onaxis: no visible binding for
     global variable ‘restacuad’
    cnca : OnOKinf : OnOKnames : Graphics : Onaxis: no visible binding for
     global variable ‘especiesos’
    cnca : OnOKinf : OnOKnames : Graphics : Onaxis: no visible binding for
     global variable ‘invfn’
    cnca : OnOKinf : OnOKnames : Graphics : Onaxis: no visible binding for
     '<<-' assignment to ‘dok’
    cnca : OnOKinf : OnOKnames : Graphics : Onaxis: no visible binding for
     '<<-' assignment to ‘lugaresos’
    cnca : OnOKinf : OnOKnames : Graphics : Onaxis: no visible binding for
     global variable ‘lugaresos’
    cnca : OnOKinf : OnOKnames : Graphics : Onaxis: no visible binding for
     '<<-' assignment to ‘doi’
    cnca : OnOKinf : OnOKnames : Graphics : Onaxis: no visible binding for
     '<<-' assignment to ‘especiespr’
    cnca : OnOKinf : OnOKnames : Graphics : Onaxis: no visible binding for
     global variable ‘especiespr’
    cnca : OnOKinf : OnOKnames : Graphics : Onaxis: no visible binding for
     '<<-' assignment to ‘dprk’
    cnca : OnOKinf : OnOKnames : Graphics : Onaxis: no visible binding for
     '<<-' assignment to ‘lugarespr’
    cnca : OnOKinf : OnOKnames : Graphics : Onaxis: no visible binding for
     '<<-' assignment to ‘dpri’
    cnca : OnOKinf : OnOKnames : Graphics : Onaxis: no visible binding for
     global variable ‘lugarespr’
    cnca : OnOKinf : OnOKnames : Graphics : Onaxis: no visible binding for
     '<<-' assignment to ‘qalphaips’
    cnca : OnOKinf : OnOKnames : Graphics : Onaxis: no visible binding for
     '<<-' assignment to ‘dalphaios’
    cnca : OnOKinf : OnOKnames : Graphics : Onaxis: no visible binding for
     '<<-' assignment to ‘qalphakps’
    cnca : OnOKinf : OnOKnames : Graphics : Onaxis: no visible binding for
     '<<-' assignment to ‘qalphakos’
    cnca : OnOKinf : OnOKnames : Graphics : Onaxis: no visible binding for
     global variable ‘qalphaips’
    cnca : OnOKinf : OnOKnames : Graphics : Onaxis: no visible binding for
     global variable ‘dpri’
    cnca : OnOKinf : OnOKnames : Graphics : Onaxis: no visible binding for
     global variable ‘dalphaios’
    cnca : OnOKinf : OnOKnames : Graphics : Onaxis: no visible binding for
     global variable ‘doi’
    cnca : OnOKinf : OnOKnames : Graphics : Onaxis: no visible binding for
     global variable ‘qalphakps’
    cnca : OnOKinf : OnOKnames : Graphics : Onaxis: no visible binding for
     global variable ‘dprk’
    cnca : OnOKinf : OnOKnames : Graphics : Onaxis: no visible binding for
     global variable ‘qalphakos’
    cnca : OnOKinf : OnOKnames : Graphics : Onaxis: no visible binding for
     global variable ‘dok’
    cnca : OnOKinf : OnOKnames : Graphics : Onaxis: no visible binding for
     '<<-' assignment to ‘eigencuad’
    cnca : OnOKinf : OnOKnames : Graphics : Onaxis: no visible binding for
     '<<-' assignment to ‘inertia’
    cnca : OnOKinf : OnOKnames : Graphics : Onaxis: no visible binding for
     global variable ‘eigencuad’
    cnca : OnOKinf : OnOKnames : Graphics : Onaxis: no visible binding for
     global variable ‘inertia’
    cnca : OnOKinf : OnOKnames : Graphics : Onaxis: no visible binding for
     '<<-' assignment to ‘coindividuosnam’
    cnca : OnOKinf : OnOKnames : Graphics : Onaxis: no visible binding for
     global variable ‘coespecies’
    cnca : OnOKinf : OnOKnames : Graphics : Onaxis: no visible binding for
     global variable ‘coindividuosnam’
    cnca : OnOKinf : OnOKnames : Graphics : Onaxis: no visible binding for
     '<<-' assignment to ‘covariablesnam’
    cnca : OnOKinf : OnOKnames : Graphics : Onaxis: no visible binding for
     global variable ‘covambien’
    cnca : OnOKinf : OnOKnames : Graphics : Onaxis: no visible binding for
     global variable ‘covariablesnam’
    cnca : OnOKinf : OnOKnames : Graphics : Onaxis: no visible binding for
     global variable ‘textvariables’
    cnca : OnOKinf : OnOKnames : Graphics : Onaxis: no visible binding for
     '<<-' assignment to ‘colugaresnam’
    cnca : OnOKinf : OnOKnames : Graphics : Onaxis: no visible binding for
     global variable ‘colugares’
    cnca : OnOKinf : OnOKnames : Graphics : Onaxis: no visible binding for
     global variable ‘colugaresnam’
    cnca : OnOKinf : OnOKnames : Graphics : Onaxis: no visible binding for
     global variable ‘Namesit’
    cnca : OnOKinf : OnOKnames : Graphics : Onaxis: no visible binding for
     global variable ‘Namespe’
    cnca : OnOKinf : OnOKnames : Graphics : Onaxis: no visible binding for
     global variable ‘Namevar’
    cnca : OnOKinf : OnOKnames : Graphics : Onaxis: no visible binding for
     '<<-' assignment to ‘sumalugares’
    cnca : OnOKinf : OnOKnames : Graphics : Onaxis: no visible binding for
     '<<-' assignment to ‘sumaespecies’
    cnca : OnOKinf : OnOKnames : Graphics : Onaxis: no visible binding for
     '<<-' assignment to ‘sumavariables’
    cnca : OnOKinf : OnOKnames : Graphics : Onaxis: no visible binding for
     '<<-' assignment to ‘slg’
    cnca : OnOKinf : OnOKnames : Graphics : Onaxis: no visible binding for
     global variable ‘sumalugares’
    cnca : OnOKinf : OnOKnames : Graphics : Onaxis: no visible binding for
     '<<-' assignment to ‘sesp’
    cnca : OnOKinf : OnOKnames : Graphics : Onaxis: no visible binding for
     global variable ‘sumaespecies’
    cnca : OnOKinf : OnOKnames : Graphics : Onaxis: no visible binding for
     '<<-' assignment to ‘svar’
    cnca : OnOKinf : OnOKnames : Graphics : Onaxis: no visible binding for
     global variable ‘sumavariables’
    cnca : OnOKinf : OnOKnames : Graphics : Onaxis: no visible binding for
     '<<-' assignment to ‘scfev’
    cnca : OnOKinf : OnOKnames : Graphics : Onaxis: no visible binding for
     global variable ‘sesp’
    cnca : OnOKinf : OnOKnames : Graphics : Onaxis: no visible binding for
     global variable ‘svar’
    cnca : OnOKinf : OnOKnames : Graphics : Onaxis: no visible binding for
     '<<-' assignment to ‘scflv’
    cnca : OnOKinf : OnOKnames : Graphics : Onaxis: no visible binding for
     global variable ‘slg’
    cnca : OnOKinf : OnOKnames : Graphics : Onaxis: no visible binding for
     global variable ‘scfev’
    cnca : OnOKinf : OnOKnames : Graphics : Onaxis: no visible binding for
     global variable ‘scflv’
    cnca : OnOKinf : OnOKnames : Graphics : Onaxis: no visible binding for
     '<<-' assignment to ‘datos’
    cnca : OnOKinf : OnOKnames : Graphics : Onaxis: no visible binding for
     '<<-' assignment to ‘textos’
    cnca : OnOKinf : OnOKnames : Graphics : Onaxis: no visible binding for
     global variable ‘datos’
    cnca : OnOKinf : OnOKnames : Graphics : Onaxis: no visible binding for
     '<<-' assignment to ‘datosr’
    cnca : OnOKinf : OnOKnames : Graphics : Onaxis: no visible binding for
     '<<-' assignment to ‘textosr’
    cnca : OnOKinf : OnOKnames : Graphics : Onaxis: no visible binding for
     global variable ‘datosr’
    cnca : OnOKinf : OnOKnames : Graphics : Onaxis: no visible binding for
     '<<-' assignment to ‘centro’
    cnca : OnOKinf : OnOKnames : Graphics : Onaxis: no visible binding for
     '<<-' assignment to ‘cbVal’
    cnca : OnOKinf : OnOKnames : Graphics : Onaxis: no visible binding for
     '<<-' assignment to ‘cblugares’
    cnca : OnOKinf : OnOKnames : Graphics : Onaxis: no visible binding for
     '<<-' assignment to ‘cblablugares’
    cnca : OnOKinf : OnOKnames : Graphics : Onaxis: no visible binding for
     '<<-' assignment to ‘simbolos’
    cnca : OnOKinf : OnOKnames : Graphics : Onaxis: no visible binding for
     global variable ‘simespecies’
    cnca : OnOKinf : OnOKnames : Graphics : Onaxis: no visible binding for
     global variable ‘simvariables’
    cnca : OnOKinf : OnOKnames : Graphics : Onaxis: no visible binding for
     global variable ‘simlugares’
    cnca : OnOKinf : OnOKnames : Graphics : Onaxis: no visible binding for
     global variable ‘cblugares’
    cnca : OnOKinf : OnOKnames : Graphics : Onaxis: no visible binding for
     '<<-' assignment to ‘xCoords’
    cnca : OnOKinf : OnOKnames : Graphics : Onaxis: no visible binding for
     global variable ‘textos’
    cnca : OnOKinf : OnOKnames : Graphics : Onaxis: no visible binding for
     global variable ‘dim1’
    cnca : OnOKinf : OnOKnames : Graphics : Onaxis: no visible binding for
     '<<-' assignment to ‘yCoords’
    cnca : OnOKinf : OnOKnames : Graphics : Onaxis: no visible binding for
     global variable ‘dim2’
    cnca : OnOKinf : OnOKnames : Graphics : Onaxis: no visible binding for
     '<<-' assignment to ‘zCoords’
    cnca : OnOKinf : OnOKnames : Graphics : Onaxis: no visible binding for
     global variable ‘dim3’
    cnca : OnOKinf : OnOKnames : Graphics : Onaxis: no visible binding for
     global variable ‘cblablugares’
    cnca : OnOKinf : OnOKnames : Graphics : Onaxis: no visible binding for
     '<<-' assignment to ‘labelsVec’
    cnca : OnOKinf : OnOKnames : Graphics : Onaxis: no visible binding for
     '<<-' assignment to ‘sizesVec’
    cnca : OnOKinf : OnOKnames : Graphics : Onaxis: no visible binding for
     global variable ‘cexespecies’
    cnca : OnOKinf : OnOKnames : Graphics : Onaxis: no visible binding for
     global variable ‘cexvariables’
    cnca : OnOKinf : OnOKnames : Graphics : Onaxis: no visible binding for
     global variable ‘cexlugares’
    cnca : OnOKinf : OnOKnames : Graphics : Onaxis: no visible binding for
     '<<-' assignment to ‘colores’
    cnca : OnOKinf : OnOKnames : Graphics : Onaxis: no visible binding for
     global variable ‘colespecies’
    cnca : OnOKinf : OnOKnames : Graphics : Onaxis: no visible binding for
     global variable ‘colvariables’
    cnca : OnOKinf : OnOKnames : Graphics : Onaxis: no visible binding for
     global variable ‘collugares’
    cnca : OnOKinf : OnOKnames : Graphics : Onaxis: no visible binding for
     global variable ‘textosr’
    cnca : OnOKinf : OnOKnames : Graphics : Onaxis: no visible binding for
     global variable ‘xCoords’
    cnca : OnOKinf : OnOKnames : Graphics : Onaxis : plotFunction: no
     visible binding for global variable ‘cblugares’
    cnca : OnOKinf : OnOKnames : Graphics : Onaxis : plotFunction: no
     visible binding for '<<-' assignment to ‘xCoords’
    cnca : OnOKinf : OnOKnames : Graphics : Onaxis : plotFunction: no
     visible binding for global variable ‘textos’
    cnca : OnOKinf : OnOKnames : Graphics : Onaxis : plotFunction: no
     visible binding for global variable ‘dim1’
    cnca : OnOKinf : OnOKnames : Graphics : Onaxis : plotFunction: no
     visible binding for '<<-' assignment to ‘yCoords’
    cnca : OnOKinf : OnOKnames : Graphics : Onaxis : plotFunction: no
     visible binding for global variable ‘dim2’
    cnca : OnOKinf : OnOKnames : Graphics : Onaxis : plotFunction: no
     visible binding for global variable ‘datos’
    cnca : OnOKinf : OnOKnames : Graphics : Onaxis : plotFunction: no
     visible binding for global variable ‘inerciatot’
    cnca : OnOKinf : OnOKnames : Graphics : Onaxis : plotFunction: no
     visible binding for global variable ‘textosr’
    cnca : OnOKinf : OnOKnames : Graphics : Onaxis : plotFunction: no
     visible binding for global variable ‘datosr’
    cnca : OnOKinf : OnOKnames : Graphics : Onaxis : plotFunction: no
     visible binding for global variable ‘coespecies’
    cnca : OnOKinf : OnOKnames : Graphics : Onaxis : plotFunction: no
     visible binding for global variable ‘simespecies’
    cnca : OnOKinf : OnOKnames : Graphics : Onaxis : plotFunction: no
     visible binding for global variable ‘colespecies’
    cnca : OnOKinf : OnOKnames : Graphics : Onaxis : plotFunction: no
     visible binding for global variable ‘centro’
    cnca : OnOKinf : OnOKnames : Graphics : Onaxis : plotFunction: no
     visible binding for global variable ‘covambien’
    cnca : OnOKinf : OnOKnames : Graphics : Onaxis : plotFunction: no
     visible binding for global variable ‘colvariables’
    cnca : OnOKinf : OnOKnames : Graphics : Onaxis : plotFunction: no
     visible binding for global variable ‘cbVal’
    cnca : OnOKinf : OnOKnames : Graphics : Onaxis : plotFunction: no
     visible binding for global variable ‘colugares’
    cnca : OnOKinf : OnOKnames : Graphics : Onaxis : plotFunction: no
     visible binding for global variable ‘simlugares’
    cnca : OnOKinf : OnOKnames : Graphics : Onaxis : plotFunction: no
     visible binding for global variable ‘collugares’
    cnca : OnOKinf : OnOKnames : Graphics : Onaxis : plotFunction: no
     visible binding for global variable ‘cblablugares’
    cnca : OnOKinf : OnOKnames : Graphics : Onaxis : plotFunction: no
     visible binding for global variable ‘xCoords’
    cnca : OnOKinf : OnOKnames : Graphics : Onaxis : plotFunction: no
     visible binding for global variable ‘yCoords’
    cnca : OnOKinf : OnOKnames : Graphics : Onaxis : plotFunction: no
     visible binding for global variable ‘labelsVec’
    cnca : OnOKinf : OnOKnames : Graphics : Onaxis : plotFunction: no
     visible binding for global variable ‘colores’
    cnca : OnOKinf : OnOKnames : Graphics : Onaxis : plotFunction: no
     visible binding for global variable ‘sizesVec’
    cnca : OnOKinf : OnOKnames : Graphics : Onaxis : chang.symdim1: no
     visible binding for '<<-' assignment to ‘dim1’
    cnca : OnOKinf : OnOKnames : Graphics : Onaxis : chang.symdim1: no
     visible binding for '<<-' assignment to ‘dim2’
    cnca : OnOKinf : OnOKnames : Graphics : Onaxis : chang.symdim1: no
     visible binding for '<<-' assignment to ‘dim3’
    cnca : OnOKinf : OnOKnames : Graphics : Onaxis : labelClosestPointd: no
     visible binding for '<<-' assignment to ‘indexClosest’
    cnca : OnOKinf : OnOKnames : Graphics : Onaxis : labelClosestPointd: no
     visible binding for global variable ‘labelsVec’
    cnca : OnOKinf : OnOKnames : Graphics : Onaxis : labelClosestPointd: no
     visible binding for global variable ‘indexClosest’
    cnca : OnOKinf : OnOKnames : Graphics : Onaxis : labelClosestPointd: no
     visible binding for global variable ‘colores’
    cnca : OnOKinf : OnOKnames : Graphics : Onaxis : labelClosestPointd :
     ChangeColori: no visible binding for global variable ‘colores’
    cnca : OnOKinf : OnOKnames : Graphics : Onaxis : labelClosestPointd :
     ChangeColori: no visible binding for global variable ‘indexClosest’
    cnca : OnOKinf : OnOKnames : Graphics : Onaxis : labelClosestPointd :
     ChangeColori: no visible binding for '<<-' assignment to ‘colores’
    cnca : OnOKinf : OnOKnames : Graphics : Onaxis : labelClosestPointd :
     ChangeColori: no visible binding for global variable ‘cblugares’
    cnca : OnOKinf : OnOKnames : Graphics : Onaxis : labelClosestPointd :
     ChangeColori: no visible binding for '<<-' assignment to
     ‘colespecies’
    cnca : OnOKinf : OnOKnames : Graphics : Onaxis : labelClosestPointd :
     ChangeColori: no visible binding for global variable ‘colespecies’
    cnca : OnOKinf : OnOKnames : Graphics : Onaxis : labelClosestPointd :
     ChangeColori: no visible binding for '<<-' assignment to
     ‘colvariables’
    cnca : OnOKinf : OnOKnames : Graphics : Onaxis : labelClosestPointd :
     ChangeColori: no visible binding for global variable ‘colvariables’
    cnca : OnOKinf : OnOKnames : Graphics : Onaxis : labelClosestPointd :
     ChangeColori: no visible binding for '<<-' assignment to ‘collugares’
    cnca : OnOKinf : OnOKnames : Graphics : Onaxis : labelClosestPointd :
     ChangeColori: no visible binding for global variable ‘collugares’
    cnca : OnOKinf : OnOKnames : Graphics : Onaxis : labelClosestPointd: no
     visible binding for '<<-' assignment to ‘Namei’
    cnca : OnOKinf : OnOKnames : Graphics : Onaxis : labelClosestPointd: no
     visible binding for global variable ‘Namei’
    cnca : OnOKinf : OnOKnames : Graphics : Onaxis : labelClosestPointd: no
     visible binding for '<<-' assignment to ‘entry.Namei’
    cnca : OnOKinf : OnOKnames : Graphics : Onaxis : labelClosestPointd: no
     visible binding for '<<-' assignment to ‘NameVali’
    cnca : OnOKinf : OnOKnames : Graphics : Onaxis : labelClosestPointd :
     OnOKli: no visible binding for '<<-' assignment to ‘NameVali’
    cnca : OnOKinf : OnOKnames : Graphics : Onaxis : labelClosestPointd :
     OnOKli: no visible binding for global variable ‘Namei’
    cnca : OnOKinf : OnOKnames : Graphics : Onaxis : labelClosestPointd :
     OnOKli: no visible binding for '<<-' assignment to ‘labelsVec’
    cnca : OnOKinf : OnOKnames : Graphics : Onaxis : labelClosestPointd :
     OnOKli: no visible binding for global variable ‘labelsVec’
    cnca : OnOKinf : OnOKnames : Graphics : Onaxis : labelClosestPointd :
     OnOKli: no visible binding for global variable ‘indexClosest’
    cnca : OnOKinf : OnOKnames : Graphics : Onaxis : labelClosestPointd :
     OnOKli: no visible binding for global variable ‘NameVali’
    cnca : OnOKinf : OnOKnames : Graphics : Onaxis : labelClosestPointd :
     OnOKli: no visible binding for global variable ‘cblugares’
    cnca : OnOKinf : OnOKnames : Graphics : Onaxis : labelClosestPointd :
     OnOKli: no visible binding for '<<-' assignment to ‘textespecies’
    cnca : OnOKinf : OnOKnames : Graphics : Onaxis : labelClosestPointd :
     OnOKli: no visible binding for global variable ‘textespecies’
    cnca : OnOKinf : OnOKnames : Graphics : Onaxis : labelClosestPointd :
     OnOKli: no visible binding for '<<-' assignment to ‘textvariables’
    cnca : OnOKinf : OnOKnames : Graphics : Onaxis : labelClosestPointd :
     OnOKli: no visible binding for global variable ‘textvariables’
    cnca : OnOKinf : OnOKnames : Graphics : Onaxis : labelClosestPointd :
     OnOKli: no visible binding for '<<-' assignment to ‘textlugares’
    cnca : OnOKinf : OnOKnames : Graphics : Onaxis : labelClosestPointd :
     OnOKli: no visible binding for global variable ‘collugares’
    cnca : OnOKinf : OnOKnames : Graphics : Onaxis : labelClosestPointd :
     OnOKli: no visible binding for global variable ‘dimespec’
    cnca : OnOKinf : OnOKnames : Graphics : Onaxis : labelClosestPointd :
     OnOKli: no visible binding for global variable ‘dimvambien’
    cnca : OnOKinf : OnOKnames : Graphics : Onaxis : labelClosestPointd :
     OnOKli: no visible binding for global variable ‘textlugares’
    cnca : OnOKinf : OnOKnames : Graphics : Onaxis : labelClosestPointd: no
     visible binding for global variable ‘entry.Namei’
    cnca : OnOKinf : OnOKnames : Graphics : Onaxis : labelClosestPointd: no
     visible binding for '<<-' assignment to ‘Cexi’
    cnca : OnOKinf : OnOKnames : Graphics : Onaxis : labelClosestPointd: no
     visible binding for global variable ‘sizesVec’
    cnca : OnOKinf : OnOKnames : Graphics : Onaxis : labelClosestPointd: no
     visible binding for global variable ‘Cexi’
    cnca : OnOKinf : OnOKnames : Graphics : Onaxis : labelClosestPointd: no
     visible binding for '<<-' assignment to ‘entry.Cexi’
    cnca : OnOKinf : OnOKnames : Graphics : Onaxis : labelClosestPointd: no
     visible binding for '<<-' assignment to ‘NameCexi’
    cnca : OnOKinf : OnOKnames : Graphics : Onaxis : labelClosestPointd :
     OnOKci: no visible binding for '<<-' assignment to ‘NameCexi’
    cnca : OnOKinf : OnOKnames : Graphics : Onaxis : labelClosestPointd :
     OnOKci: no visible binding for global variable ‘Cexi’
    cnca : OnOKinf : OnOKnames : Graphics : Onaxis : labelClosestPointd :
     OnOKci: no visible binding for '<<-' assignment to ‘sizesVec’
    cnca : OnOKinf : OnOKnames : Graphics : Onaxis : labelClosestPointd :
     OnOKci: no visible binding for global variable ‘sizesVec’
    cnca : OnOKinf : OnOKnames : Graphics : Onaxis : labelClosestPointd :
     OnOKci: no visible binding for global variable ‘indexClosest’
    cnca : OnOKinf : OnOKnames : Graphics : Onaxis : labelClosestPointd :
     OnOKci: no visible binding for global variable ‘NameCexi’
    cnca : OnOKinf : OnOKnames : Graphics : Onaxis : labelClosestPointd :
     OnOKci: no visible binding for global variable ‘cblugares’
    cnca : OnOKinf : OnOKnames : Graphics : Onaxis : labelClosestPointd :
     OnOKci: no visible binding for '<<-' assignment to ‘cexespecies’
    cnca : OnOKinf : OnOKnames : Graphics : Onaxis : labelClosestPointd :
     OnOKci: no visible binding for global variable ‘cexespecies’
    cnca : OnOKinf : OnOKnames : Graphics : Onaxis : labelClosestPointd :
     OnOKci: no visible binding for '<<-' assignment to ‘cexvariables’
    cnca : OnOKinf : OnOKnames : Graphics : Onaxis : labelClosestPointd :
     OnOKci: no visible binding for global variable ‘cexvariables’
    cnca : OnOKinf : OnOKnames : Graphics : Onaxis : labelClosestPointd :
     OnOKci: no visible binding for '<<-' assignment to ‘cexlugares’
    cnca : OnOKinf : OnOKnames : Graphics : Onaxis : labelClosestPointd :
     OnOKci: no visible binding for global variable ‘cexlugares’
    cnca : OnOKinf : OnOKnames : Graphics : Onaxis : labelClosestPointd: no
     visible binding for global variable ‘entry.Cexi’
    cnca : OnOKinf : OnOKnames : Graphics : Onaxis : labelClosestPointd: no
     visible binding for global variable ‘simbolos’
    cnca : OnOKinf : OnOKnames : Graphics : Onaxis : labelClosestPointd :
     chang.sym: no visible binding for '<<-' assignment to ‘simChoice’
    cnca : OnOKinf : OnOKnames : Graphics : Onaxis : labelClosestPointd :
     chang.sym: no visible binding for '<<-' assignment to ‘simbolos’
    cnca : OnOKinf : OnOKnames : Graphics : Onaxis : labelClosestPointd :
     chang.sym: no visible binding for global variable ‘simbolos’
    cnca : OnOKinf : OnOKnames : Graphics : Onaxis : labelClosestPointd :
     chang.sym: no visible binding for global variable ‘indexClosest’
    cnca : OnOKinf : OnOKnames : Graphics : Onaxis : labelClosestPointd :
     chang.sym: no visible binding for global variable ‘simChoice’
    cnca : OnOKinf : OnOKnames : Graphics : Onaxis : labelClosestPointd :
     chang.sym: no visible binding for global variable ‘cblugares’
    cnca : OnOKinf : OnOKnames : Graphics : Onaxis : labelClosestPointd :
     chang.sym: no visible binding for '<<-' assignment to ‘simespecies’
    cnca : OnOKinf : OnOKnames : Graphics : Onaxis : labelClosestPointd :
     chang.sym: no visible binding for global variable ‘simespecies’
    cnca : OnOKinf : OnOKnames : Graphics : Onaxis : labelClosestPointd :
     chang.sym: no visible binding for '<<-' assignment to ‘simvariables’
    cnca : OnOKinf : OnOKnames : Graphics : Onaxis : labelClosestPointd :
     chang.sym: no visible binding for global variable ‘simvariables’
    cnca : OnOKinf : OnOKnames : Graphics : Onaxis : labelClosestPointd :
     chang.sym: no visible binding for '<<-' assignment to ‘simlugares’
    cnca : OnOKinf : OnOKnames : Graphics : Onaxis : labelClosestPointd :
     chang.sym: no visible binding for global variable ‘collugares’
    cnca : OnOKinf : OnOKnames : Graphics : Onaxis : g3d: no visible
     binding for global variable ‘nejes’
    cnca : OnOKinf : OnOKnames : Graphics : Onaxis : g3d: no visible
     binding for global variable ‘cblugares’
    cnca : OnOKinf : OnOKnames : Graphics : Onaxis : g3d: no visible
     binding for '<<-' assignment to ‘zCoords’
    cnca : OnOKinf : OnOKnames : Graphics : Onaxis : g3d: no visible
     binding for global variable ‘datos’
    cnca : OnOKinf : OnOKnames : Graphics : Onaxis : g3d: no visible
     binding for global variable ‘dim3’
    cnca : OnOKinf : OnOKnames : Graphics : Onaxis : g3d: no visible
     binding for global variable ‘cblablugares’
    cnca : OnOKinf : OnOKnames : Graphics : Onaxis : g3d: no visible
     binding for '<<-' assignment to ‘labelsVec3d’
    cnca : OnOKinf : OnOKnames : Graphics : Onaxis : g3d: no visible
     binding for global variable ‘textespecies’
    cnca : OnOKinf : OnOKnames : Graphics : Onaxis : g3d: no visible
     binding for global variable ‘textvariables’
    cnca : OnOKinf : OnOKnames : Graphics : Onaxis : g3d: no visible
     binding for global variable ‘textlugares’
    cnca : OnOKinf : OnOKnames : Graphics : Onaxis : g3d: no visible
     binding for '<<-' assignment to ‘sizesVec3d’
    cnca : OnOKinf : OnOKnames : Graphics : Onaxis : g3d: no visible
     binding for global variable ‘cexespecies’
    cnca : OnOKinf : OnOKnames : Graphics : Onaxis : g3d: no visible
     binding for global variable ‘cexvariables’
    cnca : OnOKinf : OnOKnames : Graphics : Onaxis : g3d: no visible
     binding for global variable ‘cexlugares’
    cnca : OnOKinf : OnOKnames : Graphics : Onaxis : g3d: no visible
     binding for global variable ‘datosr’
    cnca : OnOKinf : OnOKnames : Graphics : Onaxis : g3d: no visible
     binding for global variable ‘cbVal’
    cnca : OnOKinf : OnOKnames : Graphics : Onaxis : g3d: no visible
     binding for global variable ‘xCoords’
    cnca : OnOKinf : OnOKnames : Graphics : Onaxis : g3d: no visible
     binding for global variable ‘yCoords’
    cnca : OnOKinf : OnOKnames : Graphics : Onaxis : g3d: no visible
     binding for global variable ‘zCoords’
    cnca : OnOKinf : OnOKnames : Graphics : Onaxis : g3d: no visible
     binding for global variable ‘colores’
    cnca : OnOKinf : OnOKnames : Graphics : Onaxis : g3d: no visible
     binding for global variable ‘labelsVec3d’
    cnca : OnOKinf : OnOKnames : Graphics : Onaxis : g3d: no visible
     binding for global variable ‘sizesVec3d’
    cnca : OnOKinf : OnOKnames : Graphics : Onaxis : g3d: no visible
     binding for global variable ‘covambien’
    cnca : OnOKinf : OnOKnames : Graphics : Onaxis : g3d: no visible
     binding for global variable ‘dim1’
    cnca : OnOKinf : OnOKnames : Graphics : Onaxis : g3d: no visible
     binding for global variable ‘dim2’
    cnca : OnOKinf : OnOKnames : Graphics : Onaxis : g3d: no visible
     binding for global variable ‘colvariables’
    cnca : OnOKinf : OnOKnames : Graphics : Onaxis : OnLeftClick.up: no
     visible binding for '<<-' assignment to ‘mbval’
    cnca : OnOKinf : OnOKnames : Graphics : Onaxis : OnLeftClick.up: no
     visible binding for global variable ‘mbval’
    cnca : OnOKinf : OnOKnames : Graphics : Onaxis : OnLeftClick.up: no
     visible binding for global variable ‘indexClosest’
    cnca : OnOKinf : OnOKnames : Graphics : Onaxis : OnLeftClick.up: no
     visible binding for global variable ‘cblugares’
    cnca : OnOKinf : OnOKnames : Graphics : Onaxis : OnLeftClick.up: no
     visible binding for '<<-' assignment to ‘textos’
    cnca : OnOKinf : OnOKnames : Graphics : Onaxis : OnLeftClick.up: no
     visible binding for global variable ‘textos’
    cnca : OnOKinf : OnOKnames : Graphics : Onaxis : OnLeftClick.up: no
     visible binding for global variable ‘dim1’
    cnca : OnOKinf : OnOKnames : Graphics : Onaxis : OnLeftClick.up: no
     visible binding for global variable ‘anteriorx’
    cnca : OnOKinf : OnOKnames : Graphics : Onaxis : OnLeftClick.up: no
     visible binding for global variable ‘dim2’
    cnca : OnOKinf : OnOKnames : Graphics : Onaxis : OnLeftClick.up: no
     visible binding for global variable ‘anteriory’
    cnca : OnOKinf : OnOKnames : Graphics : Onaxis : OnLeftClick.up: no
     visible binding for '<<-' assignment to ‘textosr’
    cnca : OnOKinf : OnOKnames : Graphics : Onaxis : OnLeftClick.up: no
     visible binding for global variable ‘textosr’
    cnca : OnOKinf : OnOKnames : Graphics : Onaxis : OnLeftClick.move: no
     visible binding for '<<-' assignment to ‘xClick’
    cnca : OnOKinf : OnOKnames : Graphics : Onaxis : OnLeftClick.move: no
     visible binding for '<<-' assignment to ‘yClick’
    cnca : OnOKinf : OnOKnames : Graphics : Onaxis : OnLeftClick.move: no
     visible binding for '<<-' assignment to ‘width’
    cnca : OnOKinf : OnOKnames : Graphics : Onaxis : OnLeftClick.move: no
     visible binding for '<<-' assignment to ‘height’
    cnca : OnOKinf : OnOKnames : Graphics : Onaxis : OnLeftClick.move: no
     visible binding for '<<-' assignment to ‘xMin’
    cnca : OnOKinf : OnOKnames : Graphics : Onaxis : OnLeftClick.move: no
     visible binding for global variable ‘width’
    cnca : OnOKinf : OnOKnames : Graphics : Onaxis : OnLeftClick.move: no
     visible binding for '<<-' assignment to ‘xMax’
    cnca : OnOKinf : OnOKnames : Graphics : Onaxis : OnLeftClick.move: no
     visible binding for '<<-' assignment to ‘yMin’
    cnca : OnOKinf : OnOKnames : Graphics : Onaxis : OnLeftClick.move: no
     visible binding for global variable ‘height’
    cnca : OnOKinf : OnOKnames : Graphics : Onaxis : OnLeftClick.move: no
     visible binding for '<<-' assignment to ‘yMax’
    cnca : OnOKinf : OnOKnames : Graphics : Onaxis : OnLeftClick.move: no
     visible binding for '<<-' assignment to ‘rangeX’
    cnca : OnOKinf : OnOKnames : Graphics : Onaxis : OnLeftClick.move: no
     visible binding for '<<-' assignment to ‘rangeY’
    cnca : OnOKinf : OnOKnames : Graphics : Onaxis : OnLeftClick.move: no
     visible binding for '<<-' assignment to ‘imgXcoords’
    cnca : OnOKinf : OnOKnames : Graphics : Onaxis : OnLeftClick.move: no
     visible binding for global variable ‘xCoords’
    cnca : OnOKinf : OnOKnames : Graphics : Onaxis : OnLeftClick.move: no
     visible binding for global variable ‘xMax’
    cnca : OnOKinf : OnOKnames : Graphics : Onaxis : OnLeftClick.move: no
     visible binding for global variable ‘xMin’
    cnca : OnOKinf : OnOKnames : Graphics : Onaxis : OnLeftClick.move: no
     visible binding for global variable ‘rangeX’
    cnca : OnOKinf : OnOKnames : Graphics : Onaxis : OnLeftClick.move: no
     visible binding for '<<-' assignment to ‘imgYcoords’
    cnca : OnOKinf : OnOKnames : Graphics : Onaxis : OnLeftClick.move: no
     visible binding for global variable ‘yCoords’
    cnca : OnOKinf : OnOKnames : Graphics : Onaxis : OnLeftClick.move: no
     visible binding for global variable ‘yMax’
    cnca : OnOKinf : OnOKnames : Graphics : Onaxis : OnLeftClick.move: no
     visible binding for global variable ‘yMin’
    cnca : OnOKinf : OnOKnames : Graphics : Onaxis : OnLeftClick.move: no
     visible binding for global variable ‘rangeY’
    cnca : OnOKinf : OnOKnames : Graphics : Onaxis : OnLeftClick.move: no
     visible binding for global variable ‘xClick’
    cnca : OnOKinf : OnOKnames : Graphics : Onaxis : OnLeftClick.move: no
     visible binding for global variable ‘yClick’
    cnca : OnOKinf : OnOKnames : Graphics : Onaxis : OnLeftClick.move: no
     visible binding for '<<-' assignment to ‘xPlotCoord’
    cnca : OnOKinf : OnOKnames : Graphics : Onaxis : OnLeftClick.move: no
     visible binding for '<<-' assignment to ‘yPlotCoord’
    cnca : OnOKinf : OnOKnames : Graphics : Onaxis : OnLeftClick.move: no
     visible binding for global variable ‘cblugares’
    cnca : OnOKinf : OnOKnames : Graphics : Onaxis : OnLeftClick.move: no
     visible binding for '<<-' assignment to ‘textos’
    cnca : OnOKinf : OnOKnames : Graphics : Onaxis : OnLeftClick.move: no
     visible binding for global variable ‘textos’
    cnca : OnOKinf : OnOKnames : Graphics : Onaxis : OnLeftClick.move: no
     visible binding for global variable ‘indexClosest’
    cnca : OnOKinf : OnOKnames : Graphics : Onaxis : OnLeftClick.move: no
     visible binding for global variable ‘dim1’
    cnca : OnOKinf : OnOKnames : Graphics : Onaxis : OnLeftClick.move: no
     visible binding for global variable ‘xPlotCoord’
    cnca : OnOKinf : OnOKnames : Graphics : Onaxis : OnLeftClick.move: no
     visible binding for global variable ‘dim2’
    cnca : OnOKinf : OnOKnames : Graphics : Onaxis : OnLeftClick.move: no
     visible binding for global variable ‘yPlotCoord’
    cnca : OnOKinf : OnOKnames : Graphics : Onaxis : OnLeftClick.move: no
     visible binding for '<<-' assignment to ‘textosr’
    cnca : OnOKinf : OnOKnames : Graphics : Onaxis : OnLeftClick.move: no
     visible binding for global variable ‘textosr’
    cnca : OnOKinf : OnOKnames : Graphics : Onaxis : OnLeftClick.down: no
     visible binding for '<<-' assignment to ‘xClick’
    cnca : OnOKinf : OnOKnames : Graphics : Onaxis : OnLeftClick.down: no
     visible binding for '<<-' assignment to ‘yClick’
    cnca : OnOKinf : OnOKnames : Graphics : Onaxis : OnLeftClick.down: no
     visible binding for '<<-' assignment to ‘width’
    cnca : OnOKinf : OnOKnames : Graphics : Onaxis : OnLeftClick.down: no
     visible binding for '<<-' assignment to ‘height’
    cnca : OnOKinf : OnOKnames : Graphics : Onaxis : OnLeftClick.down: no
     visible binding for '<<-' assignment to ‘xMin’
    cnca : OnOKinf : OnOKnames : Graphics : Onaxis : OnLeftClick.down: no
     visible binding for global variable ‘width’
    cnca : OnOKinf : OnOKnames : Graphics : Onaxis : OnLeftClick.down: no
     visible binding for '<<-' assignment to ‘xMax’
    cnca : OnOKinf : OnOKnames : Graphics : Onaxis : OnLeftClick.down: no
     visible binding for '<<-' assignment to ‘yMin’
    cnca : OnOKinf : OnOKnames : Graphics : Onaxis : OnLeftClick.down: no
     visible binding for global variable ‘height’
    cnca : OnOKinf : OnOKnames : Graphics : Onaxis : OnLeftClick.down: no
     visible binding for '<<-' assignment to ‘yMax’
    cnca : OnOKinf : OnOKnames : Graphics : Onaxis : OnLeftClick.down: no
     visible binding for '<<-' assignment to ‘rangeX’
    cnca : OnOKinf : OnOKnames : Graphics : Onaxis : OnLeftClick.down: no
     visible binding for '<<-' assignment to ‘rangeY’
    cnca : OnOKinf : OnOKnames : Graphics : Onaxis : OnLeftClick.down: no
     visible binding for '<<-' assignment to ‘imgXcoords’
    cnca : OnOKinf : OnOKnames : Graphics : Onaxis : OnLeftClick.down: no
     visible binding for global variable ‘xCoords’
    cnca : OnOKinf : OnOKnames : Graphics : Onaxis : OnLeftClick.down: no
     visible binding for global variable ‘xMax’
    cnca : OnOKinf : OnOKnames : Graphics : Onaxis : OnLeftClick.down: no
     visible binding for global variable ‘xMin’
    cnca : OnOKinf : OnOKnames : Graphics : Onaxis : OnLeftClick.down: no
     visible binding for global variable ‘rangeX’
    cnca : OnOKinf : OnOKnames : Graphics : Onaxis : OnLeftClick.down: no
     visible binding for '<<-' assignment to ‘imgYcoords’
    cnca : OnOKinf : OnOKnames : Graphics : Onaxis : OnLeftClick.down: no
     visible binding for global variable ‘yCoords’
    cnca : OnOKinf : OnOKnames : Graphics : Onaxis : OnLeftClick.down: no
     visible binding for global variable ‘yMax’
    cnca : OnOKinf : OnOKnames : Graphics : Onaxis : OnLeftClick.down: no
     visible binding for global variable ‘yMin’
    cnca : OnOKinf : OnOKnames : Graphics : Onaxis : OnLeftClick.down: no
     visible binding for global variable ‘rangeY’
    cnca : OnOKinf : OnOKnames : Graphics : Onaxis : OnLeftClick.down: no
     visible binding for global variable ‘xClick’
    cnca : OnOKinf : OnOKnames : Graphics : Onaxis : OnLeftClick.down: no
     visible binding for global variable ‘yClick’
    cnca : OnOKinf : OnOKnames : Graphics : Onaxis : OnLeftClick.down: no
     visible binding for '<<-' assignment to ‘xPlotCoord’
    cnca : OnOKinf : OnOKnames : Graphics : Onaxis : OnLeftClick.down: no
     visible binding for '<<-' assignment to ‘yPlotCoord’
    cnca : OnOKinf : OnOKnames : Graphics : Onaxis : OnLeftClick.down: no
     visible binding for global variable ‘imgXcoords’
    cnca : OnOKinf : OnOKnames : Graphics : Onaxis : OnLeftClick.down: no
     visible binding for global variable ‘imgYcoords’
    cnca : OnOKinf : OnOKnames : Graphics : Onaxis : OnLeftClick.down: no
     visible binding for '<<-' assignment to ‘indexClosest’
    cnca : OnOKinf : OnOKnames : Graphics : Onaxis : OnLeftClick.down: no
     visible binding for global variable ‘cblugares’
    cnca : OnOKinf : OnOKnames : Graphics : Onaxis : OnLeftClick.down: no
     visible binding for '<<-' assignment to ‘anteriorx’
    cnca : OnOKinf : OnOKnames : Graphics : Onaxis : OnLeftClick.down: no
     visible binding for global variable ‘textos’
    cnca : OnOKinf : OnOKnames : Graphics : Onaxis : OnLeftClick.down: no
     visible binding for global variable ‘indexClosest’
    cnca : OnOKinf : OnOKnames : Graphics : Onaxis : OnLeftClick.down: no
     visible binding for global variable ‘dim1’
    cnca : OnOKinf : OnOKnames : Graphics : Onaxis : OnLeftClick.down: no
     visible binding for '<<-' assignment to ‘anteriory’
    cnca : OnOKinf : OnOKnames : Graphics : Onaxis : OnLeftClick.down: no
     visible binding for global variable ‘dim2’
    cnca : OnOKinf : OnOKnames : Graphics : Onaxis : OnLeftClick.down: no
     visible binding for global variable ‘textosr’
    cnca : OnOKinf : OnOKnames : Graphics : Onaxis : OnRightClick: no
     visible binding for '<<-' assignment to ‘xClick’
    cnca : OnOKinf : OnOKnames : Graphics : Onaxis : OnRightClick: no
     visible binding for '<<-' assignment to ‘yClick’
    cnca : OnOKinf : OnOKnames : Graphics : Onaxis : OnRightClick: no
     visible binding for '<<-' assignment to ‘width’
    cnca : OnOKinf : OnOKnames : Graphics : Onaxis : OnRightClick: no
     visible binding for '<<-' assignment to ‘height’
    cnca : OnOKinf : OnOKnames : Graphics : Onaxis : OnRightClick: no
     visible binding for '<<-' assignment to ‘xMin’
    cnca : OnOKinf : OnOKnames : Graphics : Onaxis : OnRightClick: no
     visible binding for global variable ‘width’
    cnca : OnOKinf : OnOKnames : Graphics : Onaxis : OnRightClick: no
     visible binding for '<<-' assignment to ‘xMax’
    cnca : OnOKinf : OnOKnames : Graphics : Onaxis : OnRightClick: no
     visible binding for '<<-' assignment to ‘yMin’
    cnca : OnOKinf : OnOKnames : Graphics : Onaxis : OnRightClick: no
     visible binding for global variable ‘height’
    cnca : OnOKinf : OnOKnames : Graphics : Onaxis : OnRightClick: no
     visible binding for '<<-' assignment to ‘yMax’
    cnca : OnOKinf : OnOKnames : Graphics : Onaxis : OnRightClick: no
     visible binding for '<<-' assignment to ‘rangeX’
    cnca : OnOKinf : OnOKnames : Graphics : Onaxis : OnRightClick: no
     visible binding for '<<-' assignment to ‘rangeY’
    cnca : OnOKinf : OnOKnames : Graphics : Onaxis : OnRightClick: no
     visible binding for '<<-' assignment to ‘imgXcoords’
    cnca : OnOKinf : OnOKnames : Graphics : Onaxis : OnRightClick: no
     visible binding for global variable ‘xCoords’
    cnca : OnOKinf : OnOKnames : Graphics : Onaxis : OnRightClick: no
     visible binding for global variable ‘xMax’
    cnca : OnOKinf : OnOKnames : Graphics : Onaxis : OnRightClick: no
     visible binding for global variable ‘xMin’
    cnca : OnOKinf : OnOKnames : Graphics : Onaxis : OnRightClick: no
     visible binding for global variable ‘rangeX’
    cnca : OnOKinf : OnOKnames : Graphics : Onaxis : OnRightClick: no
     visible binding for '<<-' assignment to ‘imgYcoords’
    cnca : OnOKinf : OnOKnames : Graphics : Onaxis : OnRightClick: no
     visible binding for global variable ‘yCoords’
    cnca : OnOKinf : OnOKnames : Graphics : Onaxis : OnRightClick: no
     visible binding for global variable ‘yMax’
    cnca : OnOKinf : OnOKnames : Graphics : Onaxis : OnRightClick: no
     visible binding for global variable ‘yMin’
    cnca : OnOKinf : OnOKnames : Graphics : Onaxis : OnRightClick: no
     visible binding for global variable ‘rangeY’
    cnca : OnOKinf : OnOKnames : Graphics : Onaxis : OnRightClick: no
     visible binding for global variable ‘xClick’
    cnca : OnOKinf : OnOKnames : Graphics : Onaxis : OnRightClick: no
     visible binding for global variable ‘yClick’
    cnca : OnOKinf : OnOKnames : Graphics : Onaxis : OnRightClick: no
     visible binding for '<<-' assignment to ‘xPlotCoord’
    cnca : OnOKinf : OnOKnames : Graphics : Onaxis : OnRightClick: no
     visible binding for '<<-' assignment to ‘yPlotCoord’
    cnca : OnOKinf : OnOKnames : Graphics : Onaxis : OnRightClick: no
     visible binding for global variable ‘imgXcoords’
    cnca : OnOKinf : OnOKnames : Graphics : Onaxis : OnRightClick: no
     visible binding for global variable ‘imgYcoords’
    cnca : OnOKinf : OnOKnames: no visible binding for global variable
     ‘colvariables’
    cnca : OnOKinf : OnOKnames : ChangeColorv: no visible binding for
     global variable ‘colvariables’
    cnca : OnOKinf : OnOKnames : ChangeColorv: no visible binding for '<<-'
     assignment to ‘colvariables’
    cnca : OnOKinf : OnOKnames : OnOKlv: no visible binding for '<<-'
     assignment to ‘textvariables’
    cnca : OnOKinf : OnOKnames : OnOKlv: no visible binding for global
     variable ‘textvariables’
    cnca : OnOKinf : OnOKnames : OnOKlv: no visible binding for global
     variable ‘dimvambien’
    cnca : OnOKinf : OnOKnames: no visible binding for global variable
     ‘cexvariables’
    cnca : OnOKinf : OnOKnames : OnOKcv: no visible binding for '<<-'
     assignment to ‘cexvariables’
    cnca : OnOKinf : OnOKnames : OnOKcv: no visible binding for global
     variable ‘cexvariables’
    cnca : OnOKinf : OnOKnames: no visible binding for global variable
     ‘Namesit’
    cnca : OnOKinf : OnOKnames: no visible binding for global variable
     ‘textlugares’
    cnca : OnOKinf : OnOKnames : OnOKl: no visible binding for '<<-'
     assignment to ‘Choicel’
    cnca : OnOKinf : OnOKnames : OnOKl: no visible binding for global
     variable ‘textespecies’
    cnca : OnOKinf : OnOKnames : OnOKl: no visible binding for global
     variable ‘collugares’
    cnca : OnOKinf : OnOKnames : OnOKl: no visible binding for global
     variable ‘textlugares’
    cnca : OnOKinf : OnOKnames : OnOKl: no visible binding for global
     variable ‘simlugares’
    cnca : OnOKinf : OnOKnames : OnOKl: no visible binding for global
     variable ‘cexlugares’
    cnca : OnOKinf : OnOKnames: no visible binding for global variable
     ‘collugares’
    cnca : OnOKinf : OnOKnames : ChangeColorl: no visible binding for
     global variable ‘collugares’
    cnca : OnOKinf : OnOKnames : ChangeColorl: no visible binding for '<<-'
     assignment to ‘collugares’
    cnca : OnOKinf : OnOKnames : OnOKll: no visible binding for '<<-'
     assignment to ‘textlugares’
    cnca : OnOKinf : OnOKnames : OnOKll: no visible binding for global
     variable ‘textlugares’
    cnca : OnOKinf : OnOKnames : OnOKll: no visible binding for global
     variable ‘dimespec’
    cnca : OnOKinf : OnOKnames: no visible binding for global variable
     ‘cexlugares’
    cnca : OnOKinf : OnOKnames : OnOKcl: no visible binding for '<<-'
     assignment to ‘Namecexl’
    cnca : OnOKinf : OnOKnames : OnOKcl: no visible binding for '<<-'
     assignment to ‘cexlugares’
    cnca : OnOKinf : OnOKnames : OnOKcl: no visible binding for global
     variable ‘cexlugares’
    cnca : OnOKinf : OnOKnames : chang.syml: no visible binding for '<<-'
     assignment to ‘simChoicel’
    cnca : OnOKinf : OnOKnames : chang.syml: no visible binding for '<<-'
     assignment to ‘simlugares’
    cnca : OnOKinf : OnOKnames : chang.syml: no visible binding for global
     variable ‘simlugares’
    cnca : OnOKinf : OnOKnames : chang.syml: no visible binding for global
     variable ‘simChoicel’
Flavors: r-devel-linux-x86_64-debian-clang, r-devel-linux-x86_64-debian-gcc, r-devel-linux-x86_64-fedora-clang, r-devel-linux-x86_64-fedora-gcc, r-devel-osx-x86_64-clang, r-patched-linux-x86_64, r-patched-solaris-sparc, r-patched-solaris-x86, r-release-linux-ix86, r-release-linux-x86_64

Version: 0.0-2
Check: R code for possible problems
Result: NOTE
    cnca: no visible binding for '<<-' assignment to 'nejes'
    cnca: no visible binding for '<<-' assignment to 'dim1'
    cnca: no visible binding for '<<-' assignment to 'dim2'
    cnca: no visible binding for '<<-' assignment to 'dim3'
    cnca : OnOKinf : OnOKnames: no visible binding for '<<-' assignment to
     'Namesit'
    cnca : OnOKinf : OnOKnames: no visible binding for '<<-' assignment to
     'Namespe'
    cnca : OnOKinf : OnOKnames: no visible binding for '<<-' assignment to
     'Namevar'
    cnca : OnOKinf : OnOKnames: no visible binding for '<<-' assignment to
     'dimespec'
    cnca : OnOKinf : OnOKnames: no visible binding for '<<-' assignment to
     'dimvambien'
    cnca : OnOKinf : OnOKnames: no visible binding for '<<-' assignment to
     'especies'
    cnca : OnOKinf : OnOKnames: no visible binding for global variable
     'dimespec'
    cnca : OnOKinf : OnOKnames: no visible binding for '<<-' assignment to
     'vambientales'
    cnca : OnOKinf : OnOKnames: no visible binding for global variable
     'dimvambien'
    cnca : OnOKinf : OnOKnames: no visible binding for '<<-' assignment to
     'sumatotal'
    cnca : OnOKinf : OnOKnames: no visible binding for global variable
     'especies'
    cnca : OnOKinf : OnOKnames: no visible binding for '<<-' assignment to
     'Fe'
    cnca : OnOKinf : OnOKnames: no visible binding for global variable
     'sumatotal'
    cnca : OnOKinf : OnOKnames: no visible binding for '<<-' assignment to
     'fn'
    cnca : OnOKinf : OnOKnames: no visible binding for '<<-' assignment to
     'Idq'
    cnca : OnOKinf : OnOKnames: no visible binding for global variable 'Fe'
    cnca : OnOKinf : OnOKnames: no visible binding for global variable
     'Idq'
    cnca : OnOKinf : OnOKnames: no visible binding for '<<-' assignment to
     'Idn'
    cnca : OnOKinf : OnOKnames: no visible binding for '<<-' assignment to
     'fq'
    cnca : OnOKinf : OnOKnames: no visible binding for global variable
     'Idn'
    cnca : OnOKinf : OnOKnames: no visible binding for '<<-' assignment to
     'Dn'
    cnca : OnOKinf : OnOKnames: no visible binding for global variable 'fn'
    cnca : OnOKinf : OnOKnames: no visible binding for '<<-' assignment to
     'textlugares'
    cnca : OnOKinf : OnOKnames: no visible binding for '<<-' assignment to
     'textespecies'
    cnca : OnOKinf : OnOKnames: no visible binding for '<<-' assignment to
     'textvariables'
    cnca : OnOKinf : OnOKnames: no visible binding for '<<-' assignment to
     'collugares'
    cnca : OnOKinf : OnOKnames: no visible binding for '<<-' assignment to
     'colespecies'
    cnca : OnOKinf : OnOKnames: no visible binding for '<<-' assignment to
     'colvariables'
    cnca : OnOKinf : OnOKnames: no visible binding for '<<-' assignment to
     'simlugares'
    cnca : OnOKinf : OnOKnames: no visible binding for '<<-' assignment to
     'simespecies'
    cnca : OnOKinf : OnOKnames: no visible binding for '<<-' assignment to
     'simvariables'
    cnca : OnOKinf : OnOKnames: no visible binding for '<<-' assignment to
     'cexlugares'
    cnca : OnOKinf : OnOKnames: no visible binding for '<<-' assignment to
     'cexespecies'
    cnca : OnOKinf : OnOKnames: no visible binding for '<<-' assignment to
     'cexvariables'
    cnca : OnOKinf : OnOKnames : OnOKtrans: no visible binding for '<<-'
     assignment to 'tChoice'
    cnca : OnOKinf : OnOKnames : OnOKtrans: no visible binding for global
     variable 'tChoice'
    cnca : OnOKinf : OnOKnames : OnOKtrans: no visible binding for '<<-'
     assignment to 'media'
    cnca : OnOKinf : OnOKnames : OnOKtrans: no visible binding for global
     variable 'vambientales'
    cnca : OnOKinf : OnOKnames : OnOKtrans: no visible binding for '<<-'
     assignment to 'vambientalesst'
    cnca : OnOKinf : OnOKnames : OnOKtrans: no visible binding for global
     variable 'vambientalesst'
    cnca : OnOKinf : OnOKnames : OnOKtrans: no visible binding for global
     variable 'media'
    cnca : OnOKinf : OnOKnames : OnOKtrans: no visible binding for global
     variable 'Dn'
    cnca : OnOKinf : OnOKnames : OnOKtrans: no visible binding for '<<-'
     assignment to 'vambientalescentr'
    cnca : OnOKinf : OnOKnames : OnOKtrans: no visible binding for global
     variable 'vambientalescentr'
    cnca : OnOKinf : OnOKnames : OnOKtrans: no visible binding for '<<-'
     assignment to 'vambientalescentrcuad'
    cnca : OnOKinf : OnOKnames : OnOKtrans: no visible binding for '<<-'
     assignment to 'varvaria'
    cnca : OnOKinf : OnOKnames : OnOKtrans: no visible binding for global
     variable 'vambientalescentrcuad'
    cnca : OnOKinf : OnOKnames : OnOKtrans: no visible binding for global
     variable 'varvaria'
    cnca : OnOKinf : OnOKnames : OnOKtrans: no visible binding for '<<-'
     assignment to 'mediav'
    cnca : OnOKinf : OnOKnames : OnOKtrans: no visible binding for global
     variable 'mediav'
    cnca : OnOKinf : OnOKnames : OnOKtrans: no visible binding for '<<-'
     assignment to 'desvvar'
    cnca : OnOKinf : OnOKnames : OnOKtrans: no visible binding for global
     variable 'desvvar'
    cnca : OnOKinf : OnOKnames: no visible binding for global variable
     'Namespe'
    cnca : OnOKinf : OnOKnames: no visible binding for global variable
     'textespecies'
    cnca : OnOKinf : OnOKnames : OnOKe: no visible binding for '<<-'
     assignment to 'Choicee'
    cnca : OnOKinf : OnOKnames : OnOKe: no visible binding for global
     variable 'textespecies'
    cnca : OnOKinf : OnOKnames : OnOKe: no visible binding for global
     variable 'colespecies'
    cnca : OnOKinf : OnOKnames : OnOKe: no visible binding for global
     variable 'cexespecies'
    cnca : OnOKinf : OnOKnames: no visible binding for '<<-' assignment to
     'colore'
    cnca : OnOKinf : OnOKnames: no visible binding for global variable
     'colespecies'
    cnca : OnOKinf : OnOKnames: no visible binding for global variable
     'colore'
    cnca : OnOKinf : OnOKnames : ChangeColore: no visible binding for '<<-'
     assignment to 'colore'
    cnca : OnOKinf : OnOKnames : ChangeColore: no visible binding for
     global variable 'colespecies'
    cnca : OnOKinf : OnOKnames : ChangeColore: no visible binding for
     global variable 'colore'
    cnca : OnOKinf : OnOKnames : ChangeColore: no visible binding for '<<-'
     assignment to 'colespecies'
    cnca : OnOKinf : OnOKnames : OnOKle: no visible binding for '<<-'
     assignment to 'textespecies'
    cnca : OnOKinf : OnOKnames : OnOKle: no visible binding for global
     variable 'textespecies'
    cnca : OnOKinf : OnOKnames : OnOKle: no visible binding for global
     variable 'dimespec'
    cnca : OnOKinf : OnOKnames: no visible binding for global variable
     'cexespecies'
    cnca : OnOKinf : OnOKnames : OnOKce: no visible binding for '<<-'
     assignment to 'cexespecies'
    cnca : OnOKinf : OnOKnames : OnOKce: no visible binding for global
     variable 'cexespecies'
    cnca : OnOKinf : OnOKnames : chang.syme: no visible binding for '<<-'
     assignment to 'simChoicee'
    cnca : OnOKinf : OnOKnames : chang.syme: no visible binding for '<<-'
     assignment to 'simespecies'
    cnca : OnOKinf : OnOKnames : chang.syme: no visible binding for global
     variable 'simespecies'
    cnca : OnOKinf : OnOKnames : chang.syme: no visible binding for global
     variable 'simChoicee'
    cnca : OnOKinf : OnOKnames: no visible binding for global variable
     'Namevar'
    cnca : OnOKinf : OnOKnames: no visible binding for global variable
     'textvariables'
    cnca : OnOKinf : OnOKnames : OnOKv: no visible binding for '<<-'
     assignment to 'Choicev'
    cnca : OnOKinf : OnOKnames : OnOKv: no visible binding for global
     variable 'textvariables'
    cnca : OnOKinf : OnOKnames : OnOKv: no visible binding for global
     variable 'colvariables'
    cnca : OnOKinf : OnOKnames : OnOKv: no visible binding for global
     variable 'cexvariables'
    cnca : OnOKinf : OnOKnames : Graphics: no visible binding for '<<-'
     assignment to 'invD'
    cnca : OnOKinf : OnOKnames : Graphics: no visible binding for global
     variable 'Dn'
    cnca : OnOKinf : OnOKnames : Graphics: no visible binding for '<<-'
     assignment to 'Dq'
    cnca : OnOKinf : OnOKnames : Graphics: no visible binding for global
     variable 'fq'
    cnca : OnOKinf : OnOKnames : Graphics: no visible binding for '<<-'
     assignment to 'invDq'
    cnca : OnOKinf : OnOKnames : Graphics: no visible binding for global
     variable 'Dq'
    cnca : OnOKinf : OnOKnames : Graphics: no visible binding for '<<-'
     assignment to 'P'
    cnca : OnOKinf : OnOKnames : Graphics: no visible binding for global
     variable 'invD'
    cnca : OnOKinf : OnOKnames : Graphics: no visible binding for global
     variable 'Fe'
    cnca : OnOKinf : OnOKnames : Graphics: no visible binding for '<<-'
     assignment to 'Pb'
    cnca : OnOKinf : OnOKnames : Graphics: no visible binding for global
     variable 'P'
    cnca : OnOKinf : OnOKnames : Graphics: no visible binding for global
     variable 'Idn'
    cnca : OnOKinf : OnOKnames : Graphics: no visible binding for '<<-'
     assignment to 'covar'
    cnca : OnOKinf : OnOKnames : Graphics: no visible binding for global
     variable 'vambientalesst'
    cnca : OnOKinf : OnOKnames : Graphics: no visible binding for '<<-'
     assignment to 'descovar'
    cnca : OnOKinf : OnOKnames : Graphics: no visible binding for global
     variable 'covar'
    cnca : OnOKinf : OnOKnames : Graphics: no visible binding for '<<-'
     assignment to 'Pi'
    cnca : OnOKinf : OnOKnames : Graphics: no visible binding for global
     variable 'descovar'
    cnca : OnOKinf : OnOKnames : Graphics: no visible binding for '<<-'
     assignment to 'Pbest'
    cnca : OnOKinf : OnOKnames : Graphics: no visible binding for global
     variable 'Pi'
    cnca : OnOKinf : OnOKnames : Graphics: no visible binding for global
     variable 'Pb'
    cnca : OnOKinf : OnOKnames : Graphics : plotbar: no visible binding for
     '<<-' assignment to 'Fb'
    cnca : OnOKinf : OnOKnames : Graphics : plotbar: no visible binding for
     global variable 'Fe'
    cnca : OnOKinf : OnOKnames : Graphics : plotbar: no visible binding for
     global variable 'fn'
    cnca : OnOKinf : OnOKnames : Graphics : plotbar: no visible binding for
     global variable 'fq'
    cnca : OnOKinf : OnOKnames : Graphics : plotbar: no visible binding for
     '<<-' assignment to 'L'
    cnca : OnOKinf : OnOKnames : Graphics : plotbar: no visible binding for
     global variable 'Fb'
    cnca : OnOKinf : OnOKnames : Graphics : plotbar: no visible binding for
     global variable 'vambientalesst'
    cnca : OnOKinf : OnOKnames : Graphics : plotbar: no visible binding for
     '<<-' assignment to 'Lp'
    cnca : OnOKinf : OnOKnames : Graphics : plotbar: no visible binding for
     global variable 'descovar'
    cnca : OnOKinf : OnOKnames : Graphics : plotbar: no visible binding for
     global variable 'L'
    cnca : OnOKinf : OnOKnames : Graphics : plotbar: no visible binding for
     '<<-' assignment to 'descom'
    cnca : OnOKinf : OnOKnames : Graphics : plotbar: no visible binding for
     global variable 'Lp'
    cnca : OnOKinf : OnOKnames : Graphics : plotbar: no visible binding for
     global variable 'nejes'
    cnca : OnOKinf : OnOKnames : Graphics : plotbar: no visible binding for
     '<<-' assignment to 'suma2valprop'
    cnca : OnOKinf : OnOKnames : Graphics : plotbar: no visible binding for
     global variable 'descom'
    cnca : OnOKinf : OnOKnames : Graphics : plotbar: no visible binding for
     '<<-' assignment to 'sumaRvalprop'
    cnca : OnOKinf : OnOKnames : Graphics : plotbar: no visible binding for
     '<<-' assignment to 'inerciatot'
    cnca : OnOKinf : OnOKnames : Graphics : plotbar: no visible binding for
     global variable 'sumaRvalprop'
    cnca : OnOKinf : OnOKnames : Graphics : plotbar: no visible binding for
     global variable 'inerciatot'
    cnca : OnOKinf : OnOKnames : Graphics: no visible binding for global
     variable 'descom'
    cnca : OnOKinf : OnOKnames : Graphics: no visible binding for global
     variable 'inerciatot'
    cnca : OnOKinf : OnOKnames : Graphics : Onaxis: no visible binding for
     '<<-' assignment to 'nejes'
    cnca : OnOKinf : OnOKnames : Graphics : Onaxis: no visible binding for
     global variable 'nejes'
    cnca : OnOKinf : OnOKnames : Graphics : Onaxis: no visible binding for
     global variable 'descom'
    cnca : OnOKinf : OnOKnames : Graphics : Onaxis: no visible binding for
     '<<-' assignment to 'descpbest'
    cnca : OnOKinf : OnOKnames : Graphics : Onaxis: no visible binding for
     global variable 'Pbest'
    cnca : OnOKinf : OnOKnames : Graphics : Onaxis: no visible binding for
     '<<-' assignment to 'R'
    cnca : OnOKinf : OnOKnames : Graphics : Onaxis: no visible binding for
     global variable 'descpbest'
    cnca : OnOKinf : OnOKnames : Graphics : Onaxis: no visible binding for
     '<<-' assignment to 'desclp'
    cnca : OnOKinf : OnOKnames : Graphics : Onaxis: no visible binding for
     global variable 'Lp'
    cnca : OnOKinf : OnOKnames : Graphics : Onaxis: no visible binding for
     '<<-' assignment to 'V'
    cnca : OnOKinf : OnOKnames : Graphics : Onaxis: no visible binding for
     global variable 'desclp'
    cnca : OnOKinf : OnOKnames : Graphics : Onaxis: no visible binding for
     '<<-' assignment to 'Tn'
    cnca : OnOKinf : OnOKnames : Graphics : Onaxis: no visible binding for
     '<<-' assignment to 'A'
    cnca : OnOKinf : OnOKnames : Graphics : Onaxis: no visible binding for
     '<<-' assignment to 'colugares'
    cnca : OnOKinf : OnOKnames : Graphics : Onaxis: no visible binding for
     global variable 'R'
    cnca : OnOKinf : OnOKnames : Graphics : Onaxis: no visible binding for
     global variable 'V'
    cnca : OnOKinf : OnOKnames : Graphics : Onaxis: no visible binding for
     '<<-' assignment to 'coespecies'
    cnca : OnOKinf : OnOKnames : Graphics : Onaxis: no visible binding for
     global variable 'Tn'
    cnca : OnOKinf : OnOKnames : Graphics : Onaxis: no visible binding for
     '<<-' assignment to 'covambien'
    cnca : OnOKinf : OnOKnames : Graphics : Onaxis: no visible binding for
     global variable 'descovar'
    cnca : OnOKinf : OnOKnames : Graphics : Onaxis: no visible binding for
     global variable 'A'
    cnca : OnOKinf : OnOKnames : Graphics : Onaxis: no visible binding for
     '<<-' assignment to 'ejes'
    cnca : OnOKinf : OnOKnames : Graphics : Onaxis: no visible binding for
     global variable 'ejes'
    cnca : OnOKinf : OnOKnames : Graphics : Onaxis: no visible binding for
     '<<-' assignment to 'colugarescuad'
    cnca : OnOKinf : OnOKnames : Graphics : Onaxis: no visible binding for
     '<<-' assignment to 'fixi'
    cnca : OnOKinf : OnOKnames : Graphics : Onaxis: no visible binding for
     global variable 'colugarescuad'
    cnca : OnOKinf : OnOKnames : Graphics : Onaxis: no visible binding for
     '<<-' assignment to 'Calphai'
    cnca : OnOKinf : OnOKnames : Graphics : Onaxis: no visible binding for
     global variable 'fixi'
    cnca : OnOKinf : OnOKnames : Graphics : Onaxis: no visible binding for
     '<<-' assignment to 'coespeciescuad'
    cnca : OnOKinf : OnOKnames : Graphics : Onaxis: no visible binding for
     '<<-' assignment to 'Calphak'
    cnca : OnOKinf : OnOKnames : Graphics : Onaxis: no visible binding for
     global variable 'coespeciescuad'
    cnca : OnOKinf : OnOKnames : Graphics : Onaxis: no visible binding for
     global variable 'fn'
    cnca : OnOKinf : OnOKnames : Graphics : Onaxis: no visible binding for
     global variable 'Calphai'
    cnca : OnOKinf : OnOKnames : Graphics : Onaxis: no visible binding for
     global variable 'Calphak'
    cnca : OnOKinf : OnOKnames : Graphics : Onaxis: no visible binding for
     global variable 'textlugares'
    cnca : OnOKinf : OnOKnames : Graphics : Onaxis: no visible binding for
     global variable 'textespecies'
    cnca : OnOKinf : OnOKnames : Graphics : Onaxis: no visible binding for
     '<<-' assignment to 'variabilidadps'
    cnca : OnOKinf : OnOKnames : Graphics : Onaxis: no visible binding for
     '<<-' assignment to 'calidadpst'
    cnca : OnOKinf : OnOKnames : Graphics : Onaxis: no visible binding for
     global variable 'variabilidadps'
    cnca : OnOKinf : OnOKnames : Graphics : Onaxis: no visible binding for
     '<<-' assignment to 'calidadps'
    cnca : OnOKinf : OnOKnames : Graphics : Onaxis: no visible binding for
     global variable 'calidadpst'
    cnca : OnOKinf : OnOKnames : Graphics : Onaxis: no visible binding for
     global variable 'calidadps'
    cnca : OnOKinf : OnOKnames : Graphics : Onaxis: no visible binding for
     '<<-' assignment to 'variabilidados'
    cnca : OnOKinf : OnOKnames : Graphics : Onaxis: no visible binding for
     '<<-' assignment to 'calidadost'
    cnca : OnOKinf : OnOKnames : Graphics : Onaxis: no visible binding for
     global variable 'variabilidados'
    cnca : OnOKinf : OnOKnames : Graphics : Onaxis: no visible binding for
     '<<-' assignment to 'calidados'
    cnca : OnOKinf : OnOKnames : Graphics : Onaxis: no visible binding for
     global variable 'calidadost'
    cnca : OnOKinf : OnOKnames : Graphics : Onaxis: no visible binding for
     global variable 'calidados'
    cnca : OnOKinf : OnOKnames : Graphics : Onaxis: no visible binding for
     '<<-' assignment to 'invfn'
    cnca : OnOKinf : OnOKnames : Graphics : Onaxis: no visible binding for
     '<<-' assignment to 'fifk'
    cnca : OnOKinf : OnOKnames : Graphics : Onaxis: no visible binding for
     global variable 'fq'
    cnca : OnOKinf : OnOKnames : Graphics : Onaxis: no visible binding for
     '<<-' assignment to 'resta'
    cnca : OnOKinf : OnOKnames : Graphics : Onaxis: no visible binding for
     global variable 'Fe'
    cnca : OnOKinf : OnOKnames : Graphics : Onaxis: no visible binding for
     global variable 'fifk'
    cnca : OnOKinf : OnOKnames : Graphics : Onaxis: no visible binding for
     '<<-' assignment to 'restacuad'
    cnca : OnOKinf : OnOKnames : Graphics : Onaxis: no visible binding for
     global variable 'resta'
    cnca : OnOKinf : OnOKnames : Graphics : Onaxis: no visible binding for
     '<<-' assignment to 'especiesos'
    cnca : OnOKinf : OnOKnames : Graphics : Onaxis: no visible binding for
     global variable 'restacuad'
    cnca : OnOKinf : OnOKnames : Graphics : Onaxis: no visible binding for
     global variable 'especiesos'
    cnca : OnOKinf : OnOKnames : Graphics : Onaxis: no visible binding for
     global variable 'invfn'
    cnca : OnOKinf : OnOKnames : Graphics : Onaxis: no visible binding for
     '<<-' assignment to 'dok'
    cnca : OnOKinf : OnOKnames : Graphics : Onaxis: no visible binding for
     '<<-' assignment to 'lugaresos'
    cnca : OnOKinf : OnOKnames : Graphics : Onaxis: no visible binding for
     global variable 'lugaresos'
    cnca : OnOKinf : OnOKnames : Graphics : Onaxis: no visible binding for
     '<<-' assignment to 'doi'
    cnca : OnOKinf : OnOKnames : Graphics : Onaxis: no visible binding for
     '<<-' assignment to 'especiespr'
    cnca : OnOKinf : OnOKnames : Graphics : Onaxis: no visible binding for
     global variable 'especiespr'
    cnca : OnOKinf : OnOKnames : Graphics : Onaxis: no visible binding for
     '<<-' assignment to 'dprk'
    cnca : OnOKinf : OnOKnames : Graphics : Onaxis: no visible binding for
     '<<-' assignment to 'lugarespr'
    cnca : OnOKinf : OnOKnames : Graphics : Onaxis: no visible binding for
     '<<-' assignment to 'dpri'
    cnca : OnOKinf : OnOKnames : Graphics : Onaxis: no visible binding for
     global variable 'lugarespr'
    cnca : OnOKinf : OnOKnames : Graphics : Onaxis: no visible binding for
     '<<-' assignment to 'qalphaips'
    cnca : OnOKinf : OnOKnames : Graphics : Onaxis: no visible binding for
     '<<-' assignment to 'dalphaios'
    cnca : OnOKinf : OnOKnames : Graphics : Onaxis: no visible binding for
     '<<-' assignment to 'qalphakps'
    cnca : OnOKinf : OnOKnames : Graphics : Onaxis: no visible binding for
     '<<-' assignment to 'qalphakos'
    cnca : OnOKinf : OnOKnames : Graphics : Onaxis: no visible binding for
     global variable 'qalphaips'
    cnca : OnOKinf : OnOKnames : Graphics : Onaxis: no visible binding for
     global variable 'dpri'
    cnca : OnOKinf : OnOKnames : Graphics : Onaxis: no visible binding for
     global variable 'dalphaios'
    cnca : OnOKinf : OnOKnames : Graphics : Onaxis: no visible binding for
     global variable 'doi'
    cnca : OnOKinf : OnOKnames : Graphics : Onaxis: no visible binding for
     global variable 'qalphakps'
    cnca : OnOKinf : OnOKnames : Graphics : Onaxis: no visible binding for
     global variable 'dprk'
    cnca : OnOKinf : OnOKnames : Graphics : Onaxis: no visible binding for
     global variable 'qalphakos'
    cnca : OnOKinf : OnOKnames : Graphics : Onaxis: no visible binding for
     global variable 'dok'
    cnca : OnOKinf : OnOKnames : Graphics : Onaxis: no visible binding for
     '<<-' assignment to 'eigencuad'
    cnca : OnOKinf : OnOKnames : Graphics : Onaxis: no visible binding for
     '<<-' assignment to 'inertia'
    cnca : OnOKinf : OnOKnames : Graphics : Onaxis: no visible binding for
     global variable 'eigencuad'
    cnca : OnOKinf : OnOKnames : Graphics : Onaxis: no visible binding for
     global variable 'inertia'
    cnca : OnOKinf : OnOKnames : Graphics : Onaxis: no visible binding for
     '<<-' assignment to 'coindividuosnam'
    cnca : OnOKinf : OnOKnames : Graphics : Onaxis: no visible binding for
     global variable 'coespecies'
    cnca : OnOKinf : OnOKnames : Graphics : Onaxis: no visible binding for
     global variable 'coindividuosnam'
    cnca : OnOKinf : OnOKnames : Graphics : Onaxis: no visible binding for
     '<<-' assignment to 'covariablesnam'
    cnca : OnOKinf : OnOKnames : Graphics : Onaxis: no visible binding for
     global variable 'covambien'
    cnca : OnOKinf : OnOKnames : Graphics : Onaxis: no visible binding for
     global variable 'covariablesnam'
    cnca : OnOKinf : OnOKnames : Graphics : Onaxis: no visible binding for
     global variable 'textvariables'
    cnca : OnOKinf : OnOKnames : Graphics : Onaxis: no visible binding for
     '<<-' assignment to 'colugaresnam'
    cnca : OnOKinf : OnOKnames : Graphics : Onaxis: no visible binding for
     global variable 'colugares'
    cnca : OnOKinf : OnOKnames : Graphics : Onaxis: no visible binding for
     global variable 'colugaresnam'
    cnca : OnOKinf : OnOKnames : Graphics : Onaxis: no visible binding for
     global variable 'Namesit'
    cnca : OnOKinf : OnOKnames : Graphics : Onaxis: no visible binding for
     global variable 'Namespe'
    cnca : OnOKinf : OnOKnames : Graphics : Onaxis: no visible binding for
     global variable 'Namevar'
    cnca : OnOKinf : OnOKnames : Graphics : Onaxis: no visible binding for
     '<<-' assignment to 'sumalugares'
    cnca : OnOKinf : OnOKnames : Graphics : Onaxis: no visible binding for
     '<<-' assignment to 'sumaespecies'
    cnca : OnOKinf : OnOKnames : Graphics : Onaxis: no visible binding for
     '<<-' assignment to 'sumavariables'
    cnca : OnOKinf : OnOKnames : Graphics : Onaxis: no visible binding for
     '<<-' assignment to 'slg'
    cnca : OnOKinf : OnOKnames : Graphics : Onaxis: no visible binding for
     global variable 'sumalugares'
    cnca : OnOKinf : OnOKnames : Graphics : Onaxis: no visible binding for
     '<<-' assignment to 'sesp'
    cnca : OnOKinf : OnOKnames : Graphics : Onaxis: no visible binding for
     global variable 'sumaespecies'
    cnca : OnOKinf : OnOKnames : Graphics : Onaxis: no visible binding for
     '<<-' assignment to 'svar'
    cnca : OnOKinf : OnOKnames : Graphics : Onaxis: no visible binding for
     global variable 'sumavariables'
    cnca : OnOKinf : OnOKnames : Graphics : Onaxis: no visible binding for
     '<<-' assignment to 'scfev'
    cnca : OnOKinf : OnOKnames : Graphics : Onaxis: no visible binding for
     global variable 'sesp'
    cnca : OnOKinf : OnOKnames : Graphics : Onaxis: no visible binding for
     global variable 'svar'
    cnca : OnOKinf : OnOKnames : Graphics : Onaxis: no visible binding for
     '<<-' assignment to 'scflv'
    cnca : OnOKinf : OnOKnames : Graphics : Onaxis: no visible binding for
     global variable 'slg'
    cnca : OnOKinf : OnOKnames : Graphics : Onaxis: no visible binding for
     global variable 'scfev'
    cnca : OnOKinf : OnOKnames : Graphics : Onaxis: no visible binding for
     global variable 'scflv'
    cnca : OnOKinf : OnOKnames : Graphics : Onaxis: no visible binding for
     '<<-' assignment to 'datos'
    cnca : OnOKinf : OnOKnames : Graphics : Onaxis: no visible binding for
     '<<-' assignment to 'textos'
    cnca : OnOKinf : OnOKnames : Graphics : Onaxis: no visible binding for
     global variable 'datos'
    cnca : OnOKinf : OnOKnames : Graphics : Onaxis: no visible binding for
     '<<-' assignment to 'datosr'
    cnca : OnOKinf : OnOKnames : Graphics : Onaxis: no visible binding for
     '<<-' assignment to 'textosr'
    cnca : OnOKinf : OnOKnames : Graphics : Onaxis: no visible binding for
     global variable 'datosr'
    cnca : OnOKinf : OnOKnames : Graphics : Onaxis: no visible binding for
     '<<-' assignment to 'centro'
    cnca : OnOKinf : OnOKnames : Graphics : Onaxis: no visible binding for
     '<<-' assignment to 'cbVal'
    cnca : OnOKinf : OnOKnames : Graphics : Onaxis: no visible binding for
     '<<-' assignment to 'cblugares'
    cnca : OnOKinf : OnOKnames : Graphics : Onaxis: no visible binding for
     '<<-' assignment to 'cblablugares'
    cnca : OnOKinf : OnOKnames : Graphics : Onaxis: no visible binding for
     '<<-' assignment to 'simbolos'
    cnca : OnOKinf : OnOKnames : Graphics : Onaxis: no visible binding for
     global variable 'simespecies'
    cnca : OnOKinf : OnOKnames : Graphics : Onaxis: no visible binding for
     global variable 'simvariables'
    cnca : OnOKinf : OnOKnames : Graphics : Onaxis: no visible binding for
     global variable 'simlugares'
    cnca : OnOKinf : OnOKnames : Graphics : Onaxis: no visible binding for
     global variable 'cblugares'
    cnca : OnOKinf : OnOKnames : Graphics : Onaxis: no visible binding for
     '<<-' assignment to 'xCoords'
    cnca : OnOKinf : OnOKnames : Graphics : Onaxis: no visible binding for
     global variable 'textos'
    cnca : OnOKinf : OnOKnames : Graphics : Onaxis: no visible binding for
     global variable 'dim1'
    cnca : OnOKinf : OnOKnames : Graphics : Onaxis: no visible binding for
     '<<-' assignment to 'yCoords'
    cnca : OnOKinf : OnOKnames : Graphics : Onaxis: no visible binding for
     global variable 'dim2'
    cnca : OnOKinf : OnOKnames : Graphics : Onaxis: no visible binding for
     '<<-' assignment to 'zCoords'
    cnca : OnOKinf : OnOKnames : Graphics : Onaxis: no visible binding for
     global variable 'dim3'
    cnca : OnOKinf : OnOKnames : Graphics : Onaxis: no visible binding for
     global variable 'cblablugares'
    cnca : OnOKinf : OnOKnames : Graphics : Onaxis: no visible binding for
     '<<-' assignment to 'labelsVec'
    cnca : OnOKinf : OnOKnames : Graphics : Onaxis: no visible binding for
     '<<-' assignment to 'sizesVec'
    cnca : OnOKinf : OnOKnames : Graphics : Onaxis: no visible binding for
     global variable 'cexespecies'
    cnca : OnOKinf : OnOKnames : Graphics : Onaxis: no visible binding for
     global variable 'cexvariables'
    cnca : OnOKinf : OnOKnames : Graphics : Onaxis: no visible binding for
     global variable 'cexlugares'
    cnca : OnOKinf : OnOKnames : Graphics : Onaxis: no visible binding for
     '<<-' assignment to 'colores'
    cnca : OnOKinf : OnOKnames : Graphics : Onaxis: no visible binding for
     global variable 'colespecies'
    cnca : OnOKinf : OnOKnames : Graphics : Onaxis: no visible binding for
     global variable 'colvariables'
    cnca : OnOKinf : OnOKnames : Graphics : Onaxis: no visible binding for
     global variable 'collugares'
    cnca : OnOKinf : OnOKnames : Graphics : Onaxis: no visible binding for
     global variable 'textosr'
    cnca : OnOKinf : OnOKnames : Graphics : Onaxis: no visible binding for
     global variable 'xCoords'
    cnca : OnOKinf : OnOKnames : Graphics : Onaxis : plotFunction: no
     visible binding for global variable 'cblugares'
    cnca : OnOKinf : OnOKnames : Graphics : Onaxis : plotFunction: no
     visible binding for '<<-' assignment to 'xCoords'
    cnca : OnOKinf : OnOKnames : Graphics : Onaxis : plotFunction: no
     visible binding for global variable 'textos'
    cnca : OnOKinf : OnOKnames : Graphics : Onaxis : plotFunction: no
     visible binding for global variable 'dim1'
    cnca : OnOKinf : OnOKnames : Graphics : Onaxis : plotFunction: no
     visible binding for '<<-' assignment to 'yCoords'
    cnca : OnOKinf : OnOKnames : Graphics : Onaxis : plotFunction: no
     visible binding for global variable 'dim2'
    cnca : OnOKinf : OnOKnames : Graphics : Onaxis : plotFunction: no
     visible binding for global variable 'datos'
    cnca : OnOKinf : OnOKnames : Graphics : Onaxis : plotFunction: no
     visible binding for global variable 'inerciatot'
    cnca : OnOKinf : OnOKnames : Graphics : Onaxis : plotFunction: no
     visible binding for global variable 'textosr'
    cnca : OnOKinf : OnOKnames : Graphics : Onaxis : plotFunction: no
     visible binding for global variable 'datosr'
    cnca : OnOKinf : OnOKnames : Graphics : Onaxis : plotFunction: no
     visible binding for global variable 'coespecies'
    cnca : OnOKinf : OnOKnames : Graphics : Onaxis : plotFunction: no
     visible binding for global variable 'simespecies'
    cnca : OnOKinf : OnOKnames : Graphics : Onaxis : plotFunction: no
     visible binding for global variable 'colespecies'
    cnca : OnOKinf : OnOKnames : Graphics : Onaxis : plotFunction: no
     visible binding for global variable 'centro'
    cnca : OnOKinf : OnOKnames : Graphics : Onaxis : plotFunction: no
     visible binding for global variable 'covambien'
    cnca : OnOKinf : OnOKnames : Graphics : Onaxis : plotFunction: no
     visible binding for global variable 'colvariables'
    cnca : OnOKinf : OnOKnames : Graphics : Onaxis : plotFunction: no
     visible binding for global variable 'cbVal'
    cnca : OnOKinf : OnOKnames : Graphics : Onaxis : plotFunction: no
     visible binding for global variable 'colugares'
    cnca : OnOKinf : OnOKnames : Graphics : Onaxis : plotFunction: no
     visible binding for global variable 'simlugares'
    cnca : OnOKinf : OnOKnames : Graphics : Onaxis : plotFunction: no
     visible binding for global variable 'collugares'
    cnca : OnOKinf : OnOKnames : Graphics : Onaxis : plotFunction: no
     visible binding for global variable 'cblablugares'
    cnca : OnOKinf : OnOKnames : Graphics : Onaxis : plotFunction: no
     visible binding for global variable 'xCoords'
    cnca : OnOKinf : OnOKnames : Graphics : Onaxis : plotFunction: no
     visible binding for global variable 'yCoords'
    cnca : OnOKinf : OnOKnames : Graphics : Onaxis : plotFunction: no
     visible binding for global variable 'labelsVec'
    cnca : OnOKinf : OnOKnames : Graphics : Onaxis : plotFunction: no
     visible binding for global variable 'colores'
    cnca : OnOKinf : OnOKnames : Graphics : Onaxis : plotFunction: no
     visible binding for global variable 'sizesVec'
    cnca : OnOKinf : OnOKnames : Graphics : Onaxis : chang.symdim1: no
     visible binding for '<<-' assignment to 'dim1'
    cnca : OnOKinf : OnOKnames : Graphics : Onaxis : chang.symdim1: no
     visible binding for '<<-' assignment to 'dim2'
    cnca : OnOKinf : OnOKnames : Graphics : Onaxis : chang.symdim1: no
     visible binding for '<<-' assignment to 'dim3'
    cnca : OnOKinf : OnOKnames : Graphics : Onaxis : labelClosestPointd: no
     visible binding for '<<-' assignment to 'indexClosest'
    cnca : OnOKinf : OnOKnames : Graphics : Onaxis : labelClosestPointd: no
     visible binding for global variable 'labelsVec'
    cnca : OnOKinf : OnOKnames : Graphics : Onaxis : labelClosestPointd: no
     visible binding for global variable 'indexClosest'
    cnca : OnOKinf : OnOKnames : Graphics : Onaxis : labelClosestPointd: no
     visible binding for global variable 'colores'
    cnca : OnOKinf : OnOKnames : Graphics : Onaxis : labelClosestPointd :
     ChangeColori: no visible binding for global variable 'colores'
    cnca : OnOKinf : OnOKnames : Graphics : Onaxis : labelClosestPointd :
     ChangeColori: no visible binding for global variable 'indexClosest'
    cnca : OnOKinf : OnOKnames : Graphics : Onaxis : labelClosestPointd :
     ChangeColori: no visible binding for '<<-' assignment to 'colores'
    cnca : OnOKinf : OnOKnames : Graphics : Onaxis : labelClosestPointd :
     ChangeColori: no visible binding for global variable 'cblugares'
    cnca : OnOKinf : OnOKnames : Graphics : Onaxis : labelClosestPointd :
     ChangeColori: no visible binding for '<<-' assignment to
     'colespecies'
    cnca : OnOKinf : OnOKnames : Graphics : Onaxis : labelClosestPointd :
     ChangeColori: no visible binding for global variable 'colespecies'
    cnca : OnOKinf : OnOKnames : Graphics : Onaxis : labelClosestPointd :
     ChangeColori: no visible binding for '<<-' assignment to
     'colvariables'
    cnca : OnOKinf : OnOKnames : Graphics : Onaxis : labelClosestPointd :
     ChangeColori: no visible binding for global variable 'colvariables'
    cnca : OnOKinf : OnOKnames : Graphics : Onaxis : labelClosestPointd :
     ChangeColori: no visible binding for '<<-' assignment to 'collugares'
    cnca : OnOKinf : OnOKnames : Graphics : Onaxis : labelClosestPointd :
     ChangeColori: no visible binding for global variable 'collugares'
    cnca : OnOKinf : OnOKnames : Graphics : Onaxis : labelClosestPointd: no
     visible binding for '<<-' assignment to 'Namei'
    cnca : OnOKinf : OnOKnames : Graphics : Onaxis : labelClosestPointd: no
     visible binding for global variable 'Namei'
    cnca : OnOKinf : OnOKnames : Graphics : Onaxis : labelClosestPointd: no
     visible binding for '<<-' assignment to 'entry.Namei'
    cnca : OnOKinf : OnOKnames : Graphics : Onaxis : labelClosestPointd: no
     visible binding for '<<-' assignment to 'NameVali'
    cnca : OnOKinf : OnOKnames : Graphics : Onaxis : labelClosestPointd :
     OnOKli: no visible binding for '<<-' assignment to 'NameVali'
    cnca : OnOKinf : OnOKnames : Graphics : Onaxis : labelClosestPointd :
     OnOKli: no visible binding for global variable 'Namei'
    cnca : OnOKinf : OnOKnames : Graphics : Onaxis : labelClosestPointd :
     OnOKli: no visible binding for '<<-' assignment to 'labelsVec'
    cnca : OnOKinf : OnOKnames : Graphics : Onaxis : labelClosestPointd :
     OnOKli: no visible binding for global variable 'labelsVec'
    cnca : OnOKinf : OnOKnames : Graphics : Onaxis : labelClosestPointd :
     OnOKli: no visible binding for global variable 'indexClosest'
    cnca : OnOKinf : OnOKnames : Graphics : Onaxis : labelClosestPointd :
     OnOKli: no visible binding for global variable 'NameVali'
    cnca : OnOKinf : OnOKnames : Graphics : Onaxis : labelClosestPointd :
     OnOKli: no visible binding for global variable 'cblugares'
    cnca : OnOKinf : OnOKnames : Graphics : Onaxis : labelClosestPointd :
     OnOKli: no visible binding for '<<-' assignment to 'textespecies'
    cnca : OnOKinf : OnOKnames : Graphics : Onaxis : labelClosestPointd :
     OnOKli: no visible binding for global variable 'textespecies'
    cnca : OnOKinf : OnOKnames : Graphics : Onaxis : labelClosestPointd :
     OnOKli: no visible binding for '<<-' assignment to 'textvariables'
    cnca : OnOKinf : OnOKnames : Graphics : Onaxis : labelClosestPointd :
     OnOKli: no visible binding for global variable 'textvariables'
    cnca : OnOKinf : OnOKnames : Graphics : Onaxis : labelClosestPointd :
     OnOKli: no visible binding for '<<-' assignment to 'textlugares'
    cnca : OnOKinf : OnOKnames : Graphics : Onaxis : labelClosestPointd :
     OnOKli: no visible binding for global variable 'collugares'
    cnca : OnOKinf : OnOKnames : Graphics : Onaxis : labelClosestPointd :
     OnOKli: no visible binding for global variable 'dimespec'
    cnca : OnOKinf : OnOKnames : Graphics : Onaxis : labelClosestPointd :
     OnOKli: no visible binding for global variable 'dimvambien'
    cnca : OnOKinf : OnOKnames : Graphics : Onaxis : labelClosestPointd :
     OnOKli: no visible binding for global variable 'textlugares'
    cnca : OnOKinf : OnOKnames : Graphics : Onaxis : labelClosestPointd: no
     visible binding for global variable 'entry.Namei'
    cnca : OnOKinf : OnOKnames : Graphics : Onaxis : labelClosestPointd: no
     visible binding for '<<-' assignment to 'Cexi'
    cnca : OnOKinf : OnOKnames : Graphics : Onaxis : labelClosestPointd: no
     visible binding for global variable 'sizesVec'
    cnca : OnOKinf : OnOKnames : Graphics : Onaxis : labelClosestPointd: no
     visible binding for global variable 'Cexi'
    cnca : OnOKinf : OnOKnames : Graphics : Onaxis : labelClosestPointd: no
     visible binding for '<<-' assignment to 'entry.Cexi'
    cnca : OnOKinf : OnOKnames : Graphics : Onaxis : labelClosestPointd: no
     visible binding for '<<-' assignment to 'NameCexi'
    cnca : OnOKinf : OnOKnames : Graphics : Onaxis : labelClosestPointd :
     OnOKci: no visible binding for '<<-' assignment to 'NameCexi'
    cnca : OnOKinf : OnOKnames : Graphics : Onaxis : labelClosestPointd :
     OnOKci: no visible binding for global variable 'Cexi'
    cnca : OnOKinf : OnOKnames : Graphics : Onaxis : labelClosestPointd :
     OnOKci: no visible binding for '<<-' assignment to 'sizesVec'
    cnca : OnOKinf : OnOKnames : Graphics : Onaxis : labelClosestPointd :
     OnOKci: no visible binding for global variable 'sizesVec'
    cnca : OnOKinf : OnOKnames : Graphics : Onaxis : labelClosestPointd :
     OnOKci: no visible binding for global variable 'indexClosest'
    cnca : OnOKinf : OnOKnames : Graphics : Onaxis : labelClosestPointd :
     OnOKci: no visible binding for global variable 'NameCexi'
    cnca : OnOKinf : OnOKnames : Graphics : Onaxis : labelClosestPointd :
     OnOKci: no visible binding for global variable 'cblugares'
    cnca : OnOKinf : OnOKnames : Graphics : Onaxis : labelClosestPointd :
     OnOKci: no visible binding for '<<-' assignment to 'cexespecies'
    cnca : OnOKinf : OnOKnames : Graphics : Onaxis : labelClosestPointd :
     OnOKci: no visible binding for global variable 'cexespecies'
    cnca : OnOKinf : OnOKnames : Graphics : Onaxis : labelClosestPointd :
     OnOKci: no visible binding for '<<-' assignment to 'cexvariables'
    cnca : OnOKinf : OnOKnames : Graphics : Onaxis : labelClosestPointd :
     OnOKci: no visible binding for global variable 'cexvariables'
    cnca : OnOKinf : OnOKnames : Graphics : Onaxis : labelClosestPointd :
     OnOKci: no visible binding for '<<-' assignment to 'cexlugares'
    cnca : OnOKinf : OnOKnames : Graphics : Onaxis : labelClosestPointd :
     OnOKci: no visible binding for global variable 'cexlugares'
    cnca : OnOKinf : OnOKnames : Graphics : Onaxis : labelClosestPointd: no
     visible binding for global variable 'entry.Cexi'
    cnca : OnOKinf : OnOKnames : Graphics : Onaxis : labelClosestPointd: no
     visible binding for global variable 'simbolos'
    cnca : OnOKinf : OnOKnames : Graphics : Onaxis : labelClosestPointd :
     chang.sym: no visible binding for '<<-' assignment to 'simChoice'
    cnca : OnOKinf : OnOKnames : Graphics : Onaxis : labelClosestPointd :
     chang.sym: no visible binding for '<<-' assignment to 'simbolos'
    cnca : OnOKinf : OnOKnames : Graphics : Onaxis : labelClosestPointd :
     chang.sym: no visible binding for global variable 'simbolos'
    cnca : OnOKinf : OnOKnames : Graphics : Onaxis : labelClosestPointd :
     chang.sym: no visible binding for global variable 'indexClosest'
    cnca : OnOKinf : OnOKnames : Graphics : Onaxis : labelClosestPointd :
     chang.sym: no visible binding for global variable 'simChoice'
    cnca : OnOKinf : OnOKnames : Graphics : Onaxis : labelClosestPointd :
     chang.sym: no visible binding for global variable 'cblugares'
    cnca : OnOKinf : OnOKnames : Graphics : Onaxis : labelClosestPointd :
     chang.sym: no visible binding for '<<-' assignment to 'simespecies'
    cnca : OnOKinf : OnOKnames : Graphics : Onaxis : labelClosestPointd :
     chang.sym: no visible binding for global variable 'simespecies'
    cnca : OnOKinf : OnOKnames : Graphics : Onaxis : labelClosestPointd :
     chang.sym: no visible binding for '<<-' assignment to 'simvariables'
    cnca : OnOKinf : OnOKnames : Graphics : Onaxis : labelClosestPointd :
     chang.sym: no visible binding for global variable 'simvariables'
    cnca : OnOKinf : OnOKnames : Graphics : Onaxis : labelClosestPointd :
     chang.sym: no visible binding for '<<-' assignment to 'simlugares'
    cnca : OnOKinf : OnOKnames : Graphics : Onaxis : labelClosestPointd :
     chang.sym: no visible binding for global variable 'collugares'
    cnca : OnOKinf : OnOKnames : Graphics : Onaxis : g3d: no visible
     binding for global variable 'nejes'
    cnca : OnOKinf : OnOKnames : Graphics : Onaxis : g3d: no visible
     binding for global variable 'cblugares'
    cnca : OnOKinf : OnOKnames : Graphics : Onaxis : g3d: no visible
     binding for '<<-' assignment to 'zCoords'
    cnca : OnOKinf : OnOKnames : Graphics : Onaxis : g3d: no visible
     binding for global variable 'datos'
    cnca : OnOKinf : OnOKnames : Graphics : Onaxis : g3d: no visible
     binding for global variable 'dim3'
    cnca : OnOKinf : OnOKnames : Graphics : Onaxis : g3d: no visible
     binding for global variable 'cblablugares'
    cnca : OnOKinf : OnOKnames : Graphics : Onaxis : g3d: no visible
     binding for '<<-' assignment to 'labelsVec3d'
    cnca : OnOKinf : OnOKnames : Graphics : Onaxis : g3d: no visible
     binding for global variable 'textespecies'
    cnca : OnOKinf : OnOKnames : Graphics : Onaxis : g3d: no visible
     binding for global variable 'textvariables'
    cnca : OnOKinf : OnOKnames : Graphics : Onaxis : g3d: no visible
     binding for global variable 'textlugares'
    cnca : OnOKinf : OnOKnames : Graphics : Onaxis : g3d: no visible
     binding for '<<-' assignment to 'sizesVec3d'
    cnca : OnOKinf : OnOKnames : Graphics : Onaxis : g3d: no visible
     binding for global variable 'cexespecies'
    cnca : OnOKinf : OnOKnames : Graphics : Onaxis : g3d: no visible
     binding for global variable 'cexvariables'
    cnca : OnOKinf : OnOKnames : Graphics : Onaxis : g3d: no visible
     binding for global variable 'cexlugares'
    cnca : OnOKinf : OnOKnames : Graphics : Onaxis : g3d: no visible
     binding for global variable 'datosr'
    cnca : OnOKinf : OnOKnames : Graphics : Onaxis : g3d: no visible
     binding for global variable 'cbVal'
    cnca : OnOKinf : OnOKnames : Graphics : Onaxis : g3d: no visible
     binding for global variable 'xCoords'
    cnca : OnOKinf : OnOKnames : Graphics : Onaxis : g3d: no visible
     binding for global variable 'yCoords'
    cnca : OnOKinf : OnOKnames : Graphics : Onaxis : g3d: no visible
     binding for global variable 'zCoords'
    cnca : OnOKinf : OnOKnames : Graphics : Onaxis : g3d: no visible
     binding for global variable 'colores'
    cnca : OnOKinf : OnOKnames : Graphics : Onaxis : g3d: no visible
     binding for global variable 'labelsVec3d'
    cnca : OnOKinf : OnOKnames : Graphics : Onaxis : g3d: no visible
     binding for global variable 'sizesVec3d'
    cnca : OnOKinf : OnOKnames : Graphics : Onaxis : g3d: no visible
     binding for global variable 'covambien'
    cnca : OnOKinf : OnOKnames : Graphics : Onaxis : g3d: no visible
     binding for global variable 'dim1'
    cnca : OnOKinf : OnOKnames : Graphics : Onaxis : g3d: no visible
     binding for global variable 'dim2'
    cnca : OnOKinf : OnOKnames : Graphics : Onaxis : g3d: no visible
     binding for global variable 'colvariables'
    cnca : OnOKinf : OnOKnames : Graphics : Onaxis : OnLeftClick.up: no
     visible binding for '<<-' assignment to 'mbval'
    cnca : OnOKinf : OnOKnames : Graphics : Onaxis : OnLeftClick.up: no
     visible binding for global variable 'mbval'
    cnca : OnOKinf : OnOKnames : Graphics : Onaxis : OnLeftClick.up: no
     visible binding for global variable 'indexClosest'
    cnca : OnOKinf : OnOKnames : Graphics : Onaxis : OnLeftClick.up: no
     visible binding for global variable 'cblugares'
    cnca : OnOKinf : OnOKnames : Graphics : Onaxis : OnLeftClick.up: no
     visible binding for '<<-' assignment to 'textos'
    cnca : OnOKinf : OnOKnames : Graphics : Onaxis : OnLeftClick.up: no
     visible binding for global variable 'textos'
    cnca : OnOKinf : OnOKnames : Graphics : Onaxis : OnLeftClick.up: no
     visible binding for global variable 'dim1'
    cnca : OnOKinf : OnOKnames : Graphics : Onaxis : OnLeftClick.up: no
     visible binding for global variable 'anteriorx'
    cnca : OnOKinf : OnOKnames : Graphics : Onaxis : OnLeftClick.up: no
     visible binding for global variable 'dim2'
    cnca : OnOKinf : OnOKnames : Graphics : Onaxis : OnLeftClick.up: no
     visible binding for global variable 'anteriory'
    cnca : OnOKinf : OnOKnames : Graphics : Onaxis : OnLeftClick.up: no
     visible binding for '<<-' assignment to 'textosr'
    cnca : OnOKinf : OnOKnames : Graphics : Onaxis : OnLeftClick.up: no
     visible binding for global variable 'textosr'
    cnca : OnOKinf : OnOKnames : Graphics : Onaxis : OnLeftClick.move: no
     visible binding for '<<-' assignment to 'xClick'
    cnca : OnOKinf : OnOKnames : Graphics : Onaxis : OnLeftClick.move: no
     visible binding for '<<-' assignment to 'yClick'
    cnca : OnOKinf : OnOKnames : Graphics : Onaxis : OnLeftClick.move: no
     visible binding for '<<-' assignment to 'width'
    cnca : OnOKinf : OnOKnames : Graphics : Onaxis : OnLeftClick.move: no
     visible binding for '<<-' assignment to 'height'
    cnca : OnOKinf : OnOKnames : Graphics : Onaxis : OnLeftClick.move: no
     visible binding for '<<-' assignment to 'xMin'
    cnca : OnOKinf : OnOKnames : Graphics : Onaxis : OnLeftClick.move: no
     visible binding for global variable 'width'
    cnca : OnOKinf : OnOKnames : Graphics : Onaxis : OnLeftClick.move: no
     visible binding for '<<-' assignment to 'xMax'
    cnca : OnOKinf : OnOKnames : Graphics : Onaxis : OnLeftClick.move: no
     visible binding for '<<-' assignment to 'yMin'
    cnca : OnOKinf : OnOKnames : Graphics : Onaxis : OnLeftClick.move: no
     visible binding for global variable 'height'
    cnca : OnOKinf : OnOKnames : Graphics : Onaxis : OnLeftClick.move: no
     visible binding for '<<-' assignment to 'yMax'
    cnca : OnOKinf : OnOKnames : Graphics : Onaxis : OnLeftClick.move: no
     visible binding for '<<-' assignment to 'rangeX'
    cnca : OnOKinf : OnOKnames : Graphics : Onaxis : OnLeftClick.move: no
     visible binding for '<<-' assignment to 'rangeY'
    cnca : OnOKinf : OnOKnames : Graphics : Onaxis : OnLeftClick.move: no
     visible binding for '<<-' assignment to 'imgXcoords'
    cnca : OnOKinf : OnOKnames : Graphics : Onaxis : OnLeftClick.move: no
     visible binding for global variable 'xCoords'
    cnca : OnOKinf : OnOKnames : Graphics : Onaxis : OnLeftClick.move: no
     visible binding for global variable 'xMax'
    cnca : OnOKinf : OnOKnames : Graphics : Onaxis : OnLeftClick.move: no
     visible binding for global variable 'xMin'
    cnca : OnOKinf : OnOKnames : Graphics : Onaxis : OnLeftClick.move: no
     visible binding for global variable 'rangeX'
    cnca : OnOKinf : OnOKnames : Graphics : Onaxis : OnLeftClick.move: no
     visible binding for '<<-' assignment to 'imgYcoords'
    cnca : OnOKinf : OnOKnames : Graphics : Onaxis : OnLeftClick.move: no
     visible binding for global variable 'yCoords'
    cnca : OnOKinf : OnOKnames : Graphics : Onaxis : OnLeftClick.move: no
     visible binding for global variable 'yMax'
    cnca : OnOKinf : OnOKnames : Graphics : Onaxis : OnLeftClick.move: no
     visible binding for global variable 'yMin'
    cnca : OnOKinf : OnOKnames : Graphics : Onaxis : OnLeftClick.move: no
     visible binding for global variable 'rangeY'
    cnca : OnOKinf : OnOKnames : Graphics : Onaxis : OnLeftClick.move: no
     visible binding for global variable 'xClick'
    cnca : OnOKinf : OnOKnames : Graphics : Onaxis : OnLeftClick.move: no
     visible binding for global variable 'yClick'
    cnca : OnOKinf : OnOKnames : Graphics : Onaxis : OnLeftClick.move: no
     visible binding for '<<-' assignment to 'xPlotCoord'
    cnca : OnOKinf : OnOKnames : Graphics : Onaxis : OnLeftClick.move: no
     visible binding for '<<-' assignment to 'yPlotCoord'
    cnca : OnOKinf : OnOKnames : Graphics : Onaxis : OnLeftClick.move: no
     visible binding for global variable 'cblugares'
    cnca : OnOKinf : OnOKnames : Graphics : Onaxis : OnLeftClick.move: no
     visible binding for '<<-' assignment to 'textos'
    cnca : OnOKinf : OnOKnames : Graphics : Onaxis : OnLeftClick.move: no
     visible binding for global variable 'textos'
    cnca : OnOKinf : OnOKnames : Graphics : Onaxis : OnLeftClick.move: no
     visible binding for global variable 'indexClosest'
    cnca : OnOKinf : OnOKnames : Graphics : Onaxis : OnLeftClick.move: no
     visible binding for global variable 'dim1'
    cnca : OnOKinf : OnOKnames : Graphics : Onaxis : OnLeftClick.move: no
     visible binding for global variable 'xPlotCoord'
    cnca : OnOKinf : OnOKnames : Graphics : Onaxis : OnLeftClick.move: no
     visible binding for global variable 'dim2'
    cnca : OnOKinf : OnOKnames : Graphics : Onaxis : OnLeftClick.move: no
     visible binding for global variable 'yPlotCoord'
    cnca : OnOKinf : OnOKnames : Graphics : Onaxis : OnLeftClick.move: no
     visible binding for '<<-' assignment to 'textosr'
    cnca : OnOKinf : OnOKnames : Graphics : Onaxis : OnLeftClick.move: no
     visible binding for global variable 'textosr'
    cnca : OnOKinf : OnOKnames : Graphics : Onaxis : OnLeftClick.down: no
     visible binding for '<<-' assignment to 'xClick'
    cnca : OnOKinf : OnOKnames : Graphics : Onaxis : OnLeftClick.down: no
     visible binding for '<<-' assignment to 'yClick'
    cnca : OnOKinf : OnOKnames : Graphics : Onaxis : OnLeftClick.down: no
     visible binding for '<<-' assignment to 'width'
    cnca : OnOKinf : OnOKnames : Graphics : Onaxis : OnLeftClick.down: no
     visible binding for '<<-' assignment to 'height'
    cnca : OnOKinf : OnOKnames : Graphics : Onaxis : OnLeftClick.down: no
     visible binding for '<<-' assignment to 'xMin'
    cnca : OnOKinf : OnOKnames : Graphics : Onaxis : OnLeftClick.down: no
     visible binding for global variable 'width'
    cnca : OnOKinf : OnOKnames : Graphics : Onaxis : OnLeftClick.down: no
     visible binding for '<<-' assignment to 'xMax'
    cnca : OnOKinf : OnOKnames : Graphics : Onaxis : OnLeftClick.down: no
     visible binding for '<<-' assignment to 'yMin'
    cnca : OnOKinf : OnOKnames : Graphics : Onaxis : OnLeftClick.down: no
     visible binding for global variable 'height'
    cnca : OnOKinf : OnOKnames : Graphics : Onaxis : OnLeftClick.down: no
     visible binding for '<<-' assignment to 'yMax'
    cnca : OnOKinf : OnOKnames : Graphics : Onaxis : OnLeftClick.down: no
     visible binding for '<<-' assignment to 'rangeX'
    cnca : OnOKinf : OnOKnames : Graphics : Onaxis : OnLeftClick.down: no
     visible binding for '<<-' assignment to 'rangeY'
    cnca : OnOKinf : OnOKnames : Graphics : Onaxis : OnLeftClick.down: no
     visible binding for '<<-' assignment to 'imgXcoords'
    cnca : OnOKinf : OnOKnames : Graphics : Onaxis : OnLeftClick.down: no
     visible binding for global variable 'xCoords'
    cnca : OnOKinf : OnOKnames : Graphics : Onaxis : OnLeftClick.down: no
     visible binding for global variable 'xMax'
    cnca : OnOKinf : OnOKnames : Graphics : Onaxis : OnLeftClick.down: no
     visible binding for global variable 'xMin'
    cnca : OnOKinf : OnOKnames : Graphics : Onaxis : OnLeftClick.down: no
     visible binding for global variable 'rangeX'
    cnca : OnOKinf : OnOKnames : Graphics : Onaxis : OnLeftClick.down: no
     visible binding for '<<-' assignment to 'imgYcoords'
    cnca : OnOKinf : OnOKnames : Graphics : Onaxis : OnLeftClick.down: no
     visible binding for global variable 'yCoords'
    cnca : OnOKinf : OnOKnames : Graphics : Onaxis : OnLeftClick.down: no
     visible binding for global variable 'yMax'
    cnca : OnOKinf : OnOKnames : Graphics : Onaxis : OnLeftClick.down: no
     visible binding for global variable 'yMin'
    cnca : OnOKinf : OnOKnames : Graphics : Onaxis : OnLeftClick.down: no
     visible binding for global variable 'rangeY'
    cnca : OnOKinf : OnOKnames : Graphics : Onaxis : OnLeftClick.down: no
     visible binding for global variable 'xClick'
    cnca : OnOKinf : OnOKnames : Graphics : Onaxis : OnLeftClick.down: no
     visible binding for global variable 'yClick'
    cnca : OnOKinf : OnOKnames : Graphics : Onaxis : OnLeftClick.down: no
     visible binding for '<<-' assignment to 'xPlotCoord'
    cnca : OnOKinf : OnOKnames : Graphics : Onaxis : OnLeftClick.down: no
     visible binding for '<<-' assignment to 'yPlotCoord'
    cnca : OnOKinf : OnOKnames : Graphics : Onaxis : OnLeftClick.down: no
     visible binding for global variable 'imgXcoords'
    cnca : OnOKinf : OnOKnames : Graphics : Onaxis : OnLeftClick.down: no
     visible binding for global variable 'imgYcoords'
    cnca : OnOKinf : OnOKnames : Graphics : Onaxis : OnLeftClick.down: no
     visible binding for '<<-' assignment to 'indexClosest'
    cnca : OnOKinf : OnOKnames : Graphics : Onaxis : OnLeftClick.down: no
     visible binding for global variable 'cblugares'
    cnca : OnOKinf : OnOKnames : Graphics : Onaxis : OnLeftClick.down: no
     visible binding for '<<-' assignment to 'anteriorx'
    cnca : OnOKinf : OnOKnames : Graphics : Onaxis : OnLeftClick.down: no
     visible binding for global variable 'textos'
    cnca : OnOKinf : OnOKnames : Graphics : Onaxis : OnLeftClick.down: no
     visible binding for global variable 'indexClosest'
    cnca : OnOKinf : OnOKnames : Graphics : Onaxis : OnLeftClick.down: no
     visible binding for global variable 'dim1'
    cnca : OnOKinf : OnOKnames : Graphics : Onaxis : OnLeftClick.down: no
     visible binding for '<<-' assignment to 'anteriory'
    cnca : OnOKinf : OnOKnames : Graphics : Onaxis : OnLeftClick.down: no
     visible binding for global variable 'dim2'
    cnca : OnOKinf : OnOKnames : Graphics : Onaxis : OnLeftClick.down: no
     visible binding for global variable 'textosr'
    cnca : OnOKinf : OnOKnames : Graphics : Onaxis : OnRightClick: no
     visible binding for '<<-' assignment to 'xClick'
    cnca : OnOKinf : OnOKnames : Graphics : Onaxis : OnRightClick: no
     visible binding for '<<-' assignment to 'yClick'
    cnca : OnOKinf : OnOKnames : Graphics : Onaxis : OnRightClick: no
     visible binding for '<<-' assignment to 'width'
    cnca : OnOKinf : OnOKnames : Graphics : Onaxis : OnRightClick: no
     visible binding for '<<-' assignment to 'height'
    cnca : OnOKinf : OnOKnames : Graphics : Onaxis : OnRightClick: no
     visible binding for '<<-' assignment to 'xMin'
    cnca : OnOKinf : OnOKnames : Graphics : Onaxis : OnRightClick: no
     visible binding for global variable 'width'
    cnca : OnOKinf : OnOKnames : Graphics : Onaxis : OnRightClick: no
     visible binding for '<<-' assignment to 'xMax'
    cnca : OnOKinf : OnOKnames : Graphics : Onaxis : OnRightClick: no
     visible binding for '<<-' assignment to 'yMin'
    cnca : OnOKinf : OnOKnames : Graphics : Onaxis : OnRightClick: no
     visible binding for global variable 'height'
    cnca : OnOKinf : OnOKnames : Graphics : Onaxis : OnRightClick: no
     visible binding for '<<-' assignment to 'yMax'
    cnca : OnOKinf : OnOKnames : Graphics : Onaxis : OnRightClick: no
     visible binding for '<<-' assignment to 'rangeX'
    cnca : OnOKinf : OnOKnames : Graphics : Onaxis : OnRightClick: no
     visible binding for '<<-' assignment to 'rangeY'
    cnca : OnOKinf : OnOKnames : Graphics : Onaxis : OnRightClick: no
     visible binding for '<<-' assignment to 'imgXcoords'
    cnca : OnOKinf : OnOKnames : Graphics : Onaxis : OnRightClick: no
     visible binding for global variable 'xCoords'
    cnca : OnOKinf : OnOKnames : Graphics : Onaxis : OnRightClick: no
     visible binding for global variable 'xMax'
    cnca : OnOKinf : OnOKnames : Graphics : Onaxis : OnRightClick: no
     visible binding for global variable 'xMin'
    cnca : OnOKinf : OnOKnames : Graphics : Onaxis : OnRightClick: no
     visible binding for global variable 'rangeX'
    cnca : OnOKinf : OnOKnames : Graphics : Onaxis : OnRightClick: no
     visible binding for '<<-' assignment to 'imgYcoords'
    cnca : OnOKinf : OnOKnames : Graphics : Onaxis : OnRightClick: no
     visible binding for global variable 'yCoords'
    cnca : OnOKinf : OnOKnames : Graphics : Onaxis : OnRightClick: no
     visible binding for global variable 'yMax'
    cnca : OnOKinf : OnOKnames : Graphics : Onaxis : OnRightClick: no
     visible binding for global variable 'yMin'
    cnca : OnOKinf : OnOKnames : Graphics : Onaxis : OnRightClick: no
     visible binding for global variable 'rangeY'
    cnca : OnOKinf : OnOKnames : Graphics : Onaxis : OnRightClick: no
     visible binding for global variable 'xClick'
    cnca : OnOKinf : OnOKnames : Graphics : Onaxis : OnRightClick: no
     visible binding for global variable 'yClick'
    cnca : OnOKinf : OnOKnames : Graphics : Onaxis : OnRightClick: no
     visible binding for '<<-' assignment to 'xPlotCoord'
    cnca : OnOKinf : OnOKnames : Graphics : Onaxis : OnRightClick: no
     visible binding for '<<-' assignment to 'yPlotCoord'
    cnca : OnOKinf : OnOKnames : Graphics : Onaxis : OnRightClick: no
     visible binding for global variable 'imgXcoords'
    cnca : OnOKinf : OnOKnames : Graphics : Onaxis : OnRightClick: no
     visible binding for global variable 'imgYcoords'
    cnca : OnOKinf : OnOKnames: no visible binding for global variable
     'colvariables'
    cnca : OnOKinf : OnOKnames : ChangeColorv: no visible binding for
     global variable 'colvariables'
    cnca : OnOKinf : OnOKnames : ChangeColorv: no visible binding for '<<-'
     assignment to 'colvariables'
    cnca : OnOKinf : OnOKnames : OnOKlv: no visible binding for '<<-'
     assignment to 'textvariables'
    cnca : OnOKinf : OnOKnames : OnOKlv: no visible binding for global
     variable 'textvariables'
    cnca : OnOKinf : OnOKnames : OnOKlv: no visible binding for global
     variable 'dimvambien'
    cnca : OnOKinf : OnOKnames: no visible binding for global variable
     'cexvariables'
    cnca : OnOKinf : OnOKnames : OnOKcv: no visible binding for '<<-'
     assignment to 'cexvariables'
    cnca : OnOKinf : OnOKnames : OnOKcv: no visible binding for global
     variable 'cexvariables'
    cnca : OnOKinf : OnOKnames: no visible binding for global variable
     'Namesit'
    cnca : OnOKinf : OnOKnames: no visible binding for global variable
     'textlugares'
    cnca : OnOKinf : OnOKnames : OnOKl: no visible binding for '<<-'
     assignment to 'Choicel'
    cnca : OnOKinf : OnOKnames : OnOKl: no visible binding for global
     variable 'textespecies'
    cnca : OnOKinf : OnOKnames : OnOKl: no visible binding for global
     variable 'collugares'
    cnca : OnOKinf : OnOKnames : OnOKl: no visible binding for global
     variable 'textlugares'
    cnca : OnOKinf : OnOKnames : OnOKl: no visible binding for global
     variable 'simlugares'
    cnca : OnOKinf : OnOKnames : OnOKl: no visible binding for global
     variable 'cexlugares'
    cnca : OnOKinf : OnOKnames: no visible binding for global variable
     'collugares'
    cnca : OnOKinf : OnOKnames : ChangeColorl: no visible binding for
     global variable 'collugares'
    cnca : OnOKinf : OnOKnames : ChangeColorl: no visible binding for '<<-'
     assignment to 'collugares'
    cnca : OnOKinf : OnOKnames : OnOKll: no visible binding for '<<-'
     assignment to 'textlugares'
    cnca : OnOKinf : OnOKnames : OnOKll: no visible binding for global
     variable 'textlugares'
    cnca : OnOKinf : OnOKnames : OnOKll: no visible binding for global
     variable 'dimespec'
    cnca : OnOKinf : OnOKnames: no visible binding for global variable
     'cexlugares'
    cnca : OnOKinf : OnOKnames : OnOKcl: no visible binding for '<<-'
     assignment to 'Namecexl'
    cnca : OnOKinf : OnOKnames : OnOKcl: no visible binding for '<<-'
     assignment to 'cexlugares'
    cnca : OnOKinf : OnOKnames : OnOKcl: no visible binding for global
     variable 'cexlugares'
    cnca : OnOKinf : OnOKnames : chang.syml: no visible binding for '<<-'
     assignment to 'simChoicel'
    cnca : OnOKinf : OnOKnames : chang.syml: no visible binding for '<<-'
     assignment to 'simlugares'
    cnca : OnOKinf : OnOKnames : chang.syml: no visible binding for global
     variable 'simlugares'
    cnca : OnOKinf : OnOKnames : chang.syml: no visible binding for global
     variable 'simChoicel'
Flavors: r-devel-windows-ix86+x86_64, r-release-osx-x86_64-mavericks, r-release-windows-ix86+x86_64, r-oldrel-windows-ix86+x86_64