CRAN Package Check Results for Package complmrob

Last updated on 2014-11-24 23:47:00.

Flavor Version Tinstall Tcheck Ttotal Status Flags
r-devel-linux-x86_64-debian-clang 0.5.5 2.04 25.08 27.12 OK
r-devel-linux-x86_64-debian-gcc 0.5.5 1.86 25.32 27.19 OK
r-devel-linux-x86_64-fedora-clang 0.5.5 55.17 OK
r-devel-linux-x86_64-fedora-gcc 0.5.5 50.78 OK
r-devel-osx-x86_64-clang 0.5.5 52.47 OK
r-devel-windows-ix86+x86_64 0.5.5 7.00 42.00 49.00 OK
r-patched-linux-x86_64 0.5.5 1.90 25.27 27.17 OK
r-patched-solaris-sparc 0.5.5 280.80 OK
r-patched-solaris-x86 0.5.5 71.30 OK
r-release-linux-ix86 0.5.5 2.36 32.06 34.43 OK
r-release-linux-x86_64 0.5.5 2.04 25.83 27.88 OK
r-release-osx-x86_64-mavericks 0.5.5 OK
r-release-osx-x86_64-snowleopard 0.5.5 OK
r-release-windows-ix86+x86_64 0.5.5 7.00 47.00 54.00 OK
r-oldrel-windows-ix86+x86_64 0.5.5 7.00 47.00 54.00 NOTE

Check Details

Version: 0.5.5
Check: R code for possible problems
Result: NOTE
    bootStatFastControl : lmwfit: no visible global function definition for
     '.lm.fit'
Flavor: r-oldrel-windows-ix86+x86_64