Last updated on 2014-11-24 23:47:01.
Flavor | Version | Tinstall | Tcheck | Ttotal | Status | Flags |
---|---|---|---|---|---|---|
r-devel-linux-x86_64-debian-clang | 1.0 | 0.92 | 13.51 | 14.43 | NOTE | |
r-devel-linux-x86_64-debian-gcc | 1.0 | 0.90 | 13.17 | 14.07 | NOTE | |
r-devel-linux-x86_64-fedora-clang | 1.0 | 30.40 | NOTE | |||
r-devel-linux-x86_64-fedora-gcc | 1.0 | 28.78 | NOTE | |||
r-devel-osx-x86_64-clang | 1.0 | 33.93 | NOTE | |||
r-devel-windows-ix86+x86_64 | 1.0 | 3.00 | 21.00 | 24.00 | NOTE | |
r-patched-linux-x86_64 | 1.0 | 0.92 | 13.46 | 14.38 | NOTE | |
r-patched-solaris-sparc | 1.0 | 173.80 | NOTE | |||
r-patched-solaris-x86 | 1.0 | 43.20 | NOTE | |||
r-release-linux-ix86 | 1.0 | 1.17 | 19.31 | 20.48 | NOTE | |
r-release-linux-x86_64 | 1.0 | 0.94 | 13.47 | 14.41 | NOTE | |
r-release-osx-x86_64-mavericks | 1.0 | NOTE | ||||
r-release-osx-x86_64-snowleopard | 1.0 | NOTE | ||||
r-release-windows-ix86+x86_64 | 1.0 | 3.00 | 22.00 | 25.00 | NOTE | |
r-oldrel-windows-ix86+x86_64 | 1.0 | 3.00 | 23.00 | 26.00 | NOTE |
Version: 1.0
Check: dependencies in R code
Result: NOTE
Namespace in Imports field not imported from: ‘methods’
All declared Imports should be used.
See the information on DESCRIPTION files in the chapter ‘Creating R
packages’ of the ‘Writing R Extensions’ manual.
Flavors: r-devel-linux-x86_64-debian-clang, r-devel-linux-x86_64-debian-gcc, r-devel-linux-x86_64-fedora-clang, r-devel-linux-x86_64-fedora-gcc, r-devel-osx-x86_64-clang, r-devel-windows-ix86+x86_64, r-patched-linux-x86_64, r-patched-solaris-sparc, r-patched-solaris-x86, r-release-linux-ix86, r-release-linux-x86_64, r-release-osx-x86_64-mavericks, r-release-osx-x86_64-snowleopard, r-release-windows-ix86+x86_64, r-oldrel-windows-ix86+x86_64
Version: 1.0
Check: R code for possible problems
Result: NOTE
cxxfunctionplus: no visible global function definition for ‘getPlugin’
cxxfunctionplus: no visible global function definition for
‘cxxfunction’
Flavors: r-devel-linux-x86_64-debian-clang, r-devel-linux-x86_64-debian-gcc, r-devel-linux-x86_64-fedora-clang, r-devel-linux-x86_64-fedora-gcc, r-devel-osx-x86_64-clang, r-devel-windows-ix86+x86_64, r-patched-linux-x86_64, r-patched-solaris-sparc, r-patched-solaris-x86, r-release-linux-ix86, r-release-linux-x86_64, r-release-windows-ix86+x86_64