Last updated on 2014-11-24 23:47:02.
Flavor | Version | Tinstall | Tcheck | Ttotal | Status | Flags |
---|---|---|---|---|---|---|
r-devel-linux-x86_64-debian-clang | 1.0 | 0.62 | 11.05 | 11.66 | NOTE | |
r-devel-linux-x86_64-debian-gcc | 1.0 | 0.60 | 10.49 | 11.10 | NOTE | |
r-devel-linux-x86_64-fedora-clang | 1.0 | 23.10 | NOTE | |||
r-devel-linux-x86_64-fedora-gcc | 1.0 | 21.17 | NOTE | |||
r-devel-osx-x86_64-clang | 1.0 | 26.30 | NOTE | |||
r-devel-windows-ix86+x86_64 | 1.0 | 2.00 | 18.00 | 20.00 | NOTE | |
r-patched-linux-x86_64 | 1.0 | 0.60 | 10.66 | 11.26 | NOTE | |
r-patched-solaris-sparc | 1.0 | 123.50 | NOTE | |||
r-patched-solaris-x86 | 1.0 | 34.50 | NOTE | |||
r-release-linux-ix86 | 1.0 | 0.90 | 16.83 | 17.73 | NOTE | |
r-release-linux-x86_64 | 1.0 | 0.60 | 10.75 | 11.35 | NOTE | |
r-release-osx-x86_64-mavericks | 1.0 | OK | ||||
r-release-windows-ix86+x86_64 | 1.0 | 2.00 | 19.00 | 21.00 | NOTE | |
r-oldrel-windows-ix86+x86_64 | 1.0 | 2.00 | 17.00 | 19.00 | OK |
Version: 1.0
Check: R code for possible problems
Result: NOTE
directPA: no visible global function definition for ‘plot3d’
directPA: no visible global function definition for ‘abclines3d’
Flavors: r-devel-linux-x86_64-debian-clang, r-devel-linux-x86_64-debian-gcc, r-devel-linux-x86_64-fedora-clang, r-devel-linux-x86_64-fedora-gcc, r-devel-osx-x86_64-clang, r-devel-windows-ix86+x86_64, r-patched-linux-x86_64, r-patched-solaris-sparc, r-patched-solaris-x86, r-release-linux-ix86, r-release-linux-x86_64, r-release-windows-ix86+x86_64