Last updated on 2014-11-24 23:47:02.
Flavor | Version | Tinstall | Tcheck | Ttotal | Status | Flags |
---|---|---|---|---|---|---|
r-devel-linux-x86_64-debian-clang | 1.2-0 | 12.90 | 47.94 | 60.84 | NOTE | |
r-devel-linux-x86_64-debian-gcc | 1.2-0 | 14.51 | 47.21 | 61.72 | NOTE | |
r-devel-linux-x86_64-fedora-clang | 1.2-0 | 121.17 | NOTE | |||
r-devel-linux-x86_64-fedora-gcc | 1.2-0 | 111.34 | NOTE | |||
r-devel-osx-x86_64-clang | 1.2-0 | 108.23 | NOTE | |||
r-devel-windows-ix86+x86_64 | 1.2-0 | 52.00 | 81.00 | 133.00 | NOTE | |
r-patched-linux-x86_64 | 1.2-0 | 15.67 | 50.02 | 65.70 | NOTE | |
r-patched-solaris-sparc | 1.2-0 | 693.20 | NOTE | |||
r-patched-solaris-x86 | 1.2-0 | 166.20 | NOTE | |||
r-release-linux-ix86 | 1.2-0 | 19.47 | 60.26 | 79.73 | NOTE | |
r-release-linux-x86_64 | 1.2-0 | 14.61 | 49.17 | 63.78 | NOTE | |
r-release-osx-x86_64-mavericks | 1.2-0 | ERROR | ||||
r-release-osx-x86_64-snowleopard | 1.2-0 | OK | ||||
r-release-windows-ix86+x86_64 | 1.2-0 | 54.00 | 86.00 | 140.00 | NOTE | |
r-oldrel-windows-ix86+x86_64 | 1.2-0 | 55.00 | 89.00 | 144.00 | OK |
Version: 1.2-0
Check: R code for possible problems
Result: NOTE
dwi.smooth.testprop: no visible binding for global variable ‘optgrad’
pdkiQP: no visible global function definition for ‘solve.QP’
showFAColorScale: no visible binding for global variable ‘colqFA’
Flavors: r-devel-linux-x86_64-debian-clang, r-devel-linux-x86_64-debian-gcc, r-devel-linux-x86_64-fedora-clang, r-devel-linux-x86_64-fedora-gcc, r-devel-osx-x86_64-clang, r-devel-windows-ix86+x86_64, r-patched-linux-x86_64, r-patched-solaris-sparc, r-patched-solaris-x86, r-release-linux-ix86, r-release-linux-x86_64, r-release-windows-ix86+x86_64
Version: 1.2-0
Check: package dependencies
Result: ERROR
Package required but not available: ‘gsl’
See the information on DESCRIPTION files in the chapter ‘Creating R
packages’ of the ‘Writing R Extensions’ manual.
Flavor: r-release-osx-x86_64-mavericks