Last updated on 2014-11-24 23:47:02.
Flavor | Version | Tinstall | Tcheck | Ttotal | Status | Flags |
---|---|---|---|---|---|---|
r-devel-linux-x86_64-debian-clang | 0.2 | 0.64 | 13.59 | 14.22 | NOTE | |
r-devel-linux-x86_64-debian-gcc | 0.2 | 0.59 | 12.89 | 13.48 | NOTE | |
r-devel-linux-x86_64-fedora-clang | 0.2 | 27.43 | NOTE | |||
r-devel-linux-x86_64-fedora-gcc | 0.2 | 26.29 | NOTE | |||
r-devel-osx-x86_64-clang | 0.2 | 28.24 | OK | |||
r-devel-windows-ix86+x86_64 | 0.2 | 2.00 | 20.00 | 22.00 | OK | |
r-patched-linux-x86_64 | 0.2 | 0.61 | 12.98 | 13.59 | NOTE | |
r-patched-solaris-sparc | 0.2 | 152.50 | OK | |||
r-patched-solaris-x86 | 0.2 | 36.30 | OK | |||
r-release-linux-ix86 | 0.2 | 0.93 | 18.40 | 19.33 | OK | |
r-release-linux-x86_64 | 0.2 | 0.60 | 13.10 | 13.71 | NOTE | |
r-release-osx-x86_64-mavericks | 0.2 | OK | ||||
r-release-windows-ix86+x86_64 | 0.2 | 2.00 | 24.00 | 26.00 | OK | |
r-oldrel-windows-ix86+x86_64 | 0.2 | 2.00 | 20.00 | 22.00 | OK |
Version: 0.2
Check: Rd line widths
Result: NOTE
Rd file 'eco.Rd':
\examples lines wider than 100 characters:
sim1 <- sim.eco(N, ctx=~deprivation+mean.income, binary=~nonwhite+smoke, data = sim.df, mu=mu, alpha.c=alpha.c, alpha=alpha)
sim2 <- sim.eco(N, ctx=~deprivation+mean.income, binary=~nonwhite+smoke, data = sim.df, mu=mu, alpha.c=alpha.c, alpha=alpha, isam=7)
sim1 <- sim.eco(N, ctx=~deprivation+mean.income, binary=~nonwhite+smoke, data = sim.df, mu=mu, alpha.c=alpha.c, alpha=alpha)
sim2 <- sim.eco(N, ctx=~deprivation+mean.income, binary=~nonwhite+smoke, data = sim.df, mu=mu, alpha.c=alpha.c, alpha=alpha, isam=10)
Rd file 'sim.eco.Rd':
\examples lines wider than 100 characters:
sim.eco(N, ctx = ~ deprivation + mean.income, binary = ~ nonwhite + smoke, data=sim.df, mu=mu, alpha.c=alpha.c, alpha=alpha)
sim.eco(N, ctx = ~ deprivation + mean.income, binary = ~ nonwhite + smoke, data=sim.df, mu=mu, alpha.c=alpha.c, alpha=alpha, isam=3)
These lines will be truncated in the PDF manual.
Flavors: r-devel-linux-x86_64-debian-clang, r-devel-linux-x86_64-debian-gcc, r-devel-linux-x86_64-fedora-clang, r-devel-linux-x86_64-fedora-gcc, r-patched-linux-x86_64, r-release-linux-x86_64