CRAN Package Check Results for Package eiPack

Last updated on 2014-11-24 23:47:02.

Flavor Version Tinstall Tcheck Ttotal Status Flags
r-devel-linux-x86_64-debian-clang 0.1-7 4.58 41.26 45.84 NOTE
r-devel-linux-x86_64-debian-gcc 0.1-7 4.93 39.60 44.52 NOTE
r-devel-linux-x86_64-fedora-clang 0.1-7 104.26 NOTE
r-devel-linux-x86_64-fedora-gcc 0.1-7 99.06 NOTE
r-devel-osx-x86_64-clang 0.1-7 89.53 NOTE
r-devel-windows-ix86+x86_64 0.1-7 16.00 74.00 90.00 NOTE
r-patched-linux-x86_64 0.1-7 6.21 42.20 48.41 NOTE
r-patched-solaris-sparc 0.1-7 576.50 NOTE
r-patched-solaris-x86 0.1-7 133.80 NOTE
r-release-linux-ix86 0.1-7 6.06 50.06 56.12 NOTE
r-release-linux-x86_64 0.1-7 5.98 42.79 48.77 NOTE
r-release-osx-x86_64-mavericks 0.1-7 NOTE
r-release-windows-ix86+x86_64 0.1-7 19.00 76.00 95.00 NOTE
r-oldrel-windows-ix86+x86_64 0.1-7 17.00 72.00 89.00 NOTE

Check Details

Version: 0.1-7
Check: top-level files
Result: NOTE
    File
     LICENSE
    is not mentioned in the DESCRIPTION file.
Flavors: r-devel-linux-x86_64-debian-clang, r-devel-linux-x86_64-debian-gcc, r-devel-linux-x86_64-fedora-clang, r-devel-linux-x86_64-fedora-gcc, r-devel-osx-x86_64-clang, r-devel-windows-ix86+x86_64, r-patched-linux-x86_64, r-patched-solaris-sparc, r-patched-solaris-x86, r-release-linux-ix86, r-release-linux-x86_64, r-release-osx-x86_64-mavericks, r-release-windows-ix86+x86_64, r-oldrel-windows-ix86+x86_64

Version: 0.1-7
Check: dependencies in R code
Result: NOTE
    Packages in Depends field not imported from:
     ‘MASS’ ‘coda’ ‘msm’
     These packages need to be imported from (in the NAMESPACE file)
     for when this namespace is loaded but not attached.
    See the information on DESCRIPTION files in the chapter ‘Creating R
    packages’ of the ‘Writing R Extensions’ manual.
Flavors: r-devel-linux-x86_64-debian-clang, r-devel-linux-x86_64-debian-gcc, r-devel-linux-x86_64-fedora-clang, r-devel-linux-x86_64-fedora-gcc, r-devel-osx-x86_64-clang, r-devel-windows-ix86+x86_64, r-patched-linux-x86_64, r-patched-solaris-sparc, r-patched-solaris-x86, r-release-linux-ix86, r-release-linux-x86_64, r-release-osx-x86_64-mavericks, r-release-windows-ix86+x86_64, r-oldrel-windows-ix86+x86_64

Version: 0.1-7
Check: R code for possible problems
Result: NOTE
    ei.MD.bayes: warning in BayesMDei2(formula, data, total = total,
     lambda1 = lambda1, lambda2 = lambda2, tune.alpha = tune.alpha,
     tune.beta = tune.beta, start.alpha = start.alphas, start.betas =
     start.betas, sample = sample, thin = thin, burnin = burnin, verbose =
     verbose, ret.beta = ret.beta, ret.mcmc = ret.mcmc, usrfun = usrfun):
     partial argument match of ‘start.alpha’ to ‘start.alphas’
    tuneMD: warning in ei.MD.bayes(formula, covariate = covariate, data =
     data, sample = sample, thin = thin, burnin = burnin, tune = tl, ...):
     partial argument match of ‘tune’ to ‘tune.list’
    bayes.regress : truncMVRnorm: no visible global function definition for
     ‘mvrnorm’
    bayes.regress: no visible binding for global variable ‘mvrnorm’
    cover.plot: no visible global function definition for ‘is.mcmc’
    density.plot.lambdaMD: no visible global function definition for
     ‘is.mcmc’
    density.plot.lambdaRegBayes: no visible global function definition for
     ‘is.mcmc’
    lambda.MD: no visible global function definition for ‘is.mcmc’
    lambda.MD: no visible global function definition for ‘mcpar’
    mergeMD: no visible global function definition for ‘mcmc’
    print.eiMD: no visible global function definition for ‘is.mcmc’
    read.betas: no visible global function definition for ‘as.mcmc’
    summary.eiMD: no visible global function definition for ‘is.mcmc’
    summary.lambdaRegBayes: no visible global function definition for
     ‘is.mcmc’
Flavors: r-devel-linux-x86_64-debian-clang, r-devel-linux-x86_64-debian-gcc, r-devel-linux-x86_64-fedora-clang, r-devel-linux-x86_64-fedora-gcc, r-devel-osx-x86_64-clang, r-devel-windows-ix86+x86_64, r-patched-linux-x86_64, r-patched-solaris-sparc, r-patched-solaris-x86, r-release-linux-ix86, r-release-linux-x86_64, r-release-windows-ix86+x86_64

Version: 0.1-7
Check: Rd \usage sections
Result: NOTE
    S3 methods shown with full name in documentation object 'density.plot':
     ‘density.plot’
    
    S3 methods shown with full name in documentation object 'plot.bounds':
     ‘plot.bounds’
    
    The \usage entries for S3 methods should use the \method markup and not
    their full name.
    See the chapter ‘Writing R documentation files’ in the ‘Writing R
    Extensions’ manual.
Flavors: r-devel-linux-x86_64-debian-clang, r-devel-linux-x86_64-debian-gcc, r-devel-linux-x86_64-fedora-clang, r-devel-linux-x86_64-fedora-gcc, r-devel-osx-x86_64-clang, r-devel-windows-ix86+x86_64, r-patched-linux-x86_64, r-patched-solaris-sparc, r-patched-solaris-x86, r-release-linux-ix86, r-release-linux-x86_64, r-release-osx-x86_64-mavericks, r-release-windows-ix86+x86_64, r-oldrel-windows-ix86+x86_64

Version: 0.1-7
Check: R code for possible problems
Result: NOTE
    ei.MD.bayes: warning in BayesMDei2(formula, data, total = total,
     lambda1 = lambda1, lambda2 = lambda2, tune.alpha = tune.alpha,
     tune.beta = tune.beta, start.alpha = start.alphas, start.betas =
     start.betas, sample = sample, thin = thin, burnin = burnin, verbose =
     verbose, ret.beta = ret.beta, ret.mcmc = ret.mcmc, usrfun = usrfun):
     partial argument match of 'start.alpha' to 'start.alphas'
    tuneMD: warning in ei.MD.bayes(formula, covariate = covariate, data =
     data, sample = sample, thin = thin, burnin = burnin, tune = tl, ...):
     partial argument match of 'tune' to 'tune.list'
Flavors: r-release-osx-x86_64-mavericks, r-oldrel-windows-ix86+x86_64