CRAN Package Check Results for Package fNonlinear

Last updated on 2014-11-24 23:47:04.

Flavor Version Tinstall Tcheck Ttotal Status Flags
r-devel-linux-x86_64-debian-clang 3010.78 3.13 54.68 57.82 OK
r-devel-linux-x86_64-debian-gcc 3010.78 3.29 51.79 55.08 OK
r-devel-linux-x86_64-fedora-clang 3010.78 127.08 OK
r-devel-linux-x86_64-fedora-gcc 3010.78 119.70 OK
r-devel-osx-x86_64-clang 3010.78 105.42 OK
r-devel-windows-ix86+x86_64 3010.78 10.00 115.00 125.00 OK
r-patched-linux-x86_64 3010.78 3.37 58.33 61.70 OK
r-patched-solaris-sparc 3010.78 839.90 OK
r-patched-solaris-x86 3010.78 156.40 OK
r-release-linux-ix86 3010.78 4.41 69.19 73.60 OK
r-release-linux-x86_64 3010.78 3.58 57.68 61.26 OK
r-release-osx-x86_64-mavericks 3010.78 OK
r-release-osx-x86_64-snowleopard 3010.78 ERROR
r-release-windows-ix86+x86_64 3010.78 12.00 132.00 144.00 OK
r-oldrel-windows-ix86+x86_64 3010.78 11.00 131.00 142.00 OK

Check Details

Version: 3010.78
Check: whether package can be installed
Result: ERROR
    Installation failed.
Flavor: r-release-osx-x86_64-snowleopard