Last updated on 2014-11-24 23:47:03.
Flavor | Version | Tinstall | Tcheck | Ttotal | Status | Flags |
---|---|---|---|---|---|---|
r-devel-linux-x86_64-debian-clang | 2.4.3 | 6.07 | 123.35 | 129.42 | NOTE | |
r-devel-linux-x86_64-debian-gcc | 2.4.3 | 5.86 | 121.06 | 126.92 | NOTE | |
r-devel-linux-x86_64-fedora-clang | 2.4.3 | 278.36 | NOTE | |||
r-devel-linux-x86_64-fedora-gcc | 2.4.3 | 259.24 | NOTE | |||
r-devel-osx-x86_64-clang | 2.4.3 | 228.73 | NOTE | |||
r-devel-windows-ix86+x86_64 | 2.4.3 | 16.00 | 166.00 | 182.00 | NOTE | |
r-patched-linux-x86_64 | 2.4.3 | 6.08 | 131.20 | 137.28 | NOTE | |
r-patched-solaris-sparc | 2.4.3 | 1148.30 | NOTE | --no-examples | ||
r-patched-solaris-x86 | 2.4.3 | 335.70 | NOTE | |||
r-release-linux-ix86 | 2.4.3 | 7.32 | 150.27 | 157.59 | NOTE | |
r-release-linux-x86_64 | 2.4.3 | 6.19 | 129.96 | 136.15 | NOTE | |
r-release-osx-x86_64-mavericks | 2.4.3 | OK | ||||
r-release-osx-x86_64-snowleopard | 2.4.3 | OK | ||||
r-release-windows-ix86+x86_64 | 2.4.3 | 15.00 | 179.00 | 194.00 | NOTE | |
r-oldrel-windows-ix86+x86_64 | 2.4.3 | 12.00 | 174.00 | 186.00 | OK |
Version: 2.4.3
Check: dependencies in R code
Result: NOTE
Package in Depends field not imported from: ‘splines’
These packages need to be imported from (in the NAMESPACE file)
for when this namespace is loaded but not attached.
See the information on DESCRIPTION files in the chapter ‘Creating R
packages’ of the ‘Writing R Extensions’ manual.
Flavors: r-devel-linux-x86_64-debian-clang, r-devel-linux-x86_64-debian-gcc, r-devel-linux-x86_64-fedora-clang, r-devel-linux-x86_64-fedora-gcc, r-devel-osx-x86_64-clang, r-devel-windows-ix86+x86_64, r-patched-linux-x86_64, r-patched-solaris-x86, r-release-linux-ix86, r-release-linux-x86_64, r-release-windows-ix86+x86_64
Version: 2.4.3
Check: R code for possible problems
Result: NOTE
axesIntervals: no visible binding for global variable ‘monthBegin.5’
axesIntervals: no visible binding for global variable ‘monthEnd.5’
axesIntervals: no visible binding for global variable ‘monthMid’
axisIntervals: no visible binding for global variable ‘monthBegin.5’
axisIntervals: no visible binding for global variable ‘monthEnd.5’
axisIntervals: no visible binding for global variable ‘monthMid’
bsplineS: no visible global function definition for ‘spline.des’
phaseplanePlot: no visible binding for global variable ‘monthLetters’
polyg: no visible global function definition for ‘spline.des’
readHMD: no visible global function definition for ‘getURL’
Flavors: r-devel-linux-x86_64-debian-clang, r-devel-linux-x86_64-debian-gcc, r-devel-linux-x86_64-fedora-clang, r-devel-linux-x86_64-fedora-gcc, r-devel-osx-x86_64-clang, r-devel-windows-ix86+x86_64, r-patched-linux-x86_64, r-patched-solaris-x86, r-release-linux-ix86, r-release-linux-x86_64, r-release-windows-ix86+x86_64
Version: 2.4.3
Flags: --no-examples
Check: dependencies in R code
Result: NOTE
Package in Depends field not imported from: ‘splines’
These packages need to be imported from (in the NAMESPACE file)
for when this namespace is loaded but not attached.
See the information on DESCRIPTION files in the chapter ‘Creating R
packages’ of the ‘Writing R Extensions’ manual.
Flavor: r-patched-solaris-sparc
Version: 2.4.3
Flags: --no-examples
Check: R code for possible problems
Result: NOTE
axesIntervals: no visible binding for global variable ‘monthBegin.5’
axesIntervals: no visible binding for global variable ‘monthEnd.5’
axesIntervals: no visible binding for global variable ‘monthMid’
axisIntervals: no visible binding for global variable ‘monthBegin.5’
axisIntervals: no visible binding for global variable ‘monthEnd.5’
axisIntervals: no visible binding for global variable ‘monthMid’
bsplineS: no visible global function definition for ‘spline.des’
phaseplanePlot: no visible binding for global variable ‘monthLetters’
polyg: no visible global function definition for ‘spline.des’
readHMD: no visible global function definition for ‘getURL’
Flavor: r-patched-solaris-sparc