Last updated on 2014-11-24 23:47:04.
Flavor | Version | Tinstall | Tcheck | Ttotal | Status | Flags |
---|---|---|---|---|---|---|
r-devel-linux-x86_64-debian-clang | 1.4.2 | 0.75 | 138.36 | 139.11 | OK | |
r-devel-linux-x86_64-debian-gcc | 1.4.2 | 0.87 | 137.98 | 138.85 | OK | |
r-devel-linux-x86_64-fedora-clang | 1.4.2 | 38.94 | OK | |||
r-devel-linux-x86_64-fedora-gcc | 1.4.2 | 36.55 | OK | |||
r-devel-osx-x86_64-clang | 1.4.2 | 161.81 | OK | |||
r-devel-windows-ix86+x86_64 | 1.4.2 | 3.00 | 154.00 | 157.00 | NOTE | |
r-patched-linux-x86_64 | 1.4.2 | 0.76 | 138.64 | 139.40 | OK | |
r-patched-solaris-sparc | 1.4.2 | 204.70 | OK | |||
r-patched-solaris-x86 | 1.4.2 | 50.90 | OK | |||
r-release-linux-ix86 | 1.4.2 | 1.14 | 146.15 | 147.29 | OK | |
r-release-linux-x86_64 | 1.4.2 | 0.77 | 138.88 | 139.65 | OK | |
r-release-osx-x86_64-mavericks | 1.4.2 | OK | ||||
r-release-osx-x86_64-snowleopard | 1.4.2 | OK | ||||
r-release-windows-ix86+x86_64 | 1.4.2 | 3.00 | 156.00 | 159.00 | NOTE | |
r-oldrel-windows-ix86+x86_64 | 1.4.2 | 3.00 | 155.00 | 158.00 | NOTE |
Version: 1.4.2
Check: package dependencies
Result: NOTE
Package which this enhances but not available for checking: 'doMC'
Flavors: r-devel-windows-ix86+x86_64, r-release-windows-ix86+x86_64, r-oldrel-windows-ix86+x86_64